{"id":7728,"date":"2022-05-06T18:20:23","date_gmt":"2022-05-06T18:20:23","guid":{"rendered":"http:\/\/www.cidasc.sc.gov.br\/inspecao\/?page_id=7728"},"modified":"2026-03-11T12:59:19","modified_gmt":"2026-03-11T12:59:19","slug":"capacitacoes","status":"publish","type":"page","link":"https:\/\/www.cidasc.sc.gov.br\/inspecao\/capacitacoes\/","title":{"rendered":"Capacita\u00e7\u00f5es"},"content":{"rendered":"<p><a href=\"http:\/\/www.cidasc.sc.gov.br\/inspecao\/files\/2022\/05\/desenhos-para-o-site.jpg\"><img loading=\"lazy\" decoding=\"async\" class=\"aligncenter wp-image-7825 \" src=\"http:\/\/www.cidasc.sc.gov.br\/inspecao\/files\/2022\/05\/desenhos-para-o-site-300x31.jpg\" alt=\"\" width=\"754\" height=\"78\" srcset=\"https:\/\/www.cidasc.sc.gov.br\/inspecao\/files\/2022\/05\/desenhos-para-o-site-300x31.jpg 300w, https:\/\/www.cidasc.sc.gov.br\/inspecao\/files\/2022\/05\/desenhos-para-o-site-1024x105.jpg 1024w, https:\/\/www.cidasc.sc.gov.br\/inspecao\/files\/2022\/05\/desenhos-para-o-site-768x78.jpg 768w, https:\/\/www.cidasc.sc.gov.br\/inspecao\/files\/2022\/05\/desenhos-para-o-site-222x23.jpg 222w, https:\/\/www.cidasc.sc.gov.br\/inspecao\/files\/2022\/05\/desenhos-para-o-site-100x10.jpg 100w, https:\/\/www.cidasc.sc.gov.br\/inspecao\/files\/2022\/05\/desenhos-para-o-site.jpg 1156w\" sizes=\"auto, (max-width: 754px) 100vw, 754px\" \/><\/a><\/p>\n<p style=\"text-align: justify\"><span style=\"font-weight: 400\">O DEINP promove a disponibiliza\u00e7\u00e3o de cursos gratuitos de capacita\u00e7\u00e3o <\/span><i><span style=\"font-weight: 400\">online<\/span><\/i><span style=\"font-weight: 400\"> atrav\u00e9s da plataforma ENAVIRTUAL.\u00a0<\/span><\/p>\n<p style=\"text-align: justify\"><span style=\"font-weight: 400\">Atrav\u00e9s do projeto\u00a0de\u00a0<\/span><b>CAPACITA\u00c7\u00c3O ONLINE EM INSPE\u00c7\u00c3O DE PRODUTOS DE ORIGEM ANIMAL DA COMPANHIA INTEGRADA DE DESENVOLVIMENTO AGR\u00cdCOLA DE SANTA CATARINA \u2013 CIDASC, <\/b><span style=\"font-weight: 400\">busca-se <\/span><span style=\"font-weight: 400\">a atualiza\u00e7\u00e3o continuada dos profissionais que atuam no servi\u00e7o de inspe\u00e7\u00e3o e nas agroind\u00fastrias sobre os procedimentos de inspe\u00e7\u00e3o dos produtos de origem animal, visando a presta\u00e7\u00e3o de servi\u00e7o cada vez mais preciso, objetivo e eficaz. Al\u00e9m disso, a disponibiliza\u00e7\u00e3o dos cursos gratuitos <\/span><i><span style=\"font-weight: 400\">online<\/span><\/i><span style=\"font-weight: 400\"> para o p\u00fablico acad\u00eamico de \u00e1reas afins, visa a inser\u00e7\u00e3o e qualifica\u00e7\u00e3o profissional, a agrega\u00e7\u00e3o de valor aos produtos de origem animal catarinenses e a promo\u00e7\u00e3o da sa\u00fade \u00fanica (animal e humana). Tamb\u00e9m contribuir\u00e1 com a forma\u00e7\u00e3o profissional dos futuros atores do setor agropecu\u00e1rio, de modo a sensibiliz\u00e1-los quanto \u00e0 relev\u00e2ncia de seu comprometimento na produ\u00e7\u00e3o de alimentos seguros e de qualidade, incrementando o conhecimento sobre o processo de registro de estabelecimentos e a produ\u00e7\u00e3o de produtos inspecionados, bem como a finalidade e a aplicabilidade das normativas vigentes relacionadas.<\/span><\/p>\n<p style=\"text-align: justify\"><span style=\"font-weight: 400\">Buscando a melhoria cont\u00ednua das atividades de capacita\u00e7\u00e3o, bem como oportunizar novos conhecimentos, os cursos da Cidasc passam periodicamente por reformula\u00e7\u00f5es com novas configura\u00e7\u00f5es, direcionamentos e atualiza\u00e7\u00f5es.<\/span><\/p>\n<p style=\"text-align: justify\"><span style=\"font-weight: 400\">Atualmente, o projeto conta com Cursos Gerais que possuem conte\u00fados comuns a todas as \u00e1reas de atua\u00e7\u00e3o dentro do Servi\u00e7o de Inspe\u00e7\u00e3o Estadual de Santa Catarina e Cursos Espec\u00edficos para cada \u00e1rea de atua\u00e7\u00e3o.<\/span><\/p>\n<p style=\"text-align: justify\"><span style=\"color: #008000\"><b>NOVIDADE EM 2026<\/b><\/span><\/p>\n<p style=\"text-align: justify\"><span style=\"font-weight: 400\">Visando maior oportunidade de acesso e tempo h\u00e1bil para finaliza\u00e7\u00e3o dos cursos, agora o per\u00edodo de <\/span><b>inscri\u00e7\u00f5es <\/b><span style=\"font-weight: 400\">passar\u00e1 a ser de <\/span><b>45 dias<\/b><span style=\"font-weight: 400\"> e o per\u00edodo para realiza\u00e7\u00e3o e <\/span><b>finaliza\u00e7\u00e3o<\/b><span style=\"font-weight: 400\"> dos cursos ser\u00e1 de <\/span><b>90 dias<\/b><span style=\"font-weight: 400\">.\u00a0<\/span><\/p>\n<p style=\"text-align: justify\"><span style=\"font-weight: 400\">Confira os cursos que ser\u00e3o disponibilizados ao longo do ano de 2026:<\/span><\/p>\n<p style=\"text-align: justify\"><span style=\"color: #008000\"><b>CURSOS GERAIS<\/b><\/span><\/p>\n<p style=\"text-align: justify\"><b><i>Introdu\u00e7\u00e3o ao Servi\u00e7o de Inspe\u00e7\u00e3o Estadual de Santa Catarina<\/i><\/b><\/p>\n<p style=\"text-align: justify\"><b><i>Rotulagem b\u00e1sica de produtos de origem animal<\/i><\/b><\/p>\n<p style=\"text-align: justify\"><b><i>Rotulagem nutricional de produtos de origem animal<\/i><\/b><\/p>\n<p style=\"text-align: justify\"><b><i>Programas de Autocontroles \u2013 PACs e An\u00e1lise de Perigos e Pontos Cr\u00edticos de Controle<\/i><\/b><\/p>\n<p style=\"text-align: justify\"><b><i>No\u00e7\u00f5es b\u00e1sicas do uso de sistemas informatizados do SIE &#8211; SC, com \u00eanfase no conecta &#8211; MVA<\/i><\/b><\/p>\n<p style=\"text-align: justify\"><span style=\"color: #008000\"><b>CURSOS ESPEC\u00cdFICOS<\/b><\/span><\/p>\n<p style=\"text-align: justify\"><b><i>Inspe\u00e7\u00e3o Ante Mortem de su\u00ednos<\/i><\/b><\/p>\n<p style=\"text-align: justify\"><b><i>Inspe\u00e7\u00e3o Post Mortem de su\u00ednos<\/i><\/b><\/p>\n<p style=\"text-align: justify\"><b><i>Capacita\u00e7\u00e3o em bem-estar animal de su\u00ednos no abate<\/i><\/b><\/p>\n<p style=\"text-align: justify\"><b><i>Inspe\u00e7\u00e3o Ante Mortem de bovinos<\/i><\/b><\/p>\n<p style=\"text-align: justify\"><b><i>Inspe\u00e7\u00e3o Post Mortem de bovinos<\/i><\/b><\/p>\n<p style=\"text-align: justify\"><b><i>Capacita\u00e7\u00e3o em bem-estar animal de bovinos no abate<\/i><\/b><\/p>\n<p style=\"text-align: justify\"><b><i>Capacita\u00e7\u00e3o em Tipifica\u00e7\u00e3o de Carca\u00e7as Bovinas e Programa Novilho Precoce<\/i><\/b><\/p>\n<p style=\"text-align: justify\"><b><i>Inspe\u00e7\u00e3o Ante Mortem de aves<\/i><\/b><\/p>\n<p style=\"text-align: justify\"><b><i>Inspe\u00e7\u00e3o Post Mortem de aves<\/i><\/b><\/p>\n<p style=\"text-align: justify\"><b><i>Capacita\u00e7\u00e3o em bem-estar animal de aves no abate<\/i><\/b><\/p>\n<p style=\"text-align: justify\"><b><i>Inspe\u00e7\u00e3o Sanit\u00e1ria de Produtos C\u00e1rneos Industrializados<\/i><\/b><\/p>\n<p style=\"text-align: justify\"><b><i>Inspe\u00e7\u00e3o Sanit\u00e1ria de Leite e Derivados<\/i><\/b><\/p>\n<p style=\"text-align: justify\"><b><i>An\u00e1lises de Plataforma de leite requeridas pelo Servi\u00e7o de Inspe\u00e7\u00e3o Estadual de Santa Catarina<\/i><\/b><\/p>\n<p style=\"text-align: justify\"><b><i>Inspe\u00e7\u00e3o Sanit\u00e1ria de Produtos L\u00e1cteos Industrializados<\/i><\/b><\/p>\n<p style=\"text-align: justify\"><b><i>Inspe\u00e7\u00e3o Sanit\u00e1ria de Ovos e Derivados<\/i><\/b><\/p>\n<p style=\"text-align: justify\"><b><i>Inspe\u00e7\u00e3o Sanit\u00e1ria de pescado<\/i><\/b><\/p>\n<p style=\"text-align: justify\"><b><i>Inspe\u00e7\u00e3o Sanit\u00e1ria de Mel e Produtos das abelhas<\/i><\/b><\/p>\n<p style=\"text-align: justify\"><b><i>Inspe\u00e7\u00e3o Sanit\u00e1ria de Pequenos Ruminantes<\/i><\/b><\/p>\n<p style=\"text-align: justify\"><span style=\"font-weight: 400\">O aluno poder\u00e1 escolher o curso que deseja participar diretamente pelo link <\/span><a href=\"https:\/\/enavirtual.sc.gov.br\/course\/index.php?categoryid=194\"><span style=\"font-weight: 400\">https:\/\/enavirtual.sc.gov.br\/course\/index.php?categoryid=194<\/span><\/a><span style=\"font-weight: 400\"> buscando pelo curso de interesse dispon\u00edvel, podendo tamb\u00e9m realizar mais de um curso ao mesmo tempo.\u00a0<\/span><\/p>\n<p style=\"text-align: justify\"><span style=\"font-weight: 400\">Os interessados podem fazer sua autoinscri\u00e7\u00e3o e a confirma\u00e7\u00e3o da inscri\u00e7\u00e3o com as informa\u00e7\u00f5es sobre o per\u00edodo para a realiza\u00e7\u00e3o dos cursos \u00e9 autom\u00e1tica pela pr\u00f3pria plataforma. <\/span><\/p>\n<p style=\"text-align: justify\"><a href=\"https:\/\/www.cidasc.sc.gov.br\/inspecao\/files\/2022\/12\/Captura-de-tela-2022-12-30-105745-1.png\"><img loading=\"lazy\" decoding=\"async\" class=\"wp-image-8736 aligncenter\" src=\"https:\/\/www.cidasc.sc.gov.br\/inspecao\/files\/2022\/12\/Captura-de-tela-2022-12-30-105745-1-300x76.png\" alt=\"\" width=\"596\" height=\"151\" srcset=\"https:\/\/www.cidasc.sc.gov.br\/inspecao\/files\/2022\/12\/Captura-de-tela-2022-12-30-105745-1-300x76.png 300w, https:\/\/www.cidasc.sc.gov.br\/inspecao\/files\/2022\/12\/Captura-de-tela-2022-12-30-105745-1-1024x258.png 1024w, https:\/\/www.cidasc.sc.gov.br\/inspecao\/files\/2022\/12\/Captura-de-tela-2022-12-30-105745-1-768x193.png 768w, https:\/\/www.cidasc.sc.gov.br\/inspecao\/files\/2022\/12\/Captura-de-tela-2022-12-30-105745-1-222x56.png 222w, https:\/\/www.cidasc.sc.gov.br\/inspecao\/files\/2022\/12\/Captura-de-tela-2022-12-30-105745-1-100x25.png 100w, https:\/\/www.cidasc.sc.gov.br\/inspecao\/files\/2022\/12\/Captura-de-tela-2022-12-30-105745-1.png 1080w\" sizes=\"auto, (max-width: 596px) 100vw, 596px\" \/><\/a><\/p>\n<p style=\"text-align: justify\"><span style=\"font-weight: 400\">Para acesso aos cursos,\u00a0 \u00e9 necess\u00e1rio o usu\u00e1rio criar uma conta no<\/span><a href=\"http:\/\/enavirtual.sc.gov.br\/\"><span style=\"font-weight: 400\"> ENAVIRTUAL<\/span><\/a><span style=\"font-weight: 400\">, seguindo os passos descritos abaixo:<\/span><\/p>\n<p style=\"text-align: justify\"><b>1\u00b0<\/b><span style=\"font-weight: 400\">\u00a0Acesse o site\u00a0<\/span><a href=\"http:\/\/enavirtual.sc.gov.br\/\"><span style=\"font-weight: 400\">enavirtual.sc.gov.br<\/span><\/a><span style=\"font-weight: 400\">\/<\/span><\/p>\n<p style=\"text-align: justify\"><b>2\u00b0<\/b><span style=\"font-weight: 400\">\u00a0Clique em criar conta\u00a0(<\/span><a href=\"http:\/\/enavirtual.sc.gov.br\/login\/signup.php\"><span style=\"font-weight: 400\">http:\/\/enavirtual.sc.gov.br\/login\/signup.php<\/span><\/a><span style=\"font-weight: 400\">)\u00a0e preencha o cadastro. \u00c9 importante verificar se os dados foram digitados corretamente, uma vez que as informa\u00e7\u00f5es lan\u00e7adas na p\u00e1gina de cadastro (nome e CPF) ser\u00e3o utilizados para a emiss\u00e3o do certificado. Ap\u00f3s confer\u00eancia dos dados, clicar em \u201ccriar conta\u201d.<\/span><\/p>\n<p style=\"text-align: justify\"><span style=\"font-weight: 400\">Ap\u00f3s preencher o cadastro, voc\u00ea precisar\u00e1 acessar a conta de e-mail informada e confirmar a cria\u00e7\u00e3o de usu\u00e1rio na plataforma ENA virtual. Esta confirma\u00e7\u00e3o dever\u00e1 ocorrer em at\u00e9 4 horas. Caso haja problemas, acessar o \u00edcone \u201cesqueceu a senha? N\u00e3o consegue acesso\u201d (<\/span><a href=\"http:\/\/enavirtual.sc.gov.br\/login\/forgot_password.php\"><span style=\"font-weight: 400\">http:\/\/enavirtual.sc.gov.br\/login\/forgot_password.php<\/span><\/a><span style=\"font-weight: 400\">).\u00a0<\/span><\/p>\n<p style=\"text-align: justify\"><span style=\"font-weight: 400\">Com a cria\u00e7\u00e3o de cadastro na plataforma, e ap\u00f3s realizar a autoinscri\u00e7\u00e3o, voc\u00ea ter\u00e1 acesso aos cursos no per\u00edodo indicado no e-mail de confirma\u00e7\u00e3o.<\/span><\/p>\n<p style=\"text-align: justify\"><b>3\u00b0<\/b><span style=\"font-weight: 400\">\u00a0Em seguida, na p\u00e1gina inicial do ENAVIRTUAL, v\u00e1 at\u00e9 o menu principal &gt; Cursos Corporativos &gt; Final\u00edsticos &gt; Companhia Integrada de Desenvolvimento Agr\u00edcola de Santa Catarina &gt; Servi\u00e7o de Inspe\u00e7\u00e3o Estadual de Produtos de Origem Animal &gt; Selecione o curso no qual est\u00e1 inscrito.<\/span><\/p>\n<p style=\"text-align: justify\"><span style=\"font-weight: 400\">Ap\u00f3s a data de in\u00edcio, voc\u00ea deve obedecer o per\u00edodo informado para concluir seu curso. Decorrido esse per\u00edodo, o curso ficar\u00e1 indispon\u00edvel. Fique atento, o per\u00edodo de dura\u00e7\u00e3o do curso ser\u00e1 informado juntamente com a confirma\u00e7\u00e3o de inscri\u00e7\u00e3o.<\/span><\/p>\n<p style=\"text-align: justify\"><span style=\"font-weight: 400\">Em casos de problemas com o acesso ou d\u00favidas sobre os cursos (conte\u00fado, inscri\u00e7\u00e3o, avalia\u00e7\u00e3o e certifica\u00e7\u00e3o) voc\u00ea dever\u00e1 entrar em contato com os respons\u00e1veis atrav\u00e9s do e-mail:\u00a0<\/span><b>treinamentos_deinp@cidasc.sc.gov.br<\/b><\/p>\n\n\n<p><\/p>\n\n\n<p><a href=\"http:\/\/www.cidasc.sc.gov.br\/inspecao\/files\/2022\/08\/Logo-1.png\"><img loading=\"lazy\" decoding=\"async\" class=\" wp-image-8093 alignleft\" src=\"http:\/\/www.cidasc.sc.gov.br\/inspecao\/files\/2022\/08\/Logo-1-261x300.png\" alt=\"\" width=\"142\" height=\"163\" srcset=\"https:\/\/www.cidasc.sc.gov.br\/inspecao\/files\/2022\/08\/Logo-1-261x300.png 261w, https:\/\/www.cidasc.sc.gov.br\/inspecao\/files\/2022\/08\/Logo-1-222x255.png 222w, https:\/\/www.cidasc.sc.gov.br\/inspecao\/files\/2022\/08\/Logo-1-100x115.png 100w, https:\/\/www.cidasc.sc.gov.br\/inspecao\/files\/2022\/08\/Logo-1.png 524w\" sizes=\"auto, (max-width: 142px) 100vw, 142px\" \/><\/a><\/p>\n<p>&nbsp;<\/p>\n<p>&nbsp;<\/p>\n<p><b><strong data-rich-text-format-boundary=\"true\">Link: <\/strong><\/b><b><strong data-rich-text-format-boundary=\"true\"><a href=\"http:\/\/enavirtual.sc.gov.br\/course\/index.php?categoryid=194\">http:\/\/enavirtual.sc.gov.br\/course\/index.php?categoryid=194<\/a><\/strong><\/b><\/p>\n<p>&nbsp;<\/p>\n<p>&nbsp;<\/p>\n<p style=\"text-align: left\"><b>\u00a0 \u00a0 \u00a0 \u00a0 \u00a0 \u00a0 \u00a0 \u00a0 \u00a0 \u00a0 \u00a0 \u00a0 \u00a0 \u00a0 \u00a0 \u00a0 \u00a0 \u00a0 \u00a0 \u00a0CONFIRA O CRONOGRAMA DOS CURSOS PARA 2026<\/b><\/p>\n<p><a href=\"https:\/\/www.cidasc.sc.gov.br\/inspecao\/files\/2026\/03\/Marco.jpeg\"><img loading=\"lazy\" decoding=\"async\" class=\"alignnone wp-image-12426 size-full\" src=\"https:\/\/www.cidasc.sc.gov.br\/inspecao\/files\/2026\/03\/Marco.jpeg\" alt=\"\" width=\"960\" height=\"486\" srcset=\"https:\/\/www.cidasc.sc.gov.br\/inspecao\/files\/2026\/03\/Marco.jpeg 960w, https:\/\/www.cidasc.sc.gov.br\/inspecao\/files\/2026\/03\/Marco-300x152.jpeg 300w, https:\/\/www.cidasc.sc.gov.br\/inspecao\/files\/2026\/03\/Marco-768x389.jpeg 768w, https:\/\/www.cidasc.sc.gov.br\/inspecao\/files\/2026\/03\/Marco-250x127.jpeg 250w, https:\/\/www.cidasc.sc.gov.br\/inspecao\/files\/2026\/03\/Marco-222x112.jpeg 222w, https:\/\/www.cidasc.sc.gov.br\/inspecao\/files\/2026\/03\/Marco-100x51.jpeg 100w\" sizes=\"auto, (max-width: 960px) 100vw, 960px\" \/><\/a><\/p>","protected":false},"excerpt":{"rendered":"<p>O DEINP promove a disponibiliza\u00e7\u00e3o de cursos gratuitos de capacita\u00e7\u00e3o online atrav\u00e9s da plataforma ENAVIRTUAL.\u00a0 Atrav\u00e9s do projeto\u00a0de\u00a0CAPACITA\u00c7\u00c3O ONLINE EM INSPE\u00c7\u00c3O DE PRODUTOS DE ORIGEM ANIMAL DA COMPANHIA INTEGRADA DE DESENVOLVIMENTO AGR\u00cdCOLA DE SANTA CATARINA \u2013 CIDASC, busca-se a atualiza\u00e7\u00e3o continuada dos profissionais que atuam no servi\u00e7o de inspe\u00e7\u00e3o e nas agroind\u00fastrias sobre os procedimentos[&#8230;] <a class=\"moretag\" href=\"https:\/\/www.cidasc.sc.gov.br\/inspecao\/capacitacoes\/\">Leia mais&#8230;<\/a><\/p>\n","protected":false},"author":17,"featured_media":0,"parent":0,"menu_order":0,"comment_status":"closed","ping_status":"closed","template":"","meta":{"footnotes":""},"class_list":["post-7728","page","type-page","status-publish","hentry"],"_links":{"self":[{"href":"https:\/\/www.cidasc.sc.gov.br\/inspecao\/wp-json\/wp\/v2\/pages\/7728","targetHints":{"allow":["GET"]}}],"collection":[{"href":"https:\/\/www.cidasc.sc.gov.br\/inspecao\/wp-json\/wp\/v2\/pages"}],"about":[{"href":"https:\/\/www.cidasc.sc.gov.br\/inspecao\/wp-json\/wp\/v2\/types\/page"}],"author":[{"embeddable":true,"href":"https:\/\/www.cidasc.sc.gov.br\/inspecao\/wp-json\/wp\/v2\/users\/17"}],"replies":[{"embeddable":true,"href":"https:\/\/www.cidasc.sc.gov.br\/inspecao\/wp-json\/wp\/v2\/comments?post=7728"}],"version-history":[{"count":207,"href":"https:\/\/www.cidasc.sc.gov.br\/inspecao\/wp-json\/wp\/v2\/pages\/7728\/revisions"}],"predecessor-version":[{"id":12427,"href":"https:\/\/www.cidasc.sc.gov.br\/inspecao\/wp-json\/wp\/v2\/pages\/7728\/revisions\/12427"}],"wp:attachment":[{"href":"https:\/\/www.cidasc.sc.gov.br\/inspecao\/wp-json\/wp\/v2\/media?parent=7728"}],"curies":[{"name":"wp","href":"https:\/\/api.w.org\/{rel}","templated":true}]}}