{"id":6099,"date":"2020-06-29T18:25:01","date_gmt":"2020-06-29T18:25:01","guid":{"rendered":"http:\/\/www.cidasc.sc.gov.br\/inspecao\/?page_id=6099"},"modified":"2026-04-10T17:09:27","modified_gmt":"2026-04-10T17:09:27","slug":"selo-arte","status":"publish","type":"page","link":"https:\/\/www.cidasc.sc.gov.br\/inspecao\/selo-arte\/","title":{"rendered":"Selo ARTE"},"content":{"rendered":"\n<hr class=\"wp-block-separator has-css-opacity\" \/>\n\n\n\n<hr class=\"wp-block-separator has-css-opacity\" \/>\n\n\n<p style=\"text-align: center\" align=\"justify\"><span style=\"font-family: Arial, sans-serif\"><span style=\"color: #000000\"><span style=\"font-size: medium\"><b>Servi\u00e7o de Inspe\u00e7\u00e3o \u2013 Selo ARTE<\/b><\/span><\/span><\/span><\/p>\n<p style=\"text-align: justify\"><span style=\"font-weight: 400\">O Selo ARTE \u00e9 um certificado de identidade e qualidade que permite a comercializa\u00e7\u00e3o nacional de produtos de origem animal artesanais. Sua principal fun\u00e7\u00e3o \u00e9 autorizar que produtos fabricados com m\u00e9todos tradicionais e caracter\u00edsticas regionais espec\u00edficas possam ser comercializados em todo o territ\u00f3rio nacional, superando as limita\u00e7\u00f5es geogr\u00e1ficas das inspe\u00e7\u00f5es municipais (SIM) ou estaduais (SIE).<\/span><\/p>\n<p style=\"text-align: justify\"><span style=\"font-weight: 400\">O selo assegura que o produto foi elaborado de forma predominantemente manual, seguindo receitas e processos que preservam valores hist\u00f3ricos e culturais, mantendo padr\u00f5es de seguran\u00e7a sanit\u00e1ria.<\/span><\/p>\n<p style=\"text-align: justify\"><span style=\"font-weight: 400\">A fundamenta\u00e7\u00e3o jur\u00eddica do Selo ARTE estabeleceu-se com a Lei n\u00ba 13.680\/2018, que alterou a Lei de Inspe\u00e7\u00e3o Federal (Lei 1.283\/1950). Atualmente, o rito \u00e9 regido pelas seguintes normativas federais:<\/span><\/p>\n<ul style=\"text-align: justify\">\n<li><span style=\"font-weight: 400\">Decreto n\u00ba 11.099\/2022: Regulamenta a concess\u00e3o, unificando as diretrizes para produtos e queijos artesanais.<\/span><\/li>\n<li><span style=\"font-weight: 400\">Portaria MAPA n\u00ba 531\/2022: Estabelece os requisitos t\u00e9cnicos e os procedimentos para que os \u00f3rg\u00e3os de agricultura e pecu\u00e1ria concedam o selo, definindo os crit\u00e9rios de boas pr\u00e1ticas.<\/span><\/li>\n<\/ul>\n<p style=\"text-align: justify\"><span style=\"font-weight: 400\">Em Santa Catarina, a operacionaliza\u00e7\u00e3o do sistema \u00e9 coordenada pela Cidasc, conforme a Portaria SAR n\u00ba 20\/2020. A execu\u00e7\u00e3o t\u00e9cnica e a verifica\u00e7\u00e3o dos requisitos ficam a cargo dos profissionais do Departamento Estadual de Inspe\u00e7\u00e3o de Produtos de Origem Animal (Deinp). O trabalho da Cidasc\/Deinp \u00e9 fundamental para a agrega\u00e7\u00e3o de valor e o reconhecimento do &#8220;saber fazer&#8221; local, garantindo que as agroind\u00fastrias alcancem novos mercados com seguran\u00e7a jur\u00eddica.<\/span><\/p>\n<p style=\"text-align: justify\"><span style=\"font-weight: 400\">Ao identificar produtos com potencial para a obten\u00e7\u00e3o do Selo ARTE, \u00e9 indispens\u00e1vel buscar orienta\u00e7\u00e3o t\u00e9cnica especializada. Para obter informa\u00e7\u00f5es detalhadas, realizar a avalia\u00e7\u00e3o de conformidade ou sanar d\u00favidas sobre as etapas do processo, procure a unidade da Cidasc mais pr\u00f3xima. O atendimento por m\u00e9dicos veterin\u00e1rios que atuam diretamente na inspe\u00e7\u00e3o\u00a0 de produtos de origem animal (Cidasc\/Denp) \u00e9 fundamental para garantir as orienta\u00e7\u00f5es t\u00e9cnicas precisas e os devidos encaminhamentos legais.<\/span><\/p>\n\n\n<hr class=\"wp-block-separator has-css-opacity\" \/>\n\n\n\n<hr class=\"wp-block-separator has-css-opacity\" \/>\n\n\n\n<p style=\"font-size:19px\"><strong>LEGISLA\u00c7\u00c3O<\/strong><\/p>\n\n\n\n<div class=\"wp-block-columns is-layout-flex wp-container-core-columns-is-layout-9d6595d7 wp-block-columns-is-layout-flex\">\n<div class=\"wp-block-column is-layout-flow wp-block-column-is-layout-flow\">\n<p><strong>DOCUMENTO<\/strong><\/p>\n<\/div>\n\n\n\n<div class=\"wp-block-column is-layout-flow wp-block-column-is-layout-flow\">\n<p><strong>DESCRI\u00c7\u00c3O<\/strong><\/p>\n<\/div>\n<\/div>\n\n\n\n<figure class=\"wp-block-table is-style-stripes\"><table class=\"has-fixed-layout\"><thead><tr><th class=\"has-text-align-left\" data-align=\"left\">LEI<\/th><th><\/th><\/tr><\/thead><tbody><tr><td class=\"has-text-align-left\" data-align=\"left\"><a href=\"http:\/\/www.cidasc.sc.gov.br\/inspecao\/files\/2020\/06\/Lei-13680-de-14-de-Junho-de-2018.pdf\">Lei n\u00ba 13680, de 14 de junho de 2018<\/a><\/td><td>Processo de fiscaliza\u00e7\u00e3o de produtos aliment\u00edcios de origem animal produzidos de forma artesanal<\/td><\/tr><\/tbody><tfoot><tr><td class=\"has-text-align-left\" data-align=\"left\"><\/td><td><\/td><\/tr><\/tfoot><\/table><\/figure>\n\n\n\n<figure class=\"wp-block-table is-style-stripes\"><table class=\"has-fixed-layout\"><thead><tr><th class=\"has-text-align-left\" data-align=\"left\"><br>DECRETO<\/th><th><\/th><\/tr><\/thead><tbody><tr><td class=\"has-text-align-left\" data-align=\"left\"><a href=\"http:\/\/www.cidasc.sc.gov.br\/inspecao\/files\/2023\/12\/D11099-1.pdf\">Decreto n\u00ba 11.099, 21 de junho de 2022<\/a><strong> (PDF)<\/strong><br><br><br><a href=\"http:\/\/www.cidasc.sc.gov.br\/inspecao\/files\/2023\/12\/pagina-5.pdf\">Decreto n\u00ba 11.099, 21 de junho de 2022<\/a><strong> (DOU)<\/strong><\/td><td>Regulamenta o art. 10-A da Lei n\u00ba 1.283, de 18 de dezembro de 1950, e a Lei n\u00ba 13.860, de 18 de julho de 2019, para dispor sobre a elabora\u00e7\u00e3o e a comercializa\u00e7\u00e3o de produtos aliment\u00edcios de origem animal produzidos de forma artesanal.<\/td><\/tr><\/tbody><tfoot><tr><td class=\"has-text-align-left\" data-align=\"left\"><\/td><td><\/td><\/tr><\/tfoot><\/table><\/figure>\n\n\n\n<figure class=\"wp-block-table is-style-stripes\"><table class=\"has-fixed-layout\"><thead><tr><th class=\"has-text-align-left\" data-align=\"left\"><br>PORTARIA<\/th><th><\/th><\/tr><\/thead><tbody><tr><td class=\"has-text-align-left\" data-align=\"left\"><a href=\"http:\/\/www.cidasc.sc.gov.br\/inspecao\/files\/2020\/07\/Portaria-SAR-20-2020-Selo-ARTE.pdf\">Portaria SAR n\u00ba 20, de 28 de julho de 2020<\/a><\/td><td>Estabelecer o procedimento para a concess\u00e3o do Selo ARTE aos produtos aliment\u00edcios de origem animal registrados no SIM, SIE ou SIF<\/td><\/tr><tr><td class=\"has-text-align-left\" data-align=\"left\"><a href=\"http:\/\/www.cidasc.sc.gov.br\/inspecao\/files\/2021\/06\/Portaria-176.-Selo-ARTE-Pescados.pdf\">Portaria MAPA n\u00ba 176, de 16 de junho de 2021<\/a><\/td><td>Regulamento para enquadramento do pescado e do produto aliment\u00edcio derivado do pescado em artesanais necess\u00e1rio \u00e0 concess\u00e3o do selo ARTE<\/td><\/tr><tr><td class=\"has-text-align-left\" data-align=\"left\"><a href=\"http:\/\/www.cidasc.sc.gov.br\/inspecao\/files\/2021\/09\/PORTARIA-N\u00ba-289-DE-13-DE-SETEMBRO-DE-2021-produtos-de-abelhas-e-seus-derivados-para-Selo-Arte.pdf\">Portaria MAPA n\u00ba 289, de 13 de setembro de 2021<\/a><\/td><td>Enquadramento dos produtos de<br>abelhas e seus derivados em Artesanal para concess\u00e3o do selo ARTE<\/td><\/tr><tr><td class=\"has-text-align-left\" data-align=\"left\"><a href=\"http:\/\/www.cidasc.sc.gov.br\/inspecao\/files\/2022\/05\/Portaria-SAR-n-\u00b021-2022-CESARTE.pdf\">Portaria SAR n\u00b0 21, de 03 de maio de 2022&nbsp;<\/a><\/td><td>Institui o Comit\u00ea Estadual do Selo ARTE  (CESARTE)<\/td><\/tr><tr><td class=\"has-text-align-left\" data-align=\"left\"><a href=\"http:\/\/www.cidasc.sc.gov.br\/inspecao\/files\/2024\/04\/PORTARIA-MAPA-No-531-DE-16-DE-DEZEMBRO-DE-2022-DOU-Imprensa-Nacional-3-1.pdf\">Portaria MAPA n\u00ba 531, de 16 de dezembro de 2022<\/a><\/td><td>Estabelece requisitos para concess\u00e3o dos selos ARTE e Queijo Artesanal pelos \u00f3rg\u00e3os de agricultura e pecu\u00e1ria federal, estaduais, municipais e distrital; define os padr\u00f5es de numera\u00e7\u00e3o de logotipos dos selos de identifica\u00e7\u00e3o artesanal; e institui o Manual de Auditoria do processo de concess\u00e3o de selos de Identifica\u00e7\u00e3o Artesanal<\/td><\/tr><\/tbody><tfoot><tr><td class=\"has-text-align-left\" data-align=\"left\"><\/td><td><\/td><\/tr><\/tfoot><\/table><\/figure>\n\n\n\n<figure class=\"wp-block-table is-style-stripes\"><table class=\"has-fixed-layout\"><thead><tr><th class=\"has-text-align-left\" data-align=\"left\"><br>INSTRU\u00c7\u00c3O NORMATIVA<\/th><th><\/th><\/tr><\/thead><tbody><tr><td class=\"has-text-align-left\" data-align=\"left\"><a href=\"http:\/\/www.cidasc.sc.gov.br\/inspecao\/files\/2020\/06\/IN-73-de-23-de-dezembro-de-2019.pdf\">Instru\u00e7\u00e3o Normativa n\u00ba 73, de 23 de dezembro de 2019<\/a><\/td><td>RTBPA de produtos l\u00e1cteos artesanais<\/td><\/tr><tr><td class=\"has-text-align-left\" data-align=\"left\"><a href=\"http:\/\/www.cidasc.sc.gov.br\/inspecao\/files\/2020\/11\/IN-61-_-16.11.2020-_-Regulamento-para-produtos-c\u00e1rneos-artesanais.pdf\">Instru\u00e7\u00e3o Normativa n\u00ba 61, de 16 de novembro de 2020<\/a><\/td><td>Regulamento para enquadramento dos produtos c\u00e1rneos e artesanais, necess\u00e1rio \u00e0 concess\u00e3o do selo ARTE<\/td><\/tr><tr><td class=\"has-text-align-left\" data-align=\"left\"><a href=\"http:\/\/www.cidasc.sc.gov.br\/inspecao\/files\/2020\/12\/INSTRU\u00c7\u00c3O-NORMATIVA-N\u00ba-66-DE-8-DE-DEZEMBRO-DE-2020-INSTRU\u00c7\u00c3O-NORMATIVA-N\u00ba-66-DE-8-DE-DEZEMBRO-DE-2020-DOU-Imprensa-Nacional.pdf\">Instru\u00e7\u00e3o Normativa n\u00ba 66, de 8 de dezembro de 2020<\/a><\/td><td>Altera a Instru\u00e7\u00e3o Normativa n\u00ba 61, de 16 de novembro de 2020<\/td><\/tr><tr><td class=\"has-text-align-left\" data-align=\"left\"><a href=\"http:\/\/www.cidasc.sc.gov.br\/inspecao\/files\/2021\/07\/INSTRU\u00c7\u00c3O-NORMATIVA-N\u00ba-121-DE-26-DE-FEVEREIRO-DE-2021-INSTRU\u00c7\u00c3O-NORMATIVA-N\u00ba-121-DE-26-DE-FEVEREIRO-DE-2021-DOU-Imprensa-Nacional.pdf\">Instru\u00e7\u00e3o Normativa n\u00ba 121, de 26 de fevereiro de 2021<\/a><\/td><td>Prazo para aplica\u00e7\u00e3o do disposto no \u00a7 2\u00b0 do Art. 185 do Decreto 9.013, de 29 de mar\u00e7o de 2017, alterado pelo Decreto n\u00ba 10.468, de 18 de agosto de 2020, em alinhamento com o prazo estabelecido para a adequa\u00e7\u00e3o dos estabelecimentos de abate em realizar cadastro de produtores e programas de melhoria da qualidade da mat\u00e9ria-prima e de educa\u00e7\u00e3o continuada dos produtores<\/td><\/tr><\/tbody><tfoot><tr><td class=\"has-text-align-left\" data-align=\"left\"><\/td><td><\/td><\/tr><\/tfoot><\/table><\/figure>\n\n\n\n<hr class=\"wp-block-separator has-css-opacity\" \/>\n\n\n\n<hr class=\"wp-block-separator has-css-opacity\" \/>\n\n\n\n<figure class=\"wp-block-table is-style-stripes\"><table class=\"has-fixed-layout\"><thead><tr><th class=\"has-text-align-left\" data-align=\"left\"><br>PROCEDIMENTOS PARA OBTEN\u00c7\u00c3O DO SELO ARTE<\/th><th><\/th><\/tr><\/thead><tbody><tr><td class=\"has-text-align-left\" data-align=\"left\"><a href=\"https:\/\/www.cidasc.sc.gov.br\/inspecao\/files\/2025\/12\/Selo-ARTE.pdf\">POPSIE &#8211; 003.4<\/a><\/td><td>Procedimento Operacional Padronizado do Selo ARTE<\/td><\/tr><tr><td class=\"has-text-align-left\" data-align=\"left\"><a href=\"https:\/\/www.cidasc.sc.gov.br\/inspecao\/files\/2025\/09\/Checklist-do-Selo-Arte.pdf\">Anexo 7<\/a><\/td><td>Checklist do Selo Arte<\/td><\/tr><tr><td class=\"has-text-align-left\" data-align=\"left\"><a href=\"https:\/\/www.cidasc.sc.gov.br\/inspecao\/files\/2025\/09\/Anexo-42-Requerimento-de-solicitacao-de-Selo-Arte-Editavel.docx\">Anexo 42<\/a><\/td><td>Requerimento de Solicita\u00e7\u00e3o de Selo Arte &#8211; Edit\u00e1vel<\/td><\/tr><\/tbody><tfoot><tr><td class=\"has-text-align-left\" data-align=\"left\"><\/td><td><\/td><\/tr><\/tfoot><\/table><\/figure>\n\n\n\n<hr class=\"wp-block-separator has-css-opacity\" \/>\n\n\n\n<hr class=\"wp-block-separator has-css-opacity\" \/>\n\n\n\n<p style=\"font-size:19px\"><strong>NOTAS T\u00c9CNICAS E DOCUMENTOS<\/strong><\/p>\n\n\n<figure class=\"wp-block-table is-style-stripes\">\n<table class=\"has-fixed-layout\" style=\"height: 134px\" width=\"499\">\n<thead>\n<tr>\n<th>\u00a0<\/th>\n<th>\u00a0<\/th>\n<\/tr>\n<\/thead>\n<tbody>\n<tr>\n<td><a href=\"https:\/\/www.cidasc.sc.gov.br\/inspecao\/files\/2026\/04\/Base-de-dados-Selo-ARTE.pdf\">Base de dados Selo ARTE<\/a><\/td>\n<td>\n<p>Cadastro de produtos com Selo ARTE no estado de Santa Catarina<\/p>\n<\/td>\n<\/tr>\n<\/tbody>\n<tfoot>\n<tr>\n<td>\u00a0<\/td>\n<td>\u00a0<\/td>\n<\/tr>\n<\/tfoot>\n<\/table>\n<\/figure>\n\n\n<hr class=\"wp-block-separator has-css-opacity\" \/>\n","protected":false},"excerpt":{"rendered":"<p>Servi\u00e7o de Inspe\u00e7\u00e3o \u2013 Selo ARTE O Selo ARTE \u00e9 um certificado de identidade e qualidade que permite a comercializa\u00e7\u00e3o nacional de produtos de origem animal artesanais. Sua principal fun\u00e7\u00e3o \u00e9 autorizar que produtos fabricados com m\u00e9todos tradicionais e caracter\u00edsticas regionais espec\u00edficas possam ser comercializados em todo o territ\u00f3rio nacional, superando as limita\u00e7\u00f5es geogr\u00e1ficas das[&#8230;] <a class=\"moretag\" href=\"https:\/\/www.cidasc.sc.gov.br\/inspecao\/selo-arte\/\">Leia mais&#8230;<\/a><\/p>\n","protected":false},"author":17,"featured_media":0,"parent":0,"menu_order":0,"comment_status":"closed","ping_status":"closed","template":"","meta":{"footnotes":""},"class_list":["post-6099","page","type-page","status-publish","hentry"],"_links":{"self":[{"href":"https:\/\/www.cidasc.sc.gov.br\/inspecao\/wp-json\/wp\/v2\/pages\/6099","targetHints":{"allow":["GET"]}}],"collection":[{"href":"https:\/\/www.cidasc.sc.gov.br\/inspecao\/wp-json\/wp\/v2\/pages"}],"about":[{"href":"https:\/\/www.cidasc.sc.gov.br\/inspecao\/wp-json\/wp\/v2\/types\/page"}],"author":[{"embeddable":true,"href":"https:\/\/www.cidasc.sc.gov.br\/inspecao\/wp-json\/wp\/v2\/users\/17"}],"replies":[{"embeddable":true,"href":"https:\/\/www.cidasc.sc.gov.br\/inspecao\/wp-json\/wp\/v2\/comments?post=6099"}],"version-history":[{"count":232,"href":"https:\/\/www.cidasc.sc.gov.br\/inspecao\/wp-json\/wp\/v2\/pages\/6099\/revisions"}],"predecessor-version":[{"id":12491,"href":"https:\/\/www.cidasc.sc.gov.br\/inspecao\/wp-json\/wp\/v2\/pages\/6099\/revisions\/12491"}],"wp:attachment":[{"href":"https:\/\/www.cidasc.sc.gov.br\/inspecao\/wp-json\/wp\/v2\/media?parent=6099"}],"curies":[{"name":"wp","href":"https:\/\/api.w.org\/{rel}","templated":true}]}}