{"id":5262,"date":"2020-06-19T14:00:25","date_gmt":"2020-06-19T14:00:25","guid":{"rendered":"http:\/\/www.cidasc.sc.gov.br\/inspecao\/?page_id=5262"},"modified":"2025-05-02T13:53:22","modified_gmt":"2025-05-02T13:53:22","slug":"ovos","status":"publish","type":"page","link":"https:\/\/www.cidasc.sc.gov.br\/inspecao\/ovos\/","title":{"rendered":"Ovos"},"content":{"rendered":"\n<hr class=\"wp-block-separator has-css-opacity\" \/>\n\n\n\n<hr class=\"wp-block-separator has-css-opacity\" \/>\n\n\n<p align=\"justify\">\n<\/p><p style=\"text-align: center\" align=\"justify\"><span style=\"color: #191e23\"><span style=\"font-family: Arial, sans-serif\"><span style=\"font-size: medium\"><strong>Servi\u00e7o de Inspe\u00e7\u00e3o &#8211; OVOS<\/strong><\/span><\/span><\/span><\/p>\n<p align=\"justify\"><span style=\"font-family: Arial, sans-serif\">O ovo comercial \u00e9 o produto de uma eficiente transforma\u00e7\u00e3o biol\u00f3gica feita pela galinha de postura. A ave transforma recursos alimentares de menor valor biol\u00f3gico em um produto com alta qualidade nutricional para o consumo humano. Ele \u00e9 um dos alimentos mais complexos que existe, possuindo prote\u00ednas, glic\u00eddios, lip\u00eddeos, vitaminas, minerais e \u00e1cidos graxos essenciais.<\/span><\/p>\n<p align=\"justify\"><span style=\"font-family: Arial, sans-serif\">Os estabelecimentos que produzem, recepcionam, inspecionam, classificam, industrializam, acondicionam, rotulam, armazenam e providenciam a expedi\u00e7\u00e3o de ovos devem seguir normas higi\u00eanico-sanit\u00e1rias e s\u00e3o obrigados , por for\u00e7a de lei , a terem seu \u201cproduto ovo\u201d fiscalizado sob o ponto de vista, industrial e sanit\u00e1rio.<\/span><\/p>\n<p align=\"justify\"><span style=\"font-family: Arial, sans-serif\">Em Santa Catarina, \u00e9 o selo SIE que permite a produ\u00e7\u00e3o e a comercializa\u00e7\u00e3o de ovos e seus derivados em todo o territ\u00f3rio catarinense. Al\u00e9m disso o SIE, executado pela Cidasc\/Deinp aderiu desde 2013 ao Sistema Brasileiro de Inspe\u00e7\u00e3o de Produtos de Origem Animal (SISBI-POA). Tal condi\u00e7\u00e3o permite que estabelecimentos com selo SIE possam comercializar sua produ\u00e7\u00e3o em todas as Unidades da Federa\u00e7\u00e3o, desde que cumpridas pelas agroind\u00fastrias as exig\u00eancias de ades\u00e3o a este sistema (SISBI).<\/span><\/p>\n<p align=\"justify\"><span style=\"font-family: Arial, sans-serif\">De acordo com as diretrizes do Servi\u00e7o, os estabelecimentos que produzem produtos de origem animal em que o ovo \u00e9 a mat\u00e9ria -prima utilizada s\u00e3o classificados de acordo com a origem dos ovos como mat\u00e9ria-prima , com a finalidade do estabelecimento , com as \u00e1reas que est\u00e3o presentes nesta ind\u00fastria e a fabrica\u00e7\u00e3o de produtos que s\u00e3o derivados dos ovos ou que utilizam ovos na sua composi\u00e7\u00e3o.<\/span><\/p>\n<p align=\"justify\"><span style=\"font-family: Arial, sans-serif\">As legisla\u00e7\u00f5es nas diferentes est\u00e2ncias governamentais que estes estabelecimentos devem cumprir s\u00e3o apresentadas na lista que segue.<\/span><\/p>\n<p align=\"justify\">\n<\/p><p align=\"justify\"><\/p>\n\n\n<hr class=\"wp-block-separator has-css-opacity\" \/>\n\n\n\n<hr class=\"wp-block-separator has-css-opacity\" \/>\n\n\n\n<p><\/p>\n\n\n\n<p><\/p>\n\n\n\n<p style=\"font-size:19px\"><strong>LEGISLA\u00c7\u00c3O<\/strong><\/p>\n\n\n\n<div class=\"wp-block-columns is-layout-flex wp-container-core-columns-is-layout-9d6595d7 wp-block-columns-is-layout-flex\">\n<div class=\"wp-block-column is-layout-flow wp-block-column-is-layout-flow\">\n<p><\/p>\n\n\n\n<p><\/p>\n\n\n\n<p><strong>DOCUMENTO<\/strong><\/p>\n<\/div>\n\n\n\n<div class=\"wp-block-column is-layout-flow wp-block-column-is-layout-flow\">\n<p><\/p>\n\n\n\n<p><\/p>\n\n\n\n<p><strong>DESCRI\u00c7\u00c3O<\/strong><\/p>\n<\/div>\n<\/div>\n\n\n\n<figure class=\"wp-block-table is-style-stripes\"><table class=\"has-fixed-layout\"><thead><tr><th class=\"has-text-align-left\" data-align=\"left\">PORTARIA<\/th><th><br><\/th><\/tr><\/thead><tbody><tr><td class=\"has-text-align-left\" data-align=\"left\"><br><br><a href=\"https:\/\/www.cidasc.sc.gov.br\/inspecao\/files\/2023\/01\/PORTARIA-SDA-N\u00ba-728-DE-26-DE-DEZEMBRO-DE-2022-PORTARIA-SDA-N\u00ba-728-DE-26-DE-DEZEMBRO-DE-2022.pdf\">Portaria SDA N\u00ba 728, de 26 de dezembro de 2022<\/a><br><br><\/td><td><br>Aprova o Regulamento T\u00e9cnico de Identidade e Qualidade de ovo integral pasteurizado e de ovo desidratado.<br><br><\/td><\/tr><tr><td class=\"has-text-align-left\" data-align=\"left\"><a href=\"http:\/\/www.cidasc.sc.gov.br\/inspecao\/files\/2024\/09\/PORTARIA-SDA_MAPA-No-1.179-DE-5-SETEMB.-DE-2024-_-DOU-Imprensa-Nacional.pdf\">Portaria SDA_MAPA n\u00ba 1.179, de 5 setembro de 2024.<\/a><br><br><br><br><br><br><a href=\"http:\/\/www.cidasc.sc.gov.br\/inspecao\/files\/2025\/02\/PORTARIA-SDA_MAPA-No-1.244-DE-18-DE-FEVEREIRO-DE-2025.pdf\">Portaria SDA_MAPA n.\u00ba 1.244, de 18 de fevereiro de 2025<\/a><br><br><br><br><a href=\"http:\/\/www.cidasc.sc.gov.br\/inspecao\/files\/2025\/03\/Portaria-SDA-Mapa-No-1250-de-27-de-fevereiro-de-2025-1.pdf\">Portaria SDA Mapa N\u00ba 1.250, de 27 de fevereiro de 2025<\/a><\/td><td><br><br>Aprova os requisitos de instala\u00e7\u00f5es, equipamentos e os procedimentos de funcionamento de granjas av\u00edcolas e de unidades de beneficiamento de ovos e derivados e uniformiza a nomenclatura de ovos em natureza e de produtos de ovos n\u00e3o submetidos a tratamento t\u00e9rmico.<br><br>Altera a Portaria SDA\/MAPA n\u00ba 1.179, de 5 setembro de 2024.<br><br><br>Revoga o art. 41 da Portaria SDA\/MAPA no 1.179, de 5 setembro de 2024, e o art. 1\u00b0 da Portaria SDA\/MAPA no 1.244, de 18 de fevereiro<br>de 2025.<br><br><br><\/td><\/tr><\/tbody><tfoot><tr><td class=\"has-text-align-left\" data-align=\"left\"><\/td><td><br><\/td><\/tr><\/tfoot><\/table><\/figure>\n\n\n\n<figure class=\"wp-block-table is-style-stripes\"><table class=\"has-fixed-layout\"><thead><tr><th class=\"has-text-align-left\" data-align=\"left\"><br>OF\u00cdCIO<\/th><th><br><\/th><\/tr><\/thead><tbody><tr><td class=\"has-text-align-left\" data-align=\"left\"><a href=\"http:\/\/www.cidasc.sc.gov.br\/inspecao\/files\/2019\/07\/Oficio-Circular-no-69-2019-DIPOA-SDA-MAPA-ovos-caipiras.pdf\">Of\u00edcio DIPOA\/SDA\/MAPA n\u00ba 69, de 16 de julho de 2019<\/a><\/td><td>Ovos caipira, colonial ou de capoeira<\/td><\/tr><\/tbody><tfoot><tr><td class=\"has-text-align-left\" data-align=\"left\"><br><\/td><td><\/td><\/tr><\/tfoot><\/table><\/figure>\n\n\n\n<figure class=\"wp-block-table is-style-stripes\"><table class=\"has-fixed-layout\"><thead><tr><th class=\"has-text-align-left\" data-align=\"left\"><br>RESOLU\u00c7\u00c3O<\/th><th><br><\/th><\/tr><\/thead><tfoot><tr><td class=\"has-text-align-left\" data-align=\"left\"><br><\/td><td><\/td><\/tr><\/tfoot><\/table><\/figure>\n\n\n\n<hr class=\"wp-block-separator has-css-opacity\" \/>\n\n\n\n<hr class=\"wp-block-separator has-css-opacity\" \/>\n\n\n\n<p><strong>NOTAS T\u00c9CNICAS E DOCUMENTOS<\/strong><\/p>\n\n\n\n<figure class=\"wp-block-table is-style-stripes\"><table class=\"has-fixed-layout\"><thead><tr><th><\/th><th><\/th><\/tr><\/thead><tbody><tr><td><a href=\"https:\/\/www.cidasc.sc.gov.br\/inspecao\/files\/2023\/03\/74-NT-74.-2023-Orienta%C3%A7%C3%B5es-Granjas-e-unidades-de-beneficiamento-de-ovos.pdf\">Nota T\u00e9cnica DEINP n\u00b0 74\/2023<\/a><\/td><td>Granjas e unidade de beneficiamento de ovos<\/td><\/tr><tr><td><a href=\"http:\/\/www.cidasc.sc.gov.br\/inspecao\/files\/2021\/09\/220-NT-220-2021-categoria-a\u00e7\u00e3o-de-inibidores-diretriz-Ovo-em-conserva.pdf\">Nota T\u00e9cnica DEINP n\u00ba 220\/2021<\/a><\/td><td>Novo enquadramento do \u201covo em conserva de codorna e ou galinha\u201d referente a especifica\u00e7\u00e3o de processo de fabrica\u00e7\u00e3o\/controle de<br>qualidade e rotulagem<\/td><\/tr><tr><td><a href=\"http:\/\/www.cidasc.sc.gov.br\/inspecao\/files\/2022\/09\/NT-388.2022.pdf\">Nota T\u00e9cnica DEINP n\u00b0 388\/2022<\/a><\/td><td>Classifica\u00e7\u00e3o de ovos &#8211; Categorias A e B em r\u00f3tulos<\/td><\/tr><tr><td><a href=\"https:\/\/www.cidasc.sc.gov.br\/inspecao\/files\/2023\/04\/Nota-T\u00e9cnica-DEINP-n\u00b0-108-.-1.pdf\">Nota T\u00e9cnica DEINP n\u00b0 108\/2023<\/a><\/td><td>Cadastro na plataforma SGSI de Ovos em conserva de codorna e suas varia\u00e7\u00f5es<\/td><\/tr><tr><td><a href=\"http:\/\/www.cidasc.sc.gov.br\/inspecao\/files\/2025\/04\/Nota-Tecnica-no-010.2025_CIDASC_DEINP_CIODE.pdf\">Nota T\u00e9cnica DEINP\/CIODE n\u00b0 10\/2025<\/a><\/td><td>Armazenamento e envio de ovos trincados para a industrializa\u00e7\u00e3o<\/td><\/tr><tr><td><a href=\"https:\/\/www.cidasc.sc.gov.br\/inspecao\/files\/2025\/05\/Processo-CIDASC-00002405_2025.pdf\">Nota T\u00e9cnica DEINP\/CIODE n\u00ba 15\/2025<\/a><\/td><td>Aditivos alimentares autorizados em ovos de codorna em conserva e semiconserva<\/td><\/tr><\/tbody><tfoot><tr><td><\/td><td><\/td><\/tr><\/tfoot><\/table><\/figure>\n\n\n\n<hr class=\"wp-block-separator has-css-opacity\" \/>\n\n\n\n<hr class=\"wp-block-separator has-css-opacity\" \/>\n","protected":false},"excerpt":{"rendered":"<p>Servi\u00e7o de Inspe\u00e7\u00e3o &#8211; OVOS O ovo comercial \u00e9 o produto de uma eficiente transforma\u00e7\u00e3o biol\u00f3gica feita pela galinha de postura. A ave transforma recursos alimentares de menor valor biol\u00f3gico em um produto com alta qualidade nutricional para o consumo humano. Ele \u00e9 um dos alimentos mais complexos que existe, possuindo prote\u00ednas, glic\u00eddios, lip\u00eddeos, vitaminas,[&#8230;] <a class=\"moretag\" href=\"https:\/\/www.cidasc.sc.gov.br\/inspecao\/ovos\/\">Leia mais&#8230;<\/a><\/p>\n","protected":false},"author":17,"featured_media":0,"parent":0,"menu_order":0,"comment_status":"closed","ping_status":"closed","template":"","meta":{"footnotes":""},"class_list":["post-5262","page","type-page","status-publish","hentry"],"_links":{"self":[{"href":"https:\/\/www.cidasc.sc.gov.br\/inspecao\/wp-json\/wp\/v2\/pages\/5262","targetHints":{"allow":["GET"]}}],"collection":[{"href":"https:\/\/www.cidasc.sc.gov.br\/inspecao\/wp-json\/wp\/v2\/pages"}],"about":[{"href":"https:\/\/www.cidasc.sc.gov.br\/inspecao\/wp-json\/wp\/v2\/types\/page"}],"author":[{"embeddable":true,"href":"https:\/\/www.cidasc.sc.gov.br\/inspecao\/wp-json\/wp\/v2\/users\/17"}],"replies":[{"embeddable":true,"href":"https:\/\/www.cidasc.sc.gov.br\/inspecao\/wp-json\/wp\/v2\/comments?post=5262"}],"version-history":[{"count":71,"href":"https:\/\/www.cidasc.sc.gov.br\/inspecao\/wp-json\/wp\/v2\/pages\/5262\/revisions"}],"predecessor-version":[{"id":11696,"href":"https:\/\/www.cidasc.sc.gov.br\/inspecao\/wp-json\/wp\/v2\/pages\/5262\/revisions\/11696"}],"wp:attachment":[{"href":"https:\/\/www.cidasc.sc.gov.br\/inspecao\/wp-json\/wp\/v2\/media?parent=5262"}],"curies":[{"name":"wp","href":"https:\/\/api.w.org\/{rel}","templated":true}]}}