{"id":5229,"date":"2020-06-19T16:44:30","date_gmt":"2020-06-19T16:44:30","guid":{"rendered":"http:\/\/www.cidasc.sc.gov.br\/inspecao\/?page_id=5229"},"modified":"2026-04-17T19:30:46","modified_gmt":"2026-04-17T19:30:46","slug":"novilho-precoce","status":"publish","type":"page","link":"https:\/\/www.cidasc.sc.gov.br\/inspecao\/novilho-precoce\/","title":{"rendered":"Novilho Precoce"},"content":{"rendered":"\n<hr class=\"wp-block-separator has-css-opacity\" \/>\n\n\n\n<hr class=\"wp-block-separator has-css-opacity\" \/>\n\n\n<p style=\"text-align: center\"><span style=\"font-family: Arial, sans-serif\"><span style=\"font-size: large\"><span style=\"color: #222222\"><b>Programa Novilho Precoce<\/b><\/span><\/span><\/span><\/p>\n<p align=\"justify\"><span style=\"font-family: Arial, sans-serif\"><span style=\"font-size: medium\"><span style=\"color: #222222\">\u00c9 uma iniciativa p\u00fablica de est\u00edmulo ao trabalho de melhoramento do rebanho bovino catarinense, institu\u00eddo pela Lei 9183, de 28 de julho de 1993.<\/span><\/span><\/span><\/p>\n<p align=\"justify\"><span style=\"font-family: Arial, sans-serif\"><span style=\"font-size: medium\"><span style=\"color: #222222\">Produtores rurais de novilhos e abatedouros frigor\u00edficos do Estado de Santa Catarina, desde que cumpram os requisitos estabelecidos, podem fazer parte deste Programa. <\/span><\/span><\/span><\/p>\n<p align=\"justify\"><span style=\"font-family: Arial, sans-serif\"><span style=\"font-size: medium\"><span style=\"color: #222222\">Objetivos: <\/span><\/span><\/span><\/p>\n<p align=\"justify\"><span style=\"font-family: Arial, sans-serif\"><span style=\"font-size: medium\"><span style=\"color: #222222\">&#8211; Viabilizar a atividade pecu\u00e1ria atrav\u00e9s do aumento da produtividade;<\/span><\/span><\/span><\/p>\n<p align=\"justify\"><span style=\"font-family: Arial, sans-serif\"><span style=\"font-size: medium\"><span style=\"color: #222222\">&#8211; Diminuir o d\u00e9ficit de carne bovina no Estado;<\/span><\/span><\/span><\/p>\n<p align=\"justify\"><span style=\"font-family: Arial, sans-serif\"><span style=\"font-size: medium\"><span style=\"color: #222222\">&#8211; Aumentar o emprego no meio rural;<\/span><\/span><\/span><\/p>\n<p align=\"justify\"><span style=\"font-family: Arial, sans-serif\"><span style=\"font-size: medium\"><span style=\"color: #222222\">&#8211; Gerar renda ao produtor rural por meio de incentivo financeiro que pode chegar a 3,5% sobre o valor pago pelo Kg de carca\u00e7a do animal abatido; <\/span><\/span><\/span><\/p>\n<p align=\"justify\"><a name=\"_GoBack\"><\/a><span style=\"font-family: Arial, sans-serif\"><span style=\"font-size: medium\"><span style=\"color: #222222\">&#8211; Melhorar a qualidade da carne ofertada atrav\u00e9s da redu\u00e7\u00e3o da idade de abate, da tipifica\u00e7\u00e3o das carca\u00e7as e do controle sanit\u00e1rio.<\/span><\/span><\/span><\/p>\n<p style=\"text-align: center\" align=\"justify\"><strong><a href=\"https:\/\/www.cidasc.sc.gov.br\/inspecao\/files\/2026\/04\/Relacao-de-Produtores-Rurais-Cadastrados-no-Programa-Novilho-Precoce.pdf\">Rela\u00e7\u00e3o de Produtores Rurais Cadastrados no Programa Novilho Precoce<\/a><\/strong><\/p>\n<p align=\"justify\"><span style=\"color: #191e23\"><span style=\"font-family: Arial, sans-serif\"><span style=\"font-size: medium\">A rela\u00e7\u00e3o de estabelecimentos <strong>Abatedouros Frigor\u00edficos Credenciados no Programa Novilho Precoce<\/strong> encontra-se na tabela abaixo:<\/span><\/span><\/span><\/p>\n<p align=\"justify\">\n\n\n<h4 class=\"wp-block-heading has-text-align-center\"><strong>Abatedouros Frigor\u00edficos Credenciados no Programa Novilho Precoce<\/strong><\/h4>\n\n\n\n<figure class=\"wp-block-table is-style-stripes\"><table class=\"has-background\" style=\"background-color:#e9fbe5\"><thead><tr><th class=\"has-text-align-center\" data-align=\"center\"><strong>SIE\/SIF<\/strong><\/th><th class=\"has-text-align-center\" data-align=\"center\"><strong>Raz\u00e3o Social<\/strong><\/th><th class=\"has-text-align-center\" data-align=\"center\"><strong>Departamento Regional<\/strong><\/th><th class=\"has-text-align-center\" data-align=\"center\"><strong>Munic\u00edpio<\/strong><\/th><\/tr><\/thead><tbody><tr><td class=\"has-text-align-center\" data-align=\"center\">06<\/td><td class=\"has-text-align-center\" data-align=\"center\">Frigor\u00edfico e Distribuidora de Carnes Magia LTDA ME<\/td><td class=\"has-text-align-center\" data-align=\"center\">S\u00e3o Miguel do Oeste<\/td><td class=\"has-text-align-center\" data-align=\"center\">S\u00e3o Miguel do Oeste<\/td><\/tr><tr><td class=\"has-text-align-center\" data-align=\"center\">40<\/td><td class=\"has-text-align-center\" data-align=\"center\">Frigor\u00edfico Ana Carolina<\/td><td class=\"has-text-align-center\" data-align=\"center\">Joa\u00e7aba<\/td><td class=\"has-text-align-center\" data-align=\"center\">\u00c1gua Doce<\/td><\/tr><tr><td class=\"has-text-align-center\" data-align=\"center\">41<\/td><td class=\"has-text-align-center\" data-align=\"center\">Frisajo Agropecu\u00e1ria Industrial LTDA<\/td><td class=\"has-text-align-center\" data-align=\"center\">Joinville<\/td><td class=\"has-text-align-center\" data-align=\"center\">S\u00e3o Jo\u00e3o do Itaperi\u00fa<\/td><\/tr><tr><td class=\"has-text-align-center\" data-align=\"center\">91<\/td><td class=\"has-text-align-center\" data-align=\"center\">Frigor\u00edfico Scoz<\/td><td class=\"has-text-align-center\" data-align=\"center\">Rio do Sul<\/td><td class=\"has-text-align-center\" data-align=\"center\">Rio do Sul<\/td><\/tr><tr><td class=\"has-text-align-center\" data-align=\"center\">98<\/td><td class=\"has-text-align-center\" data-align=\"center\">Frigor\u00edfico Broering LTDA ME<\/td><td class=\"has-text-align-center\" data-align=\"center\">Itaja\u00ed<\/td><td class=\"has-text-align-center\" data-align=\"center\">Santo Amaro da Imperatriz<\/td><\/tr><tr><td class=\"has-text-align-center\" data-align=\"center\">167<\/td><td class=\"has-text-align-center\" data-align=\"center\">Frigor\u00edfico Bazotti LTDA<\/td><td class=\"has-text-align-center\" data-align=\"center\">&nbsp;Joa\u00e7aba<\/td><td class=\"has-text-align-center\" data-align=\"center\">Erval Velho<\/td><\/tr><tr><td class=\"has-text-align-center\" data-align=\"center\">233<\/td><td class=\"has-text-align-center\" data-align=\"center\">Frigor\u00edfico Menestrina LTDA<\/td><td class=\"has-text-align-center\" data-align=\"center\">Blumenau<\/td><td class=\"has-text-align-center\" data-align=\"center\">Rio dos Cedros<\/td><\/tr><tr><td class=\"has-text-align-center\" data-align=\"center\">247<\/td><td class=\"has-text-align-center\" data-align=\"center\">Frigor\u00edfico Nova Era LTDA&nbsp;<\/td><td class=\"has-text-align-center\" data-align=\"center\">Itaja\u00ed<\/td><td class=\"has-text-align-center\" data-align=\"center\">Itaja\u00ed<\/td><\/tr><tr><td class=\"has-text-align-center\" data-align=\"center\">382<\/td><td class=\"has-text-align-center\" data-align=\"center\">Frigor\u00edfico Varpi LTDA<\/td><td class=\"has-text-align-center\" data-align=\"center\">Conc\u00f3rdia<\/td><td class=\"has-text-align-center\" data-align=\"center\">Conc\u00f3rdia<\/td><\/tr><tr><td class=\"has-text-align-center\" data-align=\"center\">405<\/td><td class=\"has-text-align-center\" data-align=\"center\">Sidneia Zanella Grassi<\/td><td class=\"has-text-align-center\" data-align=\"center\">Tubar\u00e3o<\/td><td class=\"has-text-align-center\" data-align=\"center\">Pedras Grandes<\/td><\/tr><tr><td class=\"has-text-align-center\" data-align=\"center\">416<\/td><td class=\"has-text-align-center\" data-align=\"center\">Carnes Arvoredo LTDA<\/td><td class=\"has-text-align-center\" data-align=\"center\">Xanxer\u00ea<\/td><td class=\"has-text-align-center\" data-align=\"center\">Xanxer\u00ea<\/td><\/tr><tr><td class=\"has-text-align-center\" data-align=\"center\">443<\/td><td class=\"has-text-align-center\" data-align=\"center\">Frigor\u00edfico Bismark LTDA<\/td><td class=\"has-text-align-center\" data-align=\"center\">Tubar\u00e3o<\/td><td class=\"has-text-align-center\" data-align=\"center\">Rio Fortuna<\/td><\/tr><tr><td class=\"has-text-align-center\" data-align=\"center\">492<\/td><td class=\"has-text-align-center\" data-align=\"center\">Frigor\u00edfico Salto Veloso<\/td><td class=\"has-text-align-center\" data-align=\"center\">Videira<\/td><td class=\"has-text-align-center\" data-align=\"center\">Salto Veloso<\/td><\/tr><tr><td class=\"has-text-align-center\" data-align=\"center\">505<\/td><td class=\"has-text-align-center\" data-align=\"center\">Abatedouro Marcon LTDA<\/td><td class=\"has-text-align-center\" data-align=\"center\">Guaraciaba<\/td><td class=\"has-text-align-center\" data-align=\"center\">S\u00e3o Miguel do Oeste<\/td><\/tr><tr><td class=\"has-text-align-center\" data-align=\"center\">733<\/td><td class=\"has-text-align-center\" data-align=\"center\">Cedro Frigor Abates e Alimentos LTDA ME<\/td><td class=\"has-text-align-center\" data-align=\"center\">S\u00e3o Miguel do Oeste<\/td><td class=\"has-text-align-center\" data-align=\"center\">S\u00e3o Jos\u00e9 do Cedro<\/td><\/tr><tr><td class=\"has-text-align-center\" data-align=\"center\">1082<\/td><td class=\"has-text-align-center\" data-align=\"center\">Frigototi Abatedouro LTDA<\/td><td class=\"has-text-align-center\" data-align=\"center\">Canoinhas<\/td><td class=\"has-text-align-center\" data-align=\"center\">Canoinhas<\/td><\/tr><tr><td class=\"has-text-align-center\" data-align=\"center\">1095<\/td><td class=\"has-text-align-center\" data-align=\"center\">Frigor\u00edfico Europa<\/td><td class=\"has-text-align-center\" data-align=\"center\">S\u00e3o Miguel do Oeste<\/td><td class=\"has-text-align-center\" data-align=\"center\">Ipor\u00e3 do Oeste<\/td><\/tr><tr><td class=\"has-text-align-center\" data-align=\"center\">1112<\/td><td class=\"has-text-align-center\" data-align=\"center\">Frigor\u00edfico Bom Sucesso LTDA DEMAIS<\/td><td class=\"has-text-align-center\" data-align=\"center\">Videira<\/td><td class=\"has-text-align-center\" data-align=\"center\">Iomer\u00ea<\/td><\/tr><tr><td class=\"has-text-align-center\" data-align=\"center\">998<\/td><td class=\"has-text-align-center\" data-align=\"center\">Frigor\u00edfico Klein LTDA<\/td><td class=\"has-text-align-center\" data-align=\"center\">S\u00e3o Louren\u00e7o do Oeste<\/td><td class=\"has-text-align-center\" data-align=\"center\">Campo Er\u00ea<\/td><\/tr><tr><td class=\"has-text-align-center\" data-align=\"center\">899<\/td><td class=\"has-text-align-center\" data-align=\"center\">Frigor\u00edfico Friouro Vuelma Stefanes LTDA<\/td><td class=\"has-text-align-center\" data-align=\"center\">Ca\u00e7ador<\/td><td class=\"has-text-align-center\" data-align=\"center\">Ca\u00e7ador<\/td><\/tr><\/tbody><\/table><\/figure>\n\n\n\n<hr class=\"wp-block-separator has-css-opacity\" \/>\n\n\n\n<hr class=\"wp-block-separator has-css-opacity\" \/>\n\n\n\n<p style=\"font-size:19px\"><strong>LEGISLA\u00c7\u00c3O<\/strong><\/p>\n\n\n\n<div class=\"wp-block-columns is-layout-flex wp-container-core-columns-is-layout-9d6595d7 wp-block-columns-is-layout-flex\">\n<div class=\"wp-block-column is-layout-flow wp-block-column-is-layout-flow\">\n<p><strong>DOCUMENTO<\/strong><\/p>\n<\/div>\n\n\n\n<div class=\"wp-block-column is-layout-flow wp-block-column-is-layout-flow\">\n<p><strong>DESCRI\u00c7\u00c3O<\/strong><\/p>\n<\/div>\n<\/div>\n\n\n\n<figure class=\"wp-block-table is-style-stripes\"><table class=\"has-fixed-layout\"><thead><tr><th class=\"has-text-align-left\" data-align=\"left\">LEI<\/th><th><\/th><\/tr><\/thead><tbody><tr><td class=\"has-text-align-left\" data-align=\"left\"><a href=\"http:\/\/www.cidasc.sc.gov.br\/inspecao\/files\/2019\/08\/LEI-N%C2%B0-9.183-de-28.07.93-Programa-de-Apoio-%C3%A0-Cria%C3%A7%C3%A3o-de-Gado-para-Abate-Precoce.pdf\">Lei n\u00b0 9.183 de 28 de julho de 1993<\/a><\/td><td>Cria o Programa de Apoio \u00e0 Cria\u00e7\u00e3o de Gado para Abate Precoce e d\u00e1 outras provid\u00eancias<\/td><\/tr><tr><td class=\"has-text-align-left\" data-align=\"left\"><a href=\"http:\/\/www.cidasc.sc.gov.br\/inspecao\/files\/2019\/08\/Lei-N%C2%BA-16.540-de-23-de-dezembro-de-2014-Altera-a-LEI-9183-de-28-de-julho-de-1993.pdf\">Lei n\u00ba 16.540 de 23 de dezembro de 2014<\/a><\/td><td>Altera\u00e7\u00e3o a LEI N\u00ba 9.183 de 1993<\/td><\/tr><tr><td class=\"has-text-align-left\" data-align=\"left\"><a href=\"http:\/\/www.cidasc.sc.gov.br\/inspecao\/files\/2019\/08\/LEI-N%C2%BA-16.752-DE-10-DE-NOVEMBRO-DE-2015-Cria-a-categoria-de-Novilho-Super-Precoce-e-altera-o-sistema-de-repasse-de-benef%C3%ADcio-fiscal.pdf\">Lei n\u00ba 16.752 de 10 de novembro de 2015<\/a><\/td><td>Cria a categoria de Novilho Super Precoce e altera o sistema de repasse de benef\u00edcio fiscal<\/td><\/tr><tr><td class=\"has-text-align-left\" data-align=\"left\"><a href=\"https:\/\/www.cidasc.sc.gov.br\/inspecao\/files\/2026\/04\/LEI-No-19.391-DE-25-DE-JULHO-DE-2025.pdf\">Lei n\u00ba 19.391, de 25 de julho de 2025<\/a><\/td><td>Disp\u00f5e sobre a concess\u00e3o de cr\u00e9dito presumido do Imposto sobre Opera\u00e7\u00f5es Relativas \u00e0 Circula\u00e7\u00e3o de Mercadorias e sobre Presta\u00e7\u00f5es de Servi\u00e7os de Transporte Interestadual e Intermunicipal e de Comunica\u00e7\u00e3o (ICMS) aos estabelecimentos abatedores de gado bovino ou bubalino<\/td><\/tr><\/tbody><tfoot><tr><td class=\"has-text-align-left\" data-align=\"left\"><\/td><td><\/td><\/tr><\/tfoot><\/table><\/figure>\n\n\n\n<figure class=\"wp-block-table is-style-stripes\"><table class=\"has-fixed-layout\"><thead><tr><th class=\"has-text-align-left\" data-align=\"left\"><br>DECRETO<\/th><th><\/th><\/tr><\/thead><tbody><tr><td class=\"has-text-align-left\" data-align=\"left\"><a href=\"http:\/\/legislacao.sef.sc.gov.br\/Cabecalhos\/frame_ricms_01_00_00.htm\">Decreto n\u00b0 2.870, de 27 de agosto de 2001<\/a><\/td><td>Aprova o Regulamento do Imposto sobre Opera\u00e7\u00f5es Relativas \u00e0 Circula\u00e7\u00e3o de Mercadorias e sobre Presta\u00e7\u00f5es de Servi\u00e7os de Transporte Interestadual e Intermunicipal e de Comunica\u00e7\u00e3o em SC<\/td><\/tr><tr><td class=\"has-text-align-left\" data-align=\"left\"><a href=\"http:\/\/www.cidasc.sc.gov.br\/inspecao\/files\/2019\/08\/Decreto-211.2019-RICMS.pdf\">Decreto n\u00ba 211, de 14 de agosto de 2019<\/a><\/td><td>Regulamento de ICMS\/SC<\/td><\/tr><tr><td class=\"has-text-align-left\" data-align=\"left\"><a href=\"https:\/\/www.cidasc.sc.gov.br\/inspecao\/files\/2026\/04\/DECRETO-No-1.393-DE-29-DE-JANEIRO-DE-2026.pdf\">Decreto N\u00ba 1.393, de 29 de janeiro de 2026<\/a><\/td><td>Introduz a Altera\u00e7\u00e3o 4.970 no RICMS\/SC-01<\/td><\/tr><\/tbody><tfoot><tr><td class=\"has-text-align-left\" data-align=\"left\"><\/td><td><\/td><\/tr><\/tfoot><\/table><\/figure>\n\n\n\n<figure class=\"wp-block-table is-style-stripes\"><table class=\"has-fixed-layout\"><thead><tr><th class=\"has-text-align-left\" data-align=\"left\"><br>PORTARIA<\/th><th><\/th><\/tr><\/thead><tbody><tr><td class=\"has-text-align-left\" data-align=\"left\"><a href=\"http:\/\/www.cidasc.sc.gov.br\/inspecao\/files\/2012\/08\/PORTARIA-MAPA-612-DE-05-10-1989.pdf\">Portaria MAPA n\u00ba 612 de 05 de outubro de 1989<\/a><\/td><td>Sistema nacional de tipifica\u00e7\u00e3o de carca\u00e7as bovina<\/td><\/tr><tr><td class=\"has-text-align-left\" data-align=\"left\"><a href=\"http:\/\/www.cidasc.sc.gov.br\/inspecao\/files\/2012\/08\/PORTARIA-268.pdf\">Portaria MAPA n\u00ba 268 de 04 de maio de 1995<\/a><\/td><td>Padr\u00f5es de valoriza\u00e7\u00e3o da qualidade comercial<\/td><\/tr><tr><td class=\"has-text-align-left\" data-align=\"left\"><a href=\"http:\/\/www.cidasc.sc.gov.br\/inspecao\/files\/2012\/08\/PORTARIA-N%C2%BA-269-DE-4-DE-MAIO-DE-1995.pdf\">Portaria MAPA n\u00ba 269 de 04 de maio de 1995<\/a><\/td><td>Normas &#8211; Cadastramento dos<br>criadores, o credenciamento de matadouros frigor\u00edficos e da entidade incumbida da certifica\u00e7\u00e3o de qualidade<\/td><\/tr><tr><td class=\"has-text-align-left\" data-align=\"left\"><a href=\"http:\/\/www.cidasc.sc.gov.br\/inspecao\/files\/2012\/08\/Portaria-SAR-9.2016-Normas-operacionais-Prog.-NP.pdf\">Portaria SAR n\u00ba 9 de 18 de fevereiro de 2016<\/a><\/td><td>Normas para operacionaliza\u00e7\u00e3o do programa de apoio a cria\u00e7\u00e3o de gado para abate precoce<\/td><\/tr><\/tbody><tfoot><tr><td class=\"has-text-align-left\" data-align=\"left\"><\/td><td><\/td><\/tr><\/tfoot><\/table><\/figure>\n\n\n\n<figure class=\"wp-block-table is-style-stripes\"><table class=\"has-fixed-layout\"><thead><tr><th class=\"has-text-align-left\" data-align=\"left\"><br>INSTRU\u00c7\u00c3O NORMATIVA<\/th><th><\/th><\/tr><\/thead><tbody><tr><td class=\"has-text-align-left\" data-align=\"left\"><a href=\"http:\/\/www.cidasc.sc.gov.br\/inspecao\/files\/2018\/10\/Instru%C3%A7%C3%A3o-Normativa-N%C2%BA9-04-de-Maio-de-2004-.pdf\">Instru\u00e7\u00e3o Normativa MAPA n\u00ba 9 de 04 de maio de 2004<\/a><\/td><td>Altera a Portaria N\u00ba 612, de 05\/10\/1989, referente ao sistema brasileiro de classifica\u00e7\u00e3o de carca\u00e7as de bovinos<\/td><\/tr><\/tbody><tfoot><tr><td class=\"has-text-align-left\" data-align=\"left\"><\/td><td><br><\/td><\/tr><\/tfoot><\/table><\/figure>\n\n\n\n<hr class=\"wp-block-separator has-css-opacity\" \/>\n\n\n\n<hr class=\"wp-block-separator has-css-opacity\" \/>\n\n\n\n<p><strong>FORMUL\u00c1RIOS<\/strong><\/p>\n\n\n\n<figure class=\"wp-block-table is-style-stripes\"><table class=\"has-fixed-layout\"><tbody><tr><td>Formul\u00e1rio <\/td><td><a href=\"http:\/\/www.cidasc.sc.gov.br\/inspecao\/files\/2020\/04\/Solicita%C3%A7%C3%A3o-de-Credenciamento-de-Frigorifico.doc\">Solicita\u00e7\u00e3o de Credenciamento de Abatedouro Frigor\u00edfico<\/a><\/td><\/tr><tr><td>Formul\u00e1rio<\/td><td><a href=\"http:\/\/www.cidasc.sc.gov.br\/inspecao\/files\/2018\/04\/suspens%C3%A3o-cancelamento-reativa%C3%A7%C3%A3o-novilho-precoce.docx\">Solicita\u00e7\u00e3o de suspens\u00e3o, cancelamento ou reativa\u00e7\u00e3o das atividades no Programa Novilho Precoce<\/a><\/td><\/tr><\/tbody><\/table><\/figure>\n\n\n\n<hr class=\"wp-block-separator has-css-opacity\" \/>\n\n\n\n<hr class=\"wp-block-separator has-css-opacity\" \/>\n\n\n\n<figure class=\"wp-block-table is-style-stripes\"><table class=\"has-fixed-layout\"><thead><tr><th class=\"has-text-align-left\" data-align=\"left\"><br>MANUAIS<br><\/th><th><\/th><\/tr><\/thead><tbody><tr><td class=\"has-text-align-left\" data-align=\"left\">01<\/td><td><a href=\"http:\/\/www.cidasc.sc.gov.br\/inspecao\/files\/2020\/05\/1.-Manual-para-Cadastro-de-UEP-de-novilho-precoce-no-SIGEN.pdf\">Cadastro de UEP de novilho precoce no SIGEN+<\/a><\/td><\/tr><tr><td class=\"has-text-align-left\" data-align=\"left\">02<\/td><td><a href=\"http:\/\/www.cidasc.sc.gov.br\/inspecao\/files\/2020\/05\/2.-Manual-para-Pesquisa-de-UEP-de-novilho-precoce-no-SIGEN.pdf\">Pesquisa de UEP de novilho precoce no SIGEN+<\/a><\/td><\/tr><\/tbody><tfoot><tr><td class=\"has-text-align-left\" data-align=\"left\"><\/td><td><\/td><\/tr><\/tfoot><\/table><\/figure>\n\n\n\n<hr class=\"wp-block-separator has-css-opacity\" \/>\n\n\n\n<hr class=\"wp-block-separator has-css-opacity\" \/>\n\n\n\n<p><strong>NOTAS T\u00c9CNICAS E DOCUMENTOS<\/strong><\/p>\n\n\n\n<figure class=\"wp-block-table is-style-stripes\"><table class=\"has-fixed-layout\"><thead><tr><th class=\"has-text-align-left\" data-align=\"left\"><\/th><th><\/th><\/tr><\/thead><tbody><tr><td class=\"has-text-align-left\" data-align=\"left\"><a href=\"http:\/\/www.cidasc.sc.gov.br\/inspecao\/files\/2019\/06\/Nota-T%C3%A9cnica-DEINP-n%C2%BA-11-Cadastro-Novilho-Precoce-SIGEN-VF-17-05-2019.pdf\">Nota T\u00e9cnica n\u00ba 11\/2019\/DEINP<\/a><\/td><td>Cadastro de UEP bovina no Sigen+<\/td><\/tr><tr><td class=\"has-text-align-left\" data-align=\"left\"><a href=\"http:\/\/www.cidasc.sc.gov.br\/inspecao\/files\/2020\/05\/2.-NT-DEINP-60.2019-Regras-Emiss\u00e3o-de-GTA-Novilho-Precoce-no-SIGEN.pdf\">Nota T\u00e9cnica n\u00ba 60\/2019\/DEINP<\/a><\/td><td>Regras Emiss\u00e3o de e-GTA Novilho Precoce no SIGEN+<\/td><\/tr><tr><td class=\"has-text-align-left\" data-align=\"left\"><a href=\"http:\/\/www.cidasc.sc.gov.br\/inspecao\/files\/2020\/05\/3.-NT-DEINP-88.2019-Tela-Tipifica\u00e7\u00e3o-de-Carca\u00e7as-no-SIGEN.pdf\">Nota T\u00e9cnica n\u00ba 88\/2019\/DEINP<\/a><\/td><td>Tela Tipifica\u00e7\u00e3o de Carca\u00e7as no SIGEN+<\/td><\/tr><tr><td class=\"has-text-align-left\" data-align=\"left\"><a href=\"http:\/\/www.cidasc.sc.gov.br\/inspecao\/files\/2020\/05\/4.-NT-DEINP-93.2019-Categoria-M4.pdf\">Nota T\u00e9cnica n\u00ba 93\/2019\/DEINP<\/a><\/td><td>Categoria M4<\/td><\/tr><tr><td class=\"has-text-align-left\" data-align=\"left\"><a href=\"http:\/\/www.cidasc.sc.gov.br\/inspecao\/files\/2020\/05\/6.-NT-011.2020-Melhorias-Tela-Tipifica\u00e7\u00e3o-de-Carca\u00e7a-no-SIGEN.pdf\">Nota T\u00e9cnica n\u00ba 11\/2020\/DEINP<\/a><\/td><td>Melhorias Tela Tipifica\u00e7\u00e3o de Carca\u00e7a no SIGEN+<\/td><\/tr><tr><td class=\"has-text-align-left\" data-align=\"left\"><a href=\"http:\/\/www.cidasc.sc.gov.br\/inspecao\/files\/2020\/05\/5.-NT-38.2020-Melhorias-Tela-Tipifica%C3%A7%C3%A3o-de-Carca%C3%A7a-no-SIGEN.pdf\">Nota T\u00e9cnica n\u00ba 38\/2020\/DEINP<\/a><\/td><td>Melhorias Tela Tipifica\u00e7\u00e3o de Carca\u00e7a no SIGEN+<\/td><\/tr><tr><td class=\"has-text-align-left\" data-align=\"left\"><a href=\"http:\/\/www.cidasc.sc.gov.br\/inspecao\/files\/2020\/05\/7.-NT-65.2020-Esclarecimento-cadastro-UEP-de-Novilho-Precoce-no-SIGEN.pdf\">Nota T\u00e9cnica n\u00ba 65\/2020\/DEINP<\/a><\/td><td>Esclarecimento cadastro UEP de Novilho Precoce no SIGEN+<\/td><\/tr><tr><td class=\"has-text-align-left\" data-align=\"left\"><a href=\"http:\/\/www.cidasc.sc.gov.br\/inspecao\/files\/2019\/08\/certificado-de-tipifica%C3%A7%C3%A3o-de-carca%C3%A7as.ods\">Certificado de Tipifica\u00e7\u00e3o de Carca\u00e7a<\/a><\/td><td>Certificado (edit\u00e1vel)<\/td><\/tr><\/tbody><\/table><\/figure>\n\n\n\n<hr class=\"wp-block-separator has-css-opacity\" \/>\n\n\n\n<hr class=\"wp-block-separator has-css-opacity\" \/>\n","protected":false},"excerpt":{"rendered":"<p>Programa Novilho Precoce \u00c9 uma iniciativa p\u00fablica de est\u00edmulo ao trabalho de melhoramento do rebanho bovino catarinense, institu\u00eddo pela Lei 9183, de 28 de julho de 1993. Produtores rurais de novilhos e abatedouros frigor\u00edficos do Estado de Santa Catarina, desde que cumpram os requisitos estabelecidos, podem fazer parte deste Programa. Objetivos: &#8211; Viabilizar a atividade[&#8230;] <a class=\"moretag\" href=\"https:\/\/www.cidasc.sc.gov.br\/inspecao\/novilho-precoce\/\">Leia mais&#8230;<\/a><\/p>\n","protected":false},"author":17,"featured_media":0,"parent":0,"menu_order":0,"comment_status":"closed","ping_status":"closed","template":"","meta":{"footnotes":""},"class_list":["post-5229","page","type-page","status-publish","hentry"],"_links":{"self":[{"href":"https:\/\/www.cidasc.sc.gov.br\/inspecao\/wp-json\/wp\/v2\/pages\/5229","targetHints":{"allow":["GET"]}}],"collection":[{"href":"https:\/\/www.cidasc.sc.gov.br\/inspecao\/wp-json\/wp\/v2\/pages"}],"about":[{"href":"https:\/\/www.cidasc.sc.gov.br\/inspecao\/wp-json\/wp\/v2\/types\/page"}],"author":[{"embeddable":true,"href":"https:\/\/www.cidasc.sc.gov.br\/inspecao\/wp-json\/wp\/v2\/users\/17"}],"replies":[{"embeddable":true,"href":"https:\/\/www.cidasc.sc.gov.br\/inspecao\/wp-json\/wp\/v2\/comments?post=5229"}],"version-history":[{"count":128,"href":"https:\/\/www.cidasc.sc.gov.br\/inspecao\/wp-json\/wp\/v2\/pages\/5229\/revisions"}],"predecessor-version":[{"id":12511,"href":"https:\/\/www.cidasc.sc.gov.br\/inspecao\/wp-json\/wp\/v2\/pages\/5229\/revisions\/12511"}],"wp:attachment":[{"href":"https:\/\/www.cidasc.sc.gov.br\/inspecao\/wp-json\/wp\/v2\/media?parent=5229"}],"curies":[{"name":"wp","href":"https:\/\/api.w.org\/{rel}","templated":true}]}}