{"id":5037,"date":"2020-06-19T17:20:44","date_gmt":"2020-06-19T17:20:44","guid":{"rendered":"http:\/\/www.cidasc.sc.gov.br\/inspecao\/?page_id=5037"},"modified":"2026-05-13T17:24:28","modified_gmt":"2026-05-13T17:24:28","slug":"legislacao-federal","status":"publish","type":"page","link":"https:\/\/www.cidasc.sc.gov.br\/inspecao\/legislacoes-e-normativas\/legislacao-federal\/","title":{"rendered":"Legisla\u00e7\u00e3o Federal"},"content":{"rendered":"\n<hr class=\"wp-block-separator has-css-opacity\" \/>\n\n\n\n<hr class=\"wp-block-separator has-css-opacity\" \/>\n\n\n\n<figure class=\"wp-block-table is-style-stripes\"><table class=\"has-fixed-layout\"><thead><tr><th class=\"has-text-align-left\" data-align=\"left\">LEI<\/th><th><\/th><\/tr><\/thead><tbody><tr><td class=\"has-text-align-left\" data-align=\"left\"><a href=\"https:\/\/www.cidasc.sc.gov.br\/inspecao\/files\/2020\/06\/01.-LEI-N%C2%BA-1.283-DE-1950.-estabelece-a-obrigatoriedade-da-pr%C3%A9via-fiscaliza%C3%A7%C3%A3o-sob-o-ponto-de-vista.pdf\">Lei n\u00ba 1.283, de 18 de dezembro de 1950<\/a><\/td><td>Estabelece a obrigatoriedade da pr\u00e9via fiscaliza\u00e7\u00e3o, sob o ponto de vista industrial e sanit\u00e1rio<\/td><\/tr><tr><td class=\"has-text-align-left\" data-align=\"left\"><a href=\"https:\/\/www.cidasc.sc.gov.br\/inspecao\/files\/2022\/03\/Lei-n%C2%B0-8.078-de-11-de-Setembro-de-1990.pdf\">Lei n\u00b0 8.078, de 11 de Setembro de 1990<\/a><\/td><td>Disp\u00f5e sobre a prote\u00e7\u00e3o do consumidor e d\u00e1 outras provid\u00eancias<\/td><\/tr><tr><td class=\"has-text-align-left\" data-align=\"left\"><a href=\"https:\/\/www.cidasc.sc.gov.br\/inspecao\/files\/2026\/05\/Lei-n\u00b0-8.171-de-17-de-janeiro-de-1991.pdf\">Lei n\u00b0 8.171, de 17 de janeiro de 1991<\/a><\/td><td>Pol\u00edtica agr\u00edcola<\/td><\/tr><\/tbody><tfoot><tr><td class=\"has-text-align-left\" data-align=\"left\"><\/td><td><\/td><\/tr><\/tfoot><\/table><\/figure>\n\n\n\n<figure class=\"wp-block-table is-style-stripes\"><table class=\"has-fixed-layout\"><thead><tr><th class=\"has-text-align-left\" data-align=\"left\">DECRETO<\/th><th><\/th><\/tr><\/thead><tbody><tr><td class=\"has-text-align-left\" data-align=\"left\"><a href=\"https:\/\/www.cidasc.sc.gov.br\/inspecao\/files\/2026\/05\/Decreto-no-5.741-de-30-de-marco-de-2006.pdf\">Decreto n\u00ba 5.741, de 30 de mar\u00e7o de 2006<\/a><\/td><td>Regulamenta os arts. 27-A, 28-A e 29-A da Lei n<sup><u>o<\/u><\/sup>&nbsp;8.171, de 17 de janeiro de 1991, organiza o Sistema Unificado de Aten\u00e7\u00e3o \u00e0 Sanidade Agropecu\u00e1ria, e d\u00e1 outras provid\u00eancias.<\/td><\/tr><tr><td class=\"has-text-align-left\" data-align=\"left\"><a href=\"http:\/\/www.cidasc.sc.gov.br\/inspecao\/files\/2020\/07\/04.-DECRETO-N\u00ba-10.419-DE-7-DE-JULHO-DE-2020-DECRETO-N\u00ba-10.419-DE-7-DE-JULHO-DE-2020-DOU-Imprensa-Nacional.pdf\">Decreto n\u00ba 10.419, de 7 de julho de 2020<\/a><\/td><td>Inspe\u00e7\u00e3o <em>ante mortem<\/em> e <em>post mortem<\/em> de animais em estabelecimentos<\/td><\/tr><tr><td class=\"has-text-align-left\" data-align=\"left\"><a href=\"https:\/\/www.cidasc.sc.gov.br\/inspecao\/files\/2026\/05\/DECRETO-No-9.013-DE-29-DE-MARCO-DE-2017.pdf\">Decreto n\u00ba 9.013, de 29 de mar\u00e7o de 2017<\/a><\/td><td>Regulamento da Inspe\u00e7\u00e3o Industrial e Sanit\u00e1ria de Produtos de Origem Animal (RIISPOA)<\/td><\/tr><\/tbody><tfoot><tr><td class=\"has-text-align-left\" data-align=\"left\"><\/td><td><\/td><\/tr><\/tfoot><\/table><\/figure>\n\n\n\n<hr class=\"wp-block-separator has-css-opacity\" \/>\n\n\n\n<figure class=\"wp-block-table is-style-stripes\"><table class=\"has-fixed-layout\"><thead><tr><th class=\"has-text-align-left\" data-align=\"left\">PORTARIA<\/th><th><\/th><\/tr><\/thead><tbody><tr><td class=\"has-text-align-left\" data-align=\"left\"><a href=\"http:\/\/www.cidasc.sc.gov.br\/inspecao\/files\/2022\/08\/Portaria-N\u00b0368-de-04-de-setembro-de-1997.pdf\">Portaria n\u00b0 368, de 04 de setembro de 1997<\/a><\/td><td>Regulamento T\u00e9cnico sobre as Condi\u00e7\u00f5es Higi\u00eanico-Sanit\u00e1rias e de Boas Pr\u00e1ticas de Elabora\u00e7\u00e3o para Estabelecimentos Elaboradores\/Industrializadores de Alimentos.<\/td><\/tr><tr><td class=\"has-text-align-left\" data-align=\"left\"><a href=\"http:\/\/www.cidasc.sc.gov.br\/inspecao\/files\/2020\/06\/02.-PORTARIA-No-153-2000-Declara-SC-Livre-de-Febre-Aftosa-Sem-Vacina\u00e7\u00e3o.pdf\">Portaria MAPA n\u00ba 153, de 27 de abril de 2000<\/a><\/td><td>Declara o Estado de Santa Catarina Livre de Febre Aftosa Sem Vacina\u00e7\u00e3o.<\/td><\/tr><tr><td class=\"has-text-align-left\" data-align=\"left\"><a href=\"http:\/\/www.cidasc.sc.gov.br\/inspecao\/files\/2023\/05\/PORTARIA-MAPA-NA-583.2023.pdf\">Portaria MAPA n\u00b0 583, de 16 de maio de 2023<\/a><br><br><br><br><br><br><a href=\"http:\/\/www.cidasc.sc.gov.br\/inspecao\/files\/2024\/05\/PORTARIA-SDA_MAPA-No-1.114-DE-15-DE-MAIO-DE-2024-PORTARIA-SDA_MAPA-No-1.114-DE-15-DE-MAIO-DE-2024.pdf\">Portaria SDA\/MAPA n\u00ba 1.114, de 15 de maio de 2024<\/a><br><br><br><br><br><br><br><a href=\"http:\/\/www.cidasc.sc.gov.br\/inspecao\/files\/2024\/05\/Declaracao.pdf\">Anexo II &#8211; Portaria SDA\/MAPA n\u00ba 1.114<\/a><\/td><td>Inclui a Campanha Nacional do &#8220;M\u00eas da Sa\u00fade Animal&#8221;.<br><br><br>Autorizar, em car\u00e1ter excepcional e tempor\u00e1rio, o com\u00e9rcio interestadual de produtos de origem animal de estabelecimentos n\u00e3o integrantes do Sisbi-Poa registrados em Servi\u00e7os de Inspe\u00e7\u00e3o Estadual, Municipal ou vinculados a cons\u00f3rcios p\u00fablicos de munic\u00edpios, localizados no estado do Rio Grande do Sul.<br><br><br>Declara\u00e7\u00e3o de concord\u00e2ncia de ingresso e com\u00e9rcio de produtos de origem animal produzidos no estado do Rio Grande do Sul.<\/td><\/tr><tr><td class=\"has-text-align-left\" data-align=\"left\"><a href=\"https:\/\/www.cidasc.sc.gov.br\/inspecao\/files\/2026\/01\/port_861-2025_mapa_credenciamento_pessoa_juridica_inspecao.pdf\">Portaria MAPA N\u00ba 861, de 13 de novembro de 2025<\/a><\/td><td>Regulamenta o credenciamento de pessoas jur\u00eddicas para a presta\u00e7\u00e3o de servi\u00e7os t\u00e9cnicos ou operacionais de apoio \u00e0 inspe\u00e7\u00e3o <em>ante mortem<\/em> e <em>post mortem<\/em> de animais destinados ao abate.<\/td><\/tr><\/tbody><tfoot><tr><td class=\"has-text-align-left\" data-align=\"left\"><\/td><td><\/td><\/tr><tr><td class=\"has-text-align-left\" data-align=\"left\"><\/td><td><\/td><\/tr><\/tfoot><\/table><\/figure>\n\n\n\n<hr class=\"wp-block-separator has-css-opacity\" \/>\n\n\n\n<figure class=\"wp-block-table is-style-stripes\"><table class=\"has-fixed-layout\"><thead><tr><th class=\"has-text-align-left\" data-align=\"left\"><br>INSTRU\u00c7\u00c3O NORMATIVA<\/th><th><\/th><\/tr><\/thead><tbody><tr><td class=\"has-text-align-left\" data-align=\"left\"><a href=\"http:\/\/www.cidasc.sc.gov.br\/inspecao\/files\/2020\/04\/03.-instru%C3%A7%C3%A3o-normativa-22_2005.pdf\">Instru\u00e7\u00e3o Normativa MAPA n\u00ba 22, de 24 de novembro de 2005<\/a><\/td><td>Normas para a rotulagem de produtos de origem animal embalado<\/td><\/tr><tr><td class=\"has-text-align-left\" data-align=\"left\"><a href=\"https:\/\/www.cidasc.sc.gov.br\/inspecao\/files\/2025\/05\/Instrucao-Normativa-MAPA-no-44-de-02-de-outubro-de-2007.pdf\">Instru\u00e7\u00e3o Normativa MAPA n\u00ba 44, de 02 de outubro de 2007<\/a><\/td><td>Diretrizes Gerais para a Erradica\u00e7\u00e3o e a Preven\u00e7\u00e3o da Febre Aftosa<\/td><\/tr><tr><td class=\"has-text-align-left\" data-align=\"left\"><a href=\"http:\/\/www.cidasc.sc.gov.br\/inspecao\/files\/2020\/06\/04.-INSTRU\u00c7\u00c3O-NORMATIVA-N\u00b0-34-05-2008-regulamento-t\u00e9cnico-de-processamento-de-res\u00edduos-animais.pdf\">Instru\u00e7\u00e3o Normativa MAPA n\u00ba 34, de 28 de maio de 2008<\/a><\/td><td>Regulamento t\u00e9cnico de processamento de res\u00edduos animais<\/td><\/tr><tr><td class=\"has-text-align-left\" data-align=\"left\"><a href=\"https:\/\/www.cidasc.sc.gov.br\/inspecao\/files\/2026\/05\/Instrucao-Normativa-no-09-de-8-de-abril-de-2009.pdf\">Instru\u00e7\u00e3o Normativa MAPA n\u00ba 09, de 8 de abril de 2009<\/a><\/td><td>Procedimento de Controle da <em>Listeria monocytogenes<\/em><\/td><\/tr><tr><td class=\"has-text-align-left\" data-align=\"left\"><a href=\"http:\/\/www.cidasc.sc.gov.br\/inspecao\/files\/2020\/06\/05.-IN-09-de-2018-Altera-a-IN-5-de-2017.pdf\">Instru\u00e7\u00e3o Normativa MAPA n\u00ba 09, de 18 janeiro de 2018<\/a><\/td><td>Altera a Instru\u00e7\u00e3o Normativa MAPA n\u00ba 05, de 14 de fevereiro de 2017<\/td><\/tr><tr><td class=\"has-text-align-left\" data-align=\"left\"><a href=\"http:\/\/www.cidasc.sc.gov.br\/inspecao\/files\/2022\/08\/Instru\u00e7\u00e3o-Normativa-n\u00ba-67-de-14-de-dezembro-de-2020.pdf\">Instru\u00e7\u00e3o Normativa n\u00ba 67, de 14 de dezembro de 2020<\/a><\/td><td>Altera a Instru\u00e7\u00e3o Normativa MAPA n\u00ba 22, de 24 de novembro de 2005 &#8211; Normas para a rotulagem<\/td><\/tr><tr><td class=\"has-text-align-left\" data-align=\"left\"><a href=\"http:\/\/www.cidasc.sc.gov.br\/inspecao\/files\/2023\/12\/IN_211_2023_.pdf\">Instru\u00e7\u00e3o Normativa ANVISA n\u00b0 211, de 01 de mar\u00e7o de 2023<\/a><\/td><td>Estabelece as fun\u00e7\u00f5es tecnol\u00f3gicas, os limites m\u00e1ximos e as condi\u00e7\u00f5es de uso para os<br>aditivos alimentares e os coadjuvantes de tecnologia autorizados para uso em<br>alimentos.<\/td><\/tr><tr><td class=\"has-text-align-left\" data-align=\"left\"><a href=\"http:\/\/www.cidasc.sc.gov.br\/inspecao\/files\/2023\/12\/INSTRUCAO-NORMATIVA-IN-N\u00b0-267-DE-11-DE-DEZEMBRO-DE-2023.pdf\">Instru\u00e7\u00e3o Normativa ANVISA n\u00b0 267, de 11 de dezembro de 2023<\/a><\/td><td>Altera a Instru\u00e7\u00e3o Normativa &#8211; IN n\u00ba 211, de 1\u00ba de mar\u00e7o de 2023, que estabelece as fun\u00e7\u00f5es tecnol\u00f3gicas, os limites m\u00e1ximos e as condi\u00e7\u00f5es de uso para os aditivos alimentares e os coadjuvantes de tecnologia autorizados para uso em alimentos.<\/td><\/tr><\/tbody><tfoot><tr><td class=\"has-text-align-left\" data-align=\"left\"><br><\/td><td><\/td><\/tr><\/tfoot><\/table><\/figure>\n\n\n\n<hr class=\"wp-block-separator has-css-opacity\" \/>\n\n\n\n<hr class=\"wp-block-separator has-css-opacity\" \/>\n","protected":false},"excerpt":{"rendered":"<p>LEI Lei n\u00ba 1.283, de 18 de dezembro de 1950 Estabelece a obrigatoriedade da pr\u00e9via fiscaliza\u00e7\u00e3o, sob o ponto de vista industrial e sanit\u00e1rio Lei n\u00b0 8.078, de 11 de Setembro de 1990 Disp\u00f5e sobre a prote\u00e7\u00e3o do consumidor e d\u00e1 outras provid\u00eancias Lei n\u00b0 8.171, de 17 de janeiro de 1991 Pol\u00edtica agr\u00edcola DECRETO[&#8230;] <a class=\"moretag\" href=\"https:\/\/www.cidasc.sc.gov.br\/inspecao\/legislacoes-e-normativas\/legislacao-federal\/\">Leia mais&#8230;<\/a><\/p>\n","protected":false},"author":17,"featured_media":0,"parent":4874,"menu_order":0,"comment_status":"closed","ping_status":"closed","template":"","meta":{"footnotes":""},"class_list":["post-5037","page","type-page","status-publish","hentry"],"_links":{"self":[{"href":"https:\/\/www.cidasc.sc.gov.br\/inspecao\/wp-json\/wp\/v2\/pages\/5037","targetHints":{"allow":["GET"]}}],"collection":[{"href":"https:\/\/www.cidasc.sc.gov.br\/inspecao\/wp-json\/wp\/v2\/pages"}],"about":[{"href":"https:\/\/www.cidasc.sc.gov.br\/inspecao\/wp-json\/wp\/v2\/types\/page"}],"author":[{"embeddable":true,"href":"https:\/\/www.cidasc.sc.gov.br\/inspecao\/wp-json\/wp\/v2\/users\/17"}],"replies":[{"embeddable":true,"href":"https:\/\/www.cidasc.sc.gov.br\/inspecao\/wp-json\/wp\/v2\/comments?post=5037"}],"version-history":[{"count":140,"href":"https:\/\/www.cidasc.sc.gov.br\/inspecao\/wp-json\/wp\/v2\/pages\/5037\/revisions"}],"predecessor-version":[{"id":12820,"href":"https:\/\/www.cidasc.sc.gov.br\/inspecao\/wp-json\/wp\/v2\/pages\/5037\/revisions\/12820"}],"up":[{"embeddable":true,"href":"https:\/\/www.cidasc.sc.gov.br\/inspecao\/wp-json\/wp\/v2\/pages\/4874"}],"wp:attachment":[{"href":"https:\/\/www.cidasc.sc.gov.br\/inspecao\/wp-json\/wp\/v2\/media?parent=5037"}],"curies":[{"name":"wp","href":"https:\/\/api.w.org\/{rel}","templated":true}]}}