{"id":1245,"date":"2014-09-05T17:10:07","date_gmt":"2014-09-05T17:10:07","guid":{"rendered":"http:\/\/www.cidasc.sc.gov.br\/inspecao\/?page_id=1245"},"modified":"2022-10-17T20:45:18","modified_gmt":"2022-10-17T20:45:18","slug":"pop-sie-004-02-02-anexo-38-resumo-de-legislacao-de-inspecao-para-fiscalizacoes","status":"publish","type":"page","link":"https:\/\/www.cidasc.sc.gov.br\/inspecao\/pop-sie-004-02-02-anexo-38-resumo-de-legislacao-de-inspecao-para-fiscalizacoes\/","title":{"rendered":"POP SIE 004 \u2013 Anexos"},"content":{"rendered":"\n<hr class=\"wp-block-separator\" \/>\n\n\n\n<hr class=\"wp-block-separator\" \/>\n\n\n<p>\u00a0<\/p>\n<p style=\"text-align: center\"><strong>POP SIE 004 &#8211; PROCESSOS DE ALTERA\u00c7\u00c3O DO SIE<\/strong><\/p>\n<p>\u00a0<\/p>\n<p>POP SIE 004 &#8211; <a href=\"http:\/\/www.cidasc.sc.gov.br\/inspecao\/files\/2022\/10\/POPSIE004ASSINADO.pdf\">Processos de altera\u00e7\u00e3o do SIE<\/a><\/p>\n<p>Anexo 1 &#8211; <a href=\"http:\/\/www.cidasc.sc.gov.br\/inspecao\/files\/2021\/07\/1.-Anexo-I.-Legisla\u00e7\u00e3o-para-registro-de-estabelecimentos-no-SIE-vers\u00e3o-13-07-2021-.docx.pdf\">Legisla\u00e7\u00e3o para registro de estabelecimentos no SIE<\/a><\/p>\n<p>Anexo 2 &#8211; <a href=\"http:\/\/www.cidasc.sc.gov.br\/inspecao\/files\/2021\/08\/2.-Anexo-II.-Checklist-de-Etapas-para-Altera\u00e7\u00e3o-Documental-de-Estabelecimentos-no-SIE-vers\u00e3o-13-07-2021.docx\">Checklist de Etapas para Altera\u00e7\u00e3o Documental de Estabelecimentos no SIE<\/a><\/p>\n<p>Anexo 3 &#8211; <a href=\"http:\/\/www.cidasc.sc.gov.br\/inspecao\/files\/2021\/07\/3.-Anexo-III.-Solicita\u00e7\u00e3o-de-altera\u00e7\u00e3o-documental-e-declara\u00e7\u00e3o-de-ci\u00eancia-vers\u00e3o-13-07-2021.docx\">Solicita\u00e7\u00e3o de altera\u00e7\u00e3o documental e declara\u00e7\u00e3o de ci\u00eancia\u00a0<\/a><\/p>\n<p>Anexo 4 &#8211; <a href=\"http:\/\/www.cidasc.sc.gov.br\/inspecao\/files\/2021\/07\/4.-Anexo-IV-Tabela-de-instala\u00e7\u00f5es-vers\u00e3o-13-07-2021-.xlsx-Instala\u00e7\u00f5es-SELECIONE-A-\u00c1REA.pdf\">Tabela de instala\u00e7\u00f5es\u00a0<\/a><\/p>\n<p>Anexo 5 &#8211; <a href=\"http:\/\/www.cidasc.sc.gov.br\/inspecao\/files\/2021\/07\/5.-Anexo-V-Memorial-T\u00e9cnico-Sanit\u00e1rio-do-Estabelecimento-MTSE-MODELO-WORD-vers\u00e3o-13-07-2021.docx\">Memorial T\u00e9cnico Sanit\u00e1rio do Estabelecimento (MTSE)<\/a><\/p>\n<p>Anexo 6 &#8211; <a href=\"http:\/\/www.cidasc.sc.gov.br\/inspecao\/files\/2021\/07\/6.-Anexo-VI.-Declara\u00e7\u00e3o-de-Altera\u00e7\u00e3o-Documental-vers\u00e3o-13-07-2021.docx\">Declara\u00e7\u00e3o de Altera\u00e7\u00e3o Documental<\/a><\/p>\n<p>Anexo 7 &#8211; <a href=\"http:\/\/www.cidasc.sc.gov.br\/inspecao\/files\/2021\/07\/7.-Anexo-VII.-Solicita\u00e7\u00e3o-de-Inspe\u00e7\u00e3o-Final-vers\u00e3o-13-07-2021.docx\">Solicita\u00e7\u00e3o de Inspe\u00e7\u00e3o Final<\/a><\/p>\n<p>Anexo 8 &#8211; <a href=\"http:\/\/www.cidasc.sc.gov.br\/inspecao\/files\/2021\/07\/8.-Anexo-VIII.-Laudo-de-Inspe\u00e7\u00e3o-Final-vers\u00e3o-13-07-2021.docx\">Laudo de Inspe\u00e7\u00e3o Final<\/a><\/p>\n<p>Anexo 9 &#8211; <a href=\"http:\/\/www.cidasc.sc.gov.br\/inspecao\/files\/2021\/07\/9-POPSIE_004-Anexo-IX-Requerimento-de-Altera\u00e7\u00e3o-Documental-vers\u00e3o-13-07-2021.docx\">Requerimento de Altera\u00e7\u00e3o Documental<\/a><\/p>\n<p>Anexo 10 &#8211; <a href=\"http:\/\/www.cidasc.sc.gov.br\/inspecao\/files\/2021\/07\/10-POPSIE_004-Anexo-X-Solicita\u00e7\u00e3o-de-emiss\u00e3o-do-T\u00edtulo-de-SIE-vers\u00e3o-13-07-2021.docx\">Solicita\u00e7\u00e3o de emiss\u00e3o do T\u00edtulo de SIE<\/a><\/p>\n<p>Anexo 11 &#8211; <a href=\"http:\/\/www.cidasc.sc.gov.br\/inspecao\/files\/2021\/07\/11.-Anexo-XI.T\u00edtulo-de-Registro-do-SIE-vers\u00e3o-13-07-2021.pdf\">T\u00edtulo de Registro do SIE<\/a><\/p>\n<p>Anexo 12 &#8211; <a href=\"http:\/\/www.cidasc.sc.gov.br\/inspecao\/files\/2021\/07\/12-POPSIE_004-Anexo-XI-Solicita\u00e7\u00e3o-de-Suspens\u00e3o-Cancelamento-de-SIE-VF-13-07-2021.docx\">Solicita\u00e7\u00e3o de Suspens\u00e3o Cancelamento de SIE\u00a0<\/a><\/p>\n<p>\u00a0<\/p>\n\n\n<hr class=\"wp-block-separator\" \/>\n\n\n\n<hr class=\"wp-block-separator\" \/>\n","protected":false},"excerpt":{"rendered":"<p>\u00a0 POP SIE 004 &#8211; PROCESSOS DE ALTERA\u00c7\u00c3O DO SIE \u00a0 POP SIE 004 &#8211; Processos de altera\u00e7\u00e3o do SIE Anexo 1 &#8211; Legisla\u00e7\u00e3o para registro de estabelecimentos no SIE Anexo 2 &#8211; Checklist de Etapas para Altera\u00e7\u00e3o Documental de Estabelecimentos no SIE Anexo 3 &#8211; Solicita\u00e7\u00e3o de altera\u00e7\u00e3o documental e declara\u00e7\u00e3o de ci\u00eancia\u00a0 Anexo[&#8230;] <a class=\"moretag\" href=\"https:\/\/www.cidasc.sc.gov.br\/inspecao\/pop-sie-004-02-02-anexo-38-resumo-de-legislacao-de-inspecao-para-fiscalizacoes\/\">Leia mais&#8230;<\/a><\/p>\n","protected":false},"author":20,"featured_media":0,"parent":0,"menu_order":0,"comment_status":"open","ping_status":"open","template":"","meta":{"footnotes":""},"class_list":["post-1245","page","type-page","status-publish","hentry"],"_links":{"self":[{"href":"https:\/\/www.cidasc.sc.gov.br\/inspecao\/wp-json\/wp\/v2\/pages\/1245","targetHints":{"allow":["GET"]}}],"collection":[{"href":"https:\/\/www.cidasc.sc.gov.br\/inspecao\/wp-json\/wp\/v2\/pages"}],"about":[{"href":"https:\/\/www.cidasc.sc.gov.br\/inspecao\/wp-json\/wp\/v2\/types\/page"}],"author":[{"embeddable":true,"href":"https:\/\/www.cidasc.sc.gov.br\/inspecao\/wp-json\/wp\/v2\/users\/20"}],"replies":[{"embeddable":true,"href":"https:\/\/www.cidasc.sc.gov.br\/inspecao\/wp-json\/wp\/v2\/comments?post=1245"}],"version-history":[{"count":22,"href":"https:\/\/www.cidasc.sc.gov.br\/inspecao\/wp-json\/wp\/v2\/pages\/1245\/revisions"}],"predecessor-version":[{"id":8441,"href":"https:\/\/www.cidasc.sc.gov.br\/inspecao\/wp-json\/wp\/v2\/pages\/1245\/revisions\/8441"}],"wp:attachment":[{"href":"https:\/\/www.cidasc.sc.gov.br\/inspecao\/wp-json\/wp\/v2\/media?parent=1245"}],"curies":[{"name":"wp","href":"https:\/\/api.w.org\/{rel}","templated":true}]}}