{"id":1141,"date":"2014-08-19T19:29:36","date_gmt":"2014-08-19T19:29:36","guid":{"rendered":"http:\/\/www.cidasc.sc.gov.br\/inspecao\/?page_id=1141"},"modified":"2014-08-20T18:15:49","modified_gmt":"2014-08-20T18:15:49","slug":"contato-2","status":"publish","type":"page","link":"https:\/\/www.cidasc.sc.gov.br\/inspecao\/contato-2\/","title":{"rendered":"ESTRUTURA"},"content":{"rendered":"<p><strong>ESTRUTURA ESTADUAL<\/strong><\/p>\n<p>Gerente Estadual \u2013 Med. veterin\u00e1rio\u00a0<b>Sergio Silva Borges<\/b> &#8211;\u00a0ssborges@cidasc.sc.gov.br ;<br \/>\nCoordenador T\u00e9cnico (matadouro e frigor\u00edfico) \u2013 Med Vet. <strong>Fl\u00e1via Klein<\/strong> &#8211; fklein@cidasc.sc.gov.br;<br \/>\nCoordenador T\u00e9cnico ( Leite e derivados ) &#8211; Med Vet.\u00a0 <strong>Alexandra R. Olmos<\/strong> &#8211; alexandra@cidasc.sc.gov.br<br \/>\nCoordenador T\u00e9cnico ( ) &#8211; Med Vet.\u00a0 <strong>Monica Pohlod<\/strong> &#8211; mpohlod@cidasc.sc.gov.br<\/p>\n<p><strong>ESTRUTURA REGIONAL<\/strong><\/p>\n<p><strong>Administra\u00e7\u00e3o Regional de Blumenal<\/strong><\/p>\n<ul>\n<li>Gerente Regional \u2013 Luiz Carlos Moreira Da Maia<\/li>\n<li>Coordenador Regional Inspe\u00e7\u00e3o &#8211; <b>Esther Elisa Wachholz<\/b> &#8211; ewachholz@cidasc.sc.gov.br<\/li>\n<\/ul>\n<p><strong>Administra\u00e7\u00e3o Regional de Ca\u00e7ador<\/strong><\/p>\n<ul>\n<li>Gerente Regional \u2013 \u00c1lvaro A. Ribas Dourado<\/li>\n<li>Coordenador Regional de\u00a0Inspe\u00e7\u00e3o \u2013 <b>Bianca X.\u00a0 de Abreu &#8211; <\/b>bxabreu@cidasc.sc.gov.br<\/li>\n<\/ul>\n<p><strong>Administra\u00e7\u00e3o Regional de Campos Novos<\/strong><\/p>\n<ul>\n<li>Gerente Regional \u2013 <span class=\"LabelSimples\">Edilse Vieira Branco<\/span><\/li>\n<li>Coordenador Regional de\u00a0Inspe\u00e7\u00e3o \u2013<\/li>\n<\/ul>\n<p><strong>Administra\u00e7\u00e3o Regional de Canoinhas<\/strong><\/p>\n<ul>\n<li>Gerente Regional \u2013 Rodolfo Zipperer<\/li>\n<li>Coordenador Regional de\u00a0Inspe\u00e7\u00e3o \u2013 <b>Sabrina de Freitas<\/b> &#8211; sabrinafreitas@cidasc.sc.gov.br<\/li>\n<\/ul>\n<p><strong>Administra\u00e7\u00e3o Regional de Chapec\u00f3<\/strong><\/p>\n<ul>\n<li>Gerente Regional \u2013 Jo\u00e3o Luiz Goulart Nunes<\/li>\n<li>Coordenador Regional de\u00a0Inspe\u00e7\u00e3o \u2013 <b>Marta H. G. Mainardi &#8211; <\/b>mhmainardi@cidasc.sc.gov.br<\/li>\n<\/ul>\n<p><strong>Administra\u00e7\u00e3o Regional de Conc\u00f3rdia<\/strong><\/p>\n<ul>\n<li>Gerente Regional \u2013 <span class=\"LabelSimples\">Eduardo Michelon<\/span><\/li>\n<li>Coordenador Regional de\u00a0Inspe\u00e7\u00e3o \u2013 <b>Patricia dos S. Coutinho<\/b> &#8211; patricia@cidasc.sc.gov.br<\/li>\n<\/ul>\n<p><strong>Administra\u00e7\u00e3o Regional de Crici\u00fama<\/strong><\/p>\n<ul>\n<li>Gerente Regional \u2013 Wilmar Warmeling<\/li>\n<li>Coordenador Regional de Inspe\u00e7\u00e3o \u2013 <strong>Roberto R. Netto<\/strong> &#8211;<b> <\/b>robertonetto@cidasc.sc.gov.br<\/li>\n<\/ul>\n<p><strong>Administra\u00e7\u00e3o Regional de Itaja\u00ed<\/strong><\/p>\n<ul>\n<li>Gerente Regional \u2013 <span class=\"LabelSimples\">Joao Carlos Batista dos Santos<\/span><\/li>\n<li>Coordenador Regional de\u00a0Inspe\u00e7\u00e3o \u2013 <b>Marina Bolzani Saad &#8211; <\/b>mbsaad@cidasc.sc.gov.br<\/li>\n<\/ul>\n<p><strong>Administra\u00e7\u00e3o Regional de Joa\u00e7aba<\/strong><\/p>\n<ul>\n<li>Gerente Regional \u2013 Hermes Susin<\/li>\n<li>Coordenador Regional de\u00a0Inspe\u00e7\u00e3o \u2013 <b>Daiana Uliana &#8211; <\/b>duliana@cidasc.sc.gov.br<\/li>\n<\/ul>\n<p><strong>Administra\u00e7\u00e3o Regional de Joinville<\/strong><\/p>\n<ul>\n<li>Gerente Regional \u2013 Fernando Wendhausen Rothbarth<\/li>\n<li>Coordenador Regional de\u00a0Inspe\u00e7\u00e3o \u2013 <b>Andrea de Q. Brundo<\/b> &#8211; andreaqb@cidasc.sc.gov.br<\/li>\n<\/ul>\n<p><strong>Administra\u00e7\u00e3o Regional de Lages<\/strong><\/p>\n<ul>\n<li>Gerente Regional \u2013 Jos\u00e9 Joni Waltrick<\/li>\n<li>Coordenador Regional de\u00a0Inspe\u00e7\u00e3o \u2013 <strong>Alcenir Alves da Cruz<\/strong> &#8211;<b> <\/b>aacruz@cidasc.sc.gov.br<\/li>\n<\/ul>\n<p><strong>Administra\u00e7\u00e3o Regional de Mafra<\/strong><\/p>\n<ul>\n<li>Gerente Regional \u2013 Osmar Carpen<\/li>\n<li>Coordenador Regional de\u00a0Inspe\u00e7\u00e3o \u2013 <strong>Alexandre V. Rodrigues<\/strong><b> &#8211; <\/b>avrodrigues@cidasc.sc.gov.br<\/li>\n<\/ul>\n<p><strong>Administra\u00e7\u00e3o Regional de Rio do Sul<\/strong><\/p>\n<ul>\n<li>Gerente Regional \u2013 Raul Inhof J\u00fanior<\/li>\n<li>Coordenador Regional de\u00a0Inspe\u00e7\u00e3o \u2013 <b>Cicero Patzlaff<\/b> &#8211; cpatzlaff@cidasc.sc.gov.br<\/li>\n<\/ul>\n<p><strong>Administra\u00e7\u00e3o Regional de S\u00e3o Joaquim<\/strong><\/p>\n<ul>\n<li>Gerente Regional \u2013 Luiz Carlos Rodrigues Martins<\/li>\n<li>Coordenador Regional de\u00a0Inspe\u00e7\u00e3o \u2013 <b>Denisi Cristiani R. Lins<\/b> &#8211; denisilins@cidasc.sc.gov.br<\/li>\n<\/ul>\n<p><strong>Administra\u00e7\u00e3o Regional de S\u00e3o Louren\u00e7o do Oeste<\/strong><\/p>\n<ul>\n<li>Gerente Regional \u2013 G\u00fcnther Halmann<\/li>\n<li>Coordenador Regional de\u00a0Inspe\u00e7\u00e3o \u2013 <b>Valeria Aparecida Menosso<\/b> &#8211; valeria@cidasc.sc.gov.br<\/li>\n<\/ul>\n<p><strong>Administra\u00e7\u00e3o Regional de S\u00e3o Miguel do Oeste<\/strong><\/p>\n<ul>\n<li>Gerente Regional \u2013 Dandaelei Jos\u00e9 Meneghetti<\/li>\n<li>Coordenador Regional de\u00a0Inspe\u00e7\u00e3o \u2013 <b>Jamil Correia da S. Junior<\/b> &#8211; jcsjunior@cidasc.sc.gov.br<\/li>\n<\/ul>\n<p><strong>Administra\u00e7\u00e3o Regional de Tubar\u00e3o<\/strong><\/p>\n<ul>\n<li>Gerente Regional \u2013 Claudemir Souza dos Santos<\/li>\n<li>Coordenador Regional de\u00a0Inspe\u00e7\u00e3o \u2013 <b>Luiz Otavio Mariano<\/b> &#8211; lomariano@cidasc.sc.gov.br<\/li>\n<\/ul>\n<p><strong>Administra\u00e7\u00e3o Regional de Videira<\/strong><\/p>\n<ul>\n<li>Gerente Regional \u2013 M\u00e1rio Luiz Milani<\/li>\n<li>Coordenador Regional de\u00a0Inspe\u00e7\u00e3o \u2013 <b>Flavio Vivan &#8211; <\/b>fvivan@cidasc.sc.gov.br<\/li>\n<\/ul>\n<p><strong>Administra\u00e7\u00e3o Regional de Xanxer\u00ea<\/strong><\/p>\n<ul>\n<li>Gerente Regional \u2013 Volmir Frandoloso<\/li>\n<li>Coordenador Regional de\u00a0Inspe\u00e7\u00e3o \u2013 <b>Jamil Correia da S. Junior &#8211; <\/b>jcsjunior@cidasc.sc.gov.br<\/li>\n<\/ul>\n","protected":false},"excerpt":{"rendered":"<p>ESTRUTURA ESTADUAL Gerente Estadual \u2013 Med. veterin\u00e1rio\u00a0Sergio Silva Borges &#8211;\u00a0ssborges@cidasc.sc.gov.br ; Coordenador T\u00e9cnico (matadouro e frigor\u00edfico) \u2013 Med Vet. Fl\u00e1via Klein &#8211; fklein@cidasc.sc.gov.br; Coordenador T\u00e9cnico ( Leite e derivados ) &#8211; Med Vet.\u00a0 Alexandra R. Olmos &#8211; alexandra@cidasc.sc.gov.br Coordenador T\u00e9cnico ( ) &#8211; Med Vet.\u00a0 Monica Pohlod &#8211; mpohlod@cidasc.sc.gov.br ESTRUTURA REGIONAL Administra\u00e7\u00e3o Regional de Blumenal[&#8230;] <a class=\"moretag\" href=\"https:\/\/www.cidasc.sc.gov.br\/inspecao\/contato-2\/\">Leia mais&#8230;<\/a><\/p>\n","protected":false},"author":20,"featured_media":0,"parent":0,"menu_order":0,"comment_status":"open","ping_status":"open","template":"","meta":{"footnotes":""},"class_list":["post-1141","page","type-page","status-publish","hentry"],"_links":{"self":[{"href":"https:\/\/www.cidasc.sc.gov.br\/inspecao\/wp-json\/wp\/v2\/pages\/1141","targetHints":{"allow":["GET"]}}],"collection":[{"href":"https:\/\/www.cidasc.sc.gov.br\/inspecao\/wp-json\/wp\/v2\/pages"}],"about":[{"href":"https:\/\/www.cidasc.sc.gov.br\/inspecao\/wp-json\/wp\/v2\/types\/page"}],"author":[{"embeddable":true,"href":"https:\/\/www.cidasc.sc.gov.br\/inspecao\/wp-json\/wp\/v2\/users\/20"}],"replies":[{"embeddable":true,"href":"https:\/\/www.cidasc.sc.gov.br\/inspecao\/wp-json\/wp\/v2\/comments?post=1141"}],"version-history":[{"count":8,"href":"https:\/\/www.cidasc.sc.gov.br\/inspecao\/wp-json\/wp\/v2\/pages\/1141\/revisions"}],"predecessor-version":[{"id":1149,"href":"https:\/\/www.cidasc.sc.gov.br\/inspecao\/wp-json\/wp\/v2\/pages\/1141\/revisions\/1149"}],"wp:attachment":[{"href":"https:\/\/www.cidasc.sc.gov.br\/inspecao\/wp-json\/wp\/v2\/media?parent=1141"}],"curies":[{"name":"wp","href":"https:\/\/api.w.org\/{rel}","templated":true}]}}