{"id":17,"date":"2015-04-17T01:07:03","date_gmt":"2015-04-17T01:07:03","guid":{"rendered":"http:\/\/www.cidasc.sc.gov.br\/educacao-sanitaria\/?page_id=17"},"modified":"2025-02-19T17:46:32","modified_gmt":"2025-02-19T17:46:32","slug":"materiais-de-apoio","status":"publish","type":"page","link":"https:\/\/www.cidasc.sc.gov.br\/educacao-sanitaria\/materiais-de-apoio\/","title":{"rendered":"Legisla\u00e7\u00f5es e Materiais de apoio"},"content":{"rendered":"\n<hr class=\"wp-block-separator has-css-opacity\" \/>\n\n\n\n<p><\/p>\n\n\n\n<p class=\"has-medium-font-size\"><a rel=\"noreferrer noopener\" href=\"https:\/\/www.cidasc.sc.gov.br\/educacao-sanitaria\/files\/2025\/02\/Instrucao-de-Servico-DESAN_-DIDAG-no-01_2025_Retificada.pdf\" data-type=\"attachment\" data-id=\"505\" target=\"_blank\">Instru\u00e7\u00f5es de Servi\u00e7o<\/a><\/p>\n\n\n\n<p class=\"has-medium-font-size\"><a href=\"https:\/\/drive.google.com\/drive\/folders\/1K7EGbObY0b9pxaR-f7Kd0m1WQG0HrTbD\">Banco de Imagens<\/a><\/p>\n\n\n\n<p class=\"has-medium-font-size\"><a href=\"https:\/\/drive.google.com\/drive\/folders\/12dMk9ThgM3NFufZvTD1GhZYDkOOsZ0vD\">Reposit\u00f3rio de apresenta\u00e7\u00f5es<\/a><\/p>\n\n\n\n<hr class=\"wp-block-separator has-css-opacity\" \/>\n\n\n\n<p><\/p>\n","protected":false},"excerpt":{"rendered":"<p>Instru\u00e7\u00f5es de Servi\u00e7o Banco de Imagens Reposit\u00f3rio de apresenta\u00e7\u00f5es<\/p>\n","protected":false},"author":1,"featured_media":0,"parent":0,"menu_order":0,"comment_status":"closed","ping_status":"closed","template":"","meta":{"footnotes":""},"class_list":["post-17","page","type-page","status-publish","hentry"],"_links":{"self":[{"href":"https:\/\/www.cidasc.sc.gov.br\/educacao-sanitaria\/wp-json\/wp\/v2\/pages\/17","targetHints":{"allow":["GET"]}}],"collection":[{"href":"https:\/\/www.cidasc.sc.gov.br\/educacao-sanitaria\/wp-json\/wp\/v2\/pages"}],"about":[{"href":"https:\/\/www.cidasc.sc.gov.br\/educacao-sanitaria\/wp-json\/wp\/v2\/types\/page"}],"author":[{"embeddable":true,"href":"https:\/\/www.cidasc.sc.gov.br\/educacao-sanitaria\/wp-json\/wp\/v2\/users\/1"}],"replies":[{"embeddable":true,"href":"https:\/\/www.cidasc.sc.gov.br\/educacao-sanitaria\/wp-json\/wp\/v2\/comments?post=17"}],"version-history":[{"count":19,"href":"https:\/\/www.cidasc.sc.gov.br\/educacao-sanitaria\/wp-json\/wp\/v2\/pages\/17\/revisions"}],"predecessor-version":[{"id":529,"href":"https:\/\/www.cidasc.sc.gov.br\/educacao-sanitaria\/wp-json\/wp\/v2\/pages\/17\/revisions\/529"}],"wp:attachment":[{"href":"https:\/\/www.cidasc.sc.gov.br\/educacao-sanitaria\/wp-json\/wp\/v2\/media?parent=17"}],"curies":[{"name":"wp","href":"https:\/\/api.w.org\/{rel}","templated":true}]}}