{"id":734,"date":"2012-11-13T16:29:28","date_gmt":"2012-11-13T16:29:28","guid":{"rendered":"http:\/\/www.cidasc.sc.gov.br\/defesasanitariaanimal\/?page_id=734"},"modified":"2026-04-22T14:31:15","modified_gmt":"2026-04-22T14:31:15","slug":"resultado-de-analise-microbiologica","status":"publish","type":"page","link":"https:\/\/www.cidasc.sc.gov.br\/defesasanitariaanimal\/resultado-de-analise-microbiologica\/","title":{"rendered":"Resultados das An\u00e1lises Microbiol\u00f3gicas em Moluscos Bivalves"},"content":{"rendered":"\n<figure class=\"wp-block-image size-large\"><img decoding=\"async\" src=\"https:\/\/www.cidasc.sc.gov.br\/d5dc883f-a22b-4703-8002-762978ab03c2\" alt=\"\" \/><\/figure>\n\n\n\n\n<p><strong>Mapa de Situa\u00e7\u00e3o Microbiol\u00f3gica &#8211; 22\/04\/2026<\/strong><\/p>\n<p style=\"text-align: center\">\u00a0 \u00a0\u00a0\u00a0 \u00a0 \u00a0 <!--more--> \u00a0<a href=\"https:\/\/www.cidasc.sc.gov.br\/defesasanitariaanimal\/files\/2026\/04\/MICROBIOLOGICO-OSTRA-15-04-2026-1-1.jpg\"><img loading=\"lazy\" decoding=\"async\" class=\"alignnone  wp-image-35132\" src=\"https:\/\/www.cidasc.sc.gov.br\/defesasanitariaanimal\/files\/2026\/04\/MICROBIOLOGICO-OSTRA-15-04-2026-1-1-243x300.jpg\" alt=\"\" width=\"263\" height=\"325\" srcset=\"https:\/\/www.cidasc.sc.gov.br\/defesasanitariaanimal\/files\/2026\/04\/MICROBIOLOGICO-OSTRA-15-04-2026-1-1-243x300.jpg 243w, https:\/\/www.cidasc.sc.gov.br\/defesasanitariaanimal\/files\/2026\/04\/MICROBIOLOGICO-OSTRA-15-04-2026-1-1-830x1024.jpg 830w, https:\/\/www.cidasc.sc.gov.br\/defesasanitariaanimal\/files\/2026\/04\/MICROBIOLOGICO-OSTRA-15-04-2026-1-1-768x947.jpg 768w, https:\/\/www.cidasc.sc.gov.br\/defesasanitariaanimal\/files\/2026\/04\/MICROBIOLOGICO-OSTRA-15-04-2026-1-1-1246x1536.jpg 1246w, https:\/\/www.cidasc.sc.gov.br\/defesasanitariaanimal\/files\/2026\/04\/MICROBIOLOGICO-OSTRA-15-04-2026-1-1-250x308.jpg 250w, https:\/\/www.cidasc.sc.gov.br\/defesasanitariaanimal\/files\/2026\/04\/MICROBIOLOGICO-OSTRA-15-04-2026-1-1-222x274.jpg 222w, https:\/\/www.cidasc.sc.gov.br\/defesasanitariaanimal\/files\/2026\/04\/MICROBIOLOGICO-OSTRA-15-04-2026-1-1-100x123.jpg 100w, https:\/\/www.cidasc.sc.gov.br\/defesasanitariaanimal\/files\/2026\/04\/MICROBIOLOGICO-OSTRA-15-04-2026-1-1.jpg 1330w\" sizes=\"auto, (max-width: 263px) 100vw, 263px\" \/><\/a><a href=\"https:\/\/www.cidasc.sc.gov.br\/defesasanitariaanimal\/files\/2026\/04\/MICROBIOLOGICO-MEXILHAO-22-04-2026-1.jpg\"><img loading=\"lazy\" decoding=\"async\" class=\"alignnone  wp-image-35168\" src=\"https:\/\/www.cidasc.sc.gov.br\/defesasanitariaanimal\/files\/2026\/04\/MICROBIOLOGICO-MEXILHAO-22-04-2026-1-243x300.jpg\" alt=\"\" width=\"262\" height=\"323\" srcset=\"https:\/\/www.cidasc.sc.gov.br\/defesasanitariaanimal\/files\/2026\/04\/MICROBIOLOGICO-MEXILHAO-22-04-2026-1-243x300.jpg 243w, https:\/\/www.cidasc.sc.gov.br\/defesasanitariaanimal\/files\/2026\/04\/MICROBIOLOGICO-MEXILHAO-22-04-2026-1-830x1024.jpg 830w, https:\/\/www.cidasc.sc.gov.br\/defesasanitariaanimal\/files\/2026\/04\/MICROBIOLOGICO-MEXILHAO-22-04-2026-1-768x947.jpg 768w, https:\/\/www.cidasc.sc.gov.br\/defesasanitariaanimal\/files\/2026\/04\/MICROBIOLOGICO-MEXILHAO-22-04-2026-1-1246x1536.jpg 1246w, https:\/\/www.cidasc.sc.gov.br\/defesasanitariaanimal\/files\/2026\/04\/MICROBIOLOGICO-MEXILHAO-22-04-2026-1-250x308.jpg 250w, https:\/\/www.cidasc.sc.gov.br\/defesasanitariaanimal\/files\/2026\/04\/MICROBIOLOGICO-MEXILHAO-22-04-2026-1-222x274.jpg 222w, https:\/\/www.cidasc.sc.gov.br\/defesasanitariaanimal\/files\/2026\/04\/MICROBIOLOGICO-MEXILHAO-22-04-2026-1-100x123.jpg 100w, https:\/\/www.cidasc.sc.gov.br\/defesasanitariaanimal\/files\/2026\/04\/MICROBIOLOGICO-MEXILHAO-22-04-2026-1.jpg 1330w\" sizes=\"auto, (max-width: 262px) 100vw, 262px\" \/><\/a> <!--more-->\u00a0 \u00a0<\/p>\n<p style=\"text-align: center\"><a href=\"http:\/\/www.cidasc.sc.gov.br\/defesasanitariaanimal\/resultado-de-analise-microbiologica\/nota-tecnica-001-2022-assinada\/\" rel=\"attachment wp-att-24100\">&#8230;::: Nota T\u00e9cnica SAR 01\/2022 &#8211; Libera\u00e7\u00e3o de \u00c1reas de Cultivo :::&#8230;<\/a><\/p>\n<p style=\"text-align: center\"><a href=\"http:\/\/www.cidasc.sc.gov.br\/defesasanitariaanimal\/resultado-de-analise-microbiologica\/nota-de-esclarecimento-001-2022-praia-alegre-penha\/\" rel=\"attachment wp-att-22399\">&#8230;::: Nota de Esclarecimento 001-2022 | Praia Alegre &#8211; Penha :::&#8230;<\/a><\/p>\n<p style=\"text-align: center\"><a href=\"https:\/\/www.cidasc.sc.gov.br\/defesasanitariaanimal\/resultados-das-analises-microbiologicas-em-moluscos-bivalves-2026\/\">Resultados das An\u00e1lises Microbiol\u00f3gicas em Moluscos Bivalves &#8211; 2026<\/a><\/p>\n<p style=\"text-align: center\"><a href=\"https:\/\/www.cidasc.sc.gov.br\/defesasanitariaanimal\/resultados-das-analises-microbiologicas-em-moluscos-bivalves-2025\/\">Resultados das An\u00e1lises Microbiol\u00f3gicas em Moluscos Bivalves &#8211; 2025<\/a><\/p>\n<p style=\"text-align: center\"><a href=\"https:\/\/www.cidasc.sc.gov.br\/defesasanitariaanimal\/resultados-das-analises-microbiologicas-em-moluscos-bivalves-2024\/\">Resultados das An\u00e1lises Microbiol\u00f3gicas em Moluscos Bivalves &#8211; 2024<\/a><\/p>\n<p style=\"text-align: center\"><a href=\"https:\/\/www.cidasc.sc.gov.br\/defesasanitariaanimal\/resultados-das-analises-microbiologicas-em-moluscos-bivalves-2023\/\">Resultados das An\u00e1lises Microbiol\u00f3gicas em Moluscos Bivalves &#8211; 2023<\/a><\/p>\n<p style=\"text-align: center\"><a href=\"http:\/\/www.cidasc.sc.gov.br\/defesasanitariaanimal\/resultados-das-analises-microbiologicas-em-moluscos-bivalves-2022\/\">Resultados das An\u00e1lises Microbiol\u00f3gicas em Moluscos Bivalves &#8211; 2022<\/a><\/p>\n<p style=\"text-align: center\"><a href=\"http:\/\/www.cidasc.sc.gov.br\/defesasanitariaanimal\/resultados-das-analises-microbiologicas-em-moluscos-bivalves-2021\/\">Resultados das An\u00e1lises Microbiol\u00f3gicas em Moluscos Bivalves &#8211; 2021<\/a><\/p>\n<p style=\"text-align: center\"><a href=\"http:\/\/www.cidasc.sc.gov.br\/defesasanitariaanimal\/resultados-das-analises-microbiologicas-em-moluscos-bivalves-2020\/\">Resultados das An\u00e1lises Microbiol\u00f3gicas em Moluscos Bivalves &#8211; 2020<\/a><\/p>\n<p style=\"text-align: center\"><a href=\"http:\/\/www.cidasc.sc.gov.br\/defesasanitariaanimal\/resultados-das-analises-microbiologicas-em-moluscos-bivalves-2019\/\">Resultados das An\u00e1lises Microbiol\u00f3gicas em Moluscos Bivalves &#8211; 2019 <\/a><\/p>\n<p style=\"text-align: center\"><a href=\"http:\/\/www.cidasc.sc.gov.br\/defesasanitariaanimal\/resultados-das-analises-microbiologicas-em-moluscos-bivalves-2018\/\">Resultados das An\u00e1lises Microbiol\u00f3gicas em Moluscos Bivalves &#8211; 2018<\/a><br \/><a href=\"http:\/\/www.cidasc.sc.gov.br\/defesasanitariaanimal\/resultados-das-analises-microbiologicas-em-moluscos-bivalves-2017\/\">Resultados das An\u00e1lises Microbiol\u00f3gicas em Moluscos Bivalves &#8211; 2017<\/a><br \/><a href=\"http:\/\/www.cidasc.sc.gov.br\/defesasanitariaanimal\/resultados-das-analises-microbiologicas-em-moluscos-bivalves-2016\/\">Resultados das An\u00e1lises Microbiol\u00f3gicas em Moluscos Bivalves &#8211; 2016<\/a><br \/><a href=\"http:\/\/www.cidasc.sc.gov.br\/defesasanitariaanimal\/resultados-das-analises-microbiologicas-em-moluscos-bivalves-2015\/\">Resultados das An\u00e1lises Microbiol\u00f3gicas em Moluscos Bivalves &#8211; 2015<\/a><br \/><a href=\"http:\/\/www.cidasc.sc.gov.br\/defesasanitariaanimal\/resultados-das-analises-microbiologicas-em-moluscos-bivalves-2014\/\">Resultados das An\u00e1lises Microbiol\u00f3gicas em Moluscos Bivalves &#8211; 2014<\/a><br \/><a href=\"http:\/\/www.cidasc.sc.gov.br\/defesasanitariaanimal\/resultados-das-analises-microbiologicas-em-moluscos-bivalves-2013\/\">Resultados das An\u00e1lises Microbiol\u00f3gicas em Moluscos Bivalves &#8211; 2013<\/a><br \/><a href=\"http:\/\/www.cidasc.sc.gov.br\/defesasanitariaanimal\/resultados-das-analises-microbiologicas-em-moluscos-bivalves-2012\/\">Resultados das An\u00e1lises Microbiol\u00f3gicas em Moluscos Bivalves &#8211; 2012<\/a><\/p>\n<p style=\"text-align: center\"><a href=\"https:\/\/www.cidasc.sc.gov.br\/defesasanitariaanimal\/resultados-das-analises-microbiologicas-em-moluscos-bivalves-2024-e-2025\/\">Resultados das An\u00e1lises Microbiol\u00f3gicas em Moluscos Bivalves \u2013 2024 e 2025<\/a><\/p>","protected":false},"excerpt":{"rendered":"<p>Mapa de Situa\u00e7\u00e3o Microbiol\u00f3gica &#8211; 22\/04\/2026 \u00a0 \u00a0\u00a0\u00a0 \u00a0 \u00a0<\/p>\n","protected":false},"author":12,"featured_media":0,"parent":0,"menu_order":0,"comment_status":"closed","ping_status":"closed","template":"","meta":{"footnotes":""},"class_list":["post-734","page","type-page","status-publish","hentry"],"_links":{"self":[{"href":"https:\/\/www.cidasc.sc.gov.br\/defesasanitariaanimal\/wp-json\/wp\/v2\/pages\/734","targetHints":{"allow":["GET"]}}],"collection":[{"href":"https:\/\/www.cidasc.sc.gov.br\/defesasanitariaanimal\/wp-json\/wp\/v2\/pages"}],"about":[{"href":"https:\/\/www.cidasc.sc.gov.br\/defesasanitariaanimal\/wp-json\/wp\/v2\/types\/page"}],"author":[{"embeddable":true,"href":"https:\/\/www.cidasc.sc.gov.br\/defesasanitariaanimal\/wp-json\/wp\/v2\/users\/12"}],"replies":[{"embeddable":true,"href":"https:\/\/www.cidasc.sc.gov.br\/defesasanitariaanimal\/wp-json\/wp\/v2\/comments?post=734"}],"version-history":[{"count":742,"href":"https:\/\/www.cidasc.sc.gov.br\/defesasanitariaanimal\/wp-json\/wp\/v2\/pages\/734\/revisions"}],"predecessor-version":[{"id":35169,"href":"https:\/\/www.cidasc.sc.gov.br\/defesasanitariaanimal\/wp-json\/wp\/v2\/pages\/734\/revisions\/35169"}],"wp:attachment":[{"href":"https:\/\/www.cidasc.sc.gov.br\/defesasanitariaanimal\/wp-json\/wp\/v2\/media?parent=734"}],"curies":[{"name":"wp","href":"https:\/\/api.w.org\/{rel}","templated":true}]}}