{"id":53,"date":"2012-08-29T00:06:17","date_gmt":"2012-08-29T00:06:17","guid":{"rendered":""},"modified":"2022-11-30T11:21:06","modified_gmt":"2022-11-30T11:21:06","slug":"controle-e-erradicacao-da-brucelose-e-tuberculose-bovinasimgurl","status":"publish","type":"page","link":"https:\/\/www.cidasc.sc.gov.br\/defesasanitariaanimal\/programas\/controle-e-erradicacao-da-brucelose-e-tuberculose-bovinasimgurl\/","title":{"rendered":"Controle e Erradica\u00e7\u00e3o da Brucelose e Tuberculose Animal"},"content":{"rendered":"<p>&nbsp;<\/p>\n<table>\n<tbody>\n<tr>\n<td width=\"272\"><strong>FEDERAIS<\/strong><\/td>\n<td width=\"400\"><strong>DESCRI\u00c7\u00c3O<\/strong><\/td>\n<\/tr>\n<tr>\n<td width=\"272\"><a href=\"http:\/\/www.cidasc.sc.gov.br\/defesasanitariaanimal\/files\/2012\/08\/IN-N\u00ba-27-DE-OUTUBRO-DE-2010.pdf\">IN N\u00ba 27, DE OUTUBRO DE 2010<\/a><\/td>\n<td width=\"400\">Aprova o Teste de Polariza\u00e7\u00e3o Fluorescente \u2013 TPF para utiliza\u00e7\u00e3o pelo Programa Nacional de Controle e Erradica\u00e7\u00e3o da Brucelose e Tuberculose Animal, no diagn\u00f3stico da brucelose bovina e bubalina, nas condi\u00e7\u00f5es estabelecidas por esta Instru\u00e7\u00e3o Normativa.<\/td>\n<\/tr>\n<tr>\n<td width=\"272\"><a href=\"http:\/\/www.cidasc.sc.gov.br\/defesasanitariaanimal\/files\/2012\/08\/IN-N\u00ba-33-DE-24-DE-AGOSTO-DE-2007.pdf\">IN N\u00ba 33, DE 24 DE AGOSTO DE 2007<\/a><\/td>\n<td width=\"400\">Estabelecer as condi\u00e7\u00f5es para a vacina\u00e7\u00e3o de f\u00eameas bovinas contra brucelose, utilizando vacina n\u00e3o indutora da forma\u00e7\u00e3o de anticorpos aglutinantes, amostra RB51.<\/td>\n<\/tr>\n<tr>\n<td width=\"272\"><a href=\"http:\/\/www.cidasc.sc.gov.br\/defesasanitariaanimal\/files\/2012\/08\/IN-N\u00b030-DE-7-DE-JUNHO-DE-2006.pdf\">IN N\u00b030, DE 7 DE JUNHO DE 2006<\/a><\/td>\n<td width=\"400\">Estabelecer as normas de habilita\u00e7\u00e3o de m\u00e9dicos veterin\u00e1rios que atuam no setor privado, para fins de execu\u00e7\u00e3o de atividades previstas no Regulamento T\u00e9cnico do Programa Nacional de Controle e Erradica\u00e7\u00e3o da Brucelose e da Tuberculose Animal \u2013 PNCEBT.<\/td>\n<\/tr>\n<tr>\n<td width=\"272\"><a href=\"http:\/\/www.cidasc.sc.gov.br\/defesasanitariaanimal\/files\/2012\/08\/IN-N\u00ba-6-DE-8-DE-JANEIRO-DE-2004.pdf\">IN N\u00ba 6, DE 8 DE JANEIRO DE 2004<\/a><\/td>\n<td width=\"400\">Aprova o Regulamento T\u00e9cnico do Programa Nacional de Controle e Erradica\u00e7\u00e3o da Brucelose e Tuberculose Animal.<\/td>\n<\/tr>\n<tr>\n<td width=\"272\"><a href=\"http:\/\/www.cidasc.sc.gov.br\/defesasanitariaanimal\/files\/2012\/08\/PORTARIA-N\u00ba-011-DE-26-DE-JANEIRO-DE-2004.pdf\">PORTARIA N\u00ba 011, DE 26 DE JANEIRO DE 2004<\/a><\/td>\n<td width=\"400\">Exclui o Estado de Santa Catarina da obrigatoriedade de vacina\u00e7\u00e3o das f\u00eameas bovinas e bubalinas contra a brucelose.<\/td>\n<\/tr>\n<tr>\n<td width=\"272\"><strong>ESTADUAIS<\/strong><\/td>\n<td width=\"400\"><strong>DESCRI\u00c7\u00c3O<\/strong><\/td>\n<\/tr>\n<tr>\n<td width=\"272\"><a href=\"http:\/\/www.cidasc.sc.gov.br\/defesasanitariaanimal\/files\/2012\/08\/PORTARIA-SAR-n\u00ba-392013-de-12-11-2013.pdf\">PORTARIA SAR n\u00ba 39\/2013, de 12-11-2013<\/a><\/td>\n<td width=\"400\">Estabelece, no \u00e2mbito estadual, os procedimentos sanit\u00e1rios relativos a Brucelose e tuberculose bovina e bubalina em exposi\u00e7\u00f5es e feiras agropecu\u00e1rias e demais aglomera\u00e7\u00f5es e no tr\u00e2nsito dessas esp\u00e9cies entre propriedades que caracterize mudan\u00e7a de propriet\u00e1rio, de acordo com o cadastro no Projeto de Identifica\u00e7\u00e3o de Bovinos e Bubalinos \u2013 PIB-SC, executado pela Companhia Integrada de Desenvolvimento Agr\u00edcola de Santa Catarina \u2013 Cidasc.<\/td>\n<\/tr>\n<tr>\n<td width=\"272\"><a href=\"http:\/\/www.cidasc.sc.gov.br\/defesasanitariaanimal\/files\/2012\/08\/Instru\u00e7\u00e3o-de-Servi\u00e7o-001-2013-GEDSA-Orienta-vacina\u00e7\u00e3o-contra-brucelose.pdf\">Instru\u00e7\u00e3o de Servi\u00e7o 001-2013 &#8211; GEDSA &#8211; Orienta vacina\u00e7\u00e3o contra brucelose<\/a><\/td>\n<td width=\"400\">Utiliza\u00e7\u00e3o da Vacina RB51, no estado de Santa Catarina.<\/td>\n<\/tr>\n<tr>\n<td width=\"272\"><a href=\"http:\/\/www.cidasc.sc.gov.br\/defesasanitariaanimal\/files\/2012\/08\/PORTARIA-SAR-17-2012-de-20-07-2012.pdf\">PORTARIA SAR 17-2012, de 20-07-2012<\/a><\/td>\n<td width=\"400\">Regulamento t\u00e9cnico do programa de erradica\u00e7\u00e3o da brucelose bovina e bubalina no estado de Santa Catarina.<\/td>\n<\/tr>\n<tr>\n<td width=\"272\"><a href=\"http:\/\/www.cidasc.sc.gov.br\/defesasanitariaanimal\/files\/2012\/08\/INSTRU\u00c7\u00c3O-DE-SERVI\u00c7O-N\u00b00052012GEDSA.pdf\">INSTRU\u00c7\u00c3O DE SERVI\u00c7O N\u00b0005\/2012&#8217;GEDSA<\/a><\/td>\n<td width=\"400\">Regulamenta o fluxo interno de encaminhamento de informes epidemiol\u00f3gicos e relat\u00f3rios t\u00e9cnicos da Defesa Sanit\u00e1ria Animal na CIDASC, bem como seus prazos, destinat\u00e1rios, procedimentos e penaliza\u00e7\u00f5es aplic\u00e1veis.<\/td>\n<\/tr>\n<tr>\n<td width=\"272\"><a href=\"http:\/\/www.cidasc.sc.gov.br\/defesasanitariaanimal\/files\/2012\/08\/IS-002-2009-GEDSA-DITEC-Distribui\u00e7\u00e3o-de-tuberculinas-e-ant\u00edgenos-por-terceiros.pdf\">IS 002 2009 &#8211; GEDSA &#8211; DITEC &#8211; Distribui\u00e7\u00e3o de tuberculinas e ant\u00edgenos por terceiros<\/a><\/td>\n<td width=\"400\">Distribui\u00e7\u00e3o comercial e autoriza\u00e7\u00e3o para aquisi\u00e7\u00e3o dos Insumos relativos ao PNCEBT.<\/td>\n<\/tr>\n<tr>\n<td width=\"272\"><strong>OUTROS ESTADOS<\/strong><\/td>\n<td width=\"400\"><strong>DESCRI\u00c7\u00c3O<\/strong><\/td>\n<\/tr>\n<tr>\n<td width=\"272\"><a href=\"http:\/\/www.cidasc.sc.gov.br\/defesasanitariaanimal\/files\/2012\/08\/Portaria-N\u00b0344-2013-de-17102013-ADAPAR1.pdf\">Portaria N\u00b0344-2013 de 17&#8217;10&#8217;2013 ADAPAR<\/a><\/td>\n<td width=\"400\">Art. 6\u00ba A entrada no estado do Paran\u00e1 de f\u00eameas bovinas e bufalinas de qualquer idade, oriundas de Estados onde a vacina\u00e7\u00e3o com a B19 n\u00e3o \u00e9 obrigat\u00f3ria fica condicionada \u00e0 apresenta\u00e7\u00e3o de atestado original, ou c\u00f3pia validada pelo Servi\u00e7o Oficial Estadual de vacina\u00e7\u00e3o contra a brucelose com a Vacina N\u00e3o indutora de Anticorpos Aglutinantes &#8211; VNIAA, exceto animais cuja finalidade seja abate imediato.<\/td>\n<\/tr>\n<\/tbody>\n<\/table>\n","protected":false},"excerpt":{"rendered":"<p>&nbsp; FEDERAIS DESCRI\u00c7\u00c3O IN N\u00ba 27, DE OUTUBRO DE 2010 Aprova o Teste de Polariza\u00e7\u00e3o Fluorescente \u2013 TPF para utiliza\u00e7\u00e3o pelo Programa Nacional de Controle e Erradica\u00e7\u00e3o da Brucelose e Tuberculose Animal, no diagn\u00f3stico da brucelose bovina e bubalina, nas condi\u00e7\u00f5es estabelecidas por esta Instru\u00e7\u00e3o Normativa. IN N\u00ba 33, DE 24 DE AGOSTO DE 2007[&#8230;] <a class=\"moretag\" href=\"https:\/\/www.cidasc.sc.gov.br\/defesasanitariaanimal\/programas\/controle-e-erradicacao-da-brucelose-e-tuberculose-bovinasimgurl\/\">Leia mais&#8230;<\/a><\/p>\n","protected":false},"author":12,"featured_media":0,"parent":28,"menu_order":0,"comment_status":"open","ping_status":"open","template":"","meta":{"footnotes":""},"class_list":["post-53","page","type-page","status-publish","hentry"],"_links":{"self":[{"href":"https:\/\/www.cidasc.sc.gov.br\/defesasanitariaanimal\/wp-json\/wp\/v2\/pages\/53","targetHints":{"allow":["GET"]}}],"collection":[{"href":"https:\/\/www.cidasc.sc.gov.br\/defesasanitariaanimal\/wp-json\/wp\/v2\/pages"}],"about":[{"href":"https:\/\/www.cidasc.sc.gov.br\/defesasanitariaanimal\/wp-json\/wp\/v2\/types\/page"}],"author":[{"embeddable":true,"href":"https:\/\/www.cidasc.sc.gov.br\/defesasanitariaanimal\/wp-json\/wp\/v2\/users\/12"}],"replies":[{"embeddable":true,"href":"https:\/\/www.cidasc.sc.gov.br\/defesasanitariaanimal\/wp-json\/wp\/v2\/comments?post=53"}],"version-history":[{"count":12,"href":"https:\/\/www.cidasc.sc.gov.br\/defesasanitariaanimal\/wp-json\/wp\/v2\/pages\/53\/revisions"}],"predecessor-version":[{"id":9177,"href":"https:\/\/www.cidasc.sc.gov.br\/defesasanitariaanimal\/wp-json\/wp\/v2\/pages\/53\/revisions\/9177"}],"up":[{"embeddable":true,"href":"https:\/\/www.cidasc.sc.gov.br\/defesasanitariaanimal\/wp-json\/wp\/v2\/pages\/28"}],"wp:attachment":[{"href":"https:\/\/www.cidasc.sc.gov.br\/defesasanitariaanimal\/wp-json\/wp\/v2\/media?parent=53"}],"curies":[{"name":"wp","href":"https:\/\/api.w.org\/{rel}","templated":true}]}}