{"id":24038,"date":"2022-08-12T14:14:40","date_gmt":"2022-08-12T14:14:40","guid":{"rendered":"http:\/\/www.cidasc.sc.gov.br\/defesasanitariaanimal\/?page_id=24038"},"modified":"2022-08-12T14:22:04","modified_gmt":"2022-08-12T14:22:04","slug":"monitoramento-microbiologico-de-moluscos-bivalves-em-areas-interditadas-2022-campanha02","status":"publish","type":"page","link":"https:\/\/www.cidasc.sc.gov.br\/defesasanitariaanimal\/monitoramento-microbiologico-de-moluscos-bivalves-em-areas-interditadas-2022-campanha02\/","title":{"rendered":"Monitoramento\u00a0 Microbiol\u00f3gico de Moluscos Bivalves em \u00c1reas Interditadas &#8211; 2022"},"content":{"rendered":"\n<p><strong>CAMPANHA 02 &#8211; 07\/06\/2022<\/strong><\/p>\n\n\n<p><a href=\"http:\/\/www.cidasc.sc.gov.br\/defesasanitariaanimal\/monitoramento-microbiologico-cidasc-epagri-sar\/campanha-2_07-06-2022-2\/\">\u00c1reas de Monitoramento &#8211; Campanha 02<\/a><\/p>\n<p><strong>BARRA DO ARIRI\u00da<\/strong><\/p>\n<p><a href=\"http:\/\/www.cidasc.sc.gov.br\/defesasanitariaanimal\/monitoramento-microbiologico-cidasc-epagri-sar\/1334-0-2022-1-web-barra-do-aririu-sul-1-mex-s\/\" rel=\"attachment wp-att-23515\">1334.0.2022.1.WEB &#8211; BARRA DO ARIRI\u00da &#8211; sul 1 &#8211; MEX &#8211; S<\/a><\/p>\n<p><a href=\"http:\/\/www.cidasc.sc.gov.br\/defesasanitariaanimal\/monitoramento-microbiologico-cidasc-epagri-sar\/1335-0-2022-1-web-barra-do-aririu-sul-2-mex-s\/\" rel=\"attachment wp-att-23514\">1335.0.2022.1.WEB &#8211; BARRA DO ARIRI\u00da &#8211; sul 2 &#8211; MEX &#8211; S<\/a><\/p>\n<p><a href=\"http:\/\/www.cidasc.sc.gov.br\/defesasanitariaanimal\/monitoramento-microbiologico-cidasc-epagri-sar\/1336-0-2022-1-web-barra-do-aririu-meio-mex-lc\/\" rel=\"attachment wp-att-23513\">1336.0.2022.1.WEB &#8211; BARRA DO ARIRI\u00da &#8211; meio &#8211; MEX &#8211; LC<\/a><\/p>\n<p><a href=\"http:\/\/www.cidasc.sc.gov.br\/defesasanitariaanimal\/monitoramento-microbiologico-cidasc-epagri-sar\/1338-0-2022-1-web-barra-do-aririu-dentro-mex-s\/\" rel=\"attachment wp-att-23512\">1338.0.2022.1.WEB &#8211; BARRA DO ARIRI\u00da &#8211; dentro &#8211; MEX &#8211; S<\/a><\/p>\n<p><a href=\"http:\/\/www.cidasc.sc.gov.br\/defesasanitariaanimal\/monitoramento-microbiologico-cidasc-epagri-sar\/1339-0-2022-1-web-barra-do-aririu-fora-mex-s\/\" rel=\"attachment wp-att-23511\">1339.0.2022.1.WEB &#8211; BARRA DO ARIRI\u00da &#8211; fora &#8211; MEX &#8211; S<\/a><\/p>\n<p>\u00a0<\/p>\n<p><strong>BARRO VERMELHO<\/strong><\/p>\n<p><a href=\"http:\/\/www.cidasc.sc.gov.br\/defesasanitariaanimal\/monitoramento-microbiologico-cidasc-epagri-sar\/1362-1367-barro-vermelho-agua-do-mar\/\">\u00c1gua do mar<\/a><\/p>\n<p><a href=\"http:\/\/www.cidasc.sc.gov.br\/defesasanitariaanimal\/monitoramento-microbiologico-cidasc-epagri-sar\/1351-0-2022-1-web-barro-vermelho-canto-do-rio-mex-lc\/\" rel=\"attachment wp-att-23510\">1351.0.2022.1.WEB &#8211; BARRO VERMELHO &#8211; canto do rio &#8211; MEX &#8211; LC<\/a><\/p>\n<p><a href=\"http:\/\/www.cidasc.sc.gov.br\/defesasanitariaanimal\/monitoramento-microbiologico-cidasc-epagri-sar\/1352-0-2022-1-web-barro-vermelho-meio-mex-lc\/\" rel=\"attachment wp-att-23509\">1352.0.2022.1.WEB &#8211; BARRO VERMELHO &#8211; meio &#8211; MEX &#8211; LC<\/a><\/p>\n<p><a href=\"http:\/\/www.cidasc.sc.gov.br\/defesasanitariaanimal\/monitoramento-microbiologico-cidasc-epagri-sar\/1353-0-2022-1-web-barro-vermelho-sul-dentro-mex-s\/\" rel=\"attachment wp-att-23508\">1353.0.2022.1.WEB &#8211; BARRO VERMELHO &#8211; sul dentro &#8211; MEX &#8211; S<\/a><\/p>\n<p><a href=\"http:\/\/www.cidasc.sc.gov.br\/defesasanitariaanimal\/monitoramento-microbiologico-cidasc-epagri-sar\/1354-0-2022-1-web-barro-vermelho-sul-fora-mex-lc\/\" rel=\"attachment wp-att-23507\">1354.0.2022.1.WEB &#8211; BARRO VERMELHO &#8211; sul fora &#8211; MEX &#8211; LC<\/a><\/p>\n<p><a href=\"http:\/\/www.cidasc.sc.gov.br\/defesasanitariaanimal\/monitoramento-microbiologico-cidasc-epagri-sar\/1355-0-2022-1-web-barro-vermelho-ilha-grande-mex-lc\/\" rel=\"attachment wp-att-23506\">1355.0.2022.1.WEB &#8211; BARRO VERMELHO &#8211; ilha grande &#8211; MEX &#8211; LC<\/a><\/p>\n<p><a href=\"http:\/\/www.cidasc.sc.gov.br\/defesasanitariaanimal\/monitoramento-microbiologico-cidasc-epagri-sar\/1356-0-2022-1-web-barro-vermelho-ilha-pequena-mex-lc\/\" rel=\"attachment wp-att-23505\">1356.0.2022.1.WEB &#8211; BARRO VERMELHO &#8211; ilha pequena &#8211; MEX &#8211; LC<\/a><\/p>\n<p>\u00a0<\/p>\n<p><strong>PONTA DE BAIXO<\/strong><\/p>\n<p><a href=\"http:\/\/www.cidasc.sc.gov.br\/defesasanitariaanimal\/monitoramento-microbiologico-cidasc-epagri-sar\/1341-0-2022-1-web-ponta-de-baixo-ilha-1-mex-s\/\" rel=\"attachment wp-att-23504\">1341.0.2022.1.WEB &#8211; PONTA DE BAIXO &#8211; ilha 1 &#8211; MEX &#8211; S<\/a><\/p>\n<p><a href=\"http:\/\/www.cidasc.sc.gov.br\/defesasanitariaanimal\/monitoramento-microbiologico-cidasc-epagri-sar\/1342-0-2022-1-web-ponta-de-baixo-ilha-2-mex-s\/\" rel=\"attachment wp-att-23503\">1342.0.2022.1.WEB &#8211; PONTA DE BAIXO &#8211; ilha 2 &#8211; MEX &#8211; S<\/a><\/p>\n<p><a href=\"http:\/\/www.cidasc.sc.gov.br\/defesasanitariaanimal\/monitoramento-microbiologico-cidasc-epagri-sar\/1343-0-2022-1-web-ponta-de-baixo-centro-historico-mex-s\/\" rel=\"attachment wp-att-23502\">1343.0.2022.1.WEB &#8211; PONTA DE BAIXO &#8211; centro historico &#8211; MEX &#8211; S<\/a><\/p>\n<p><a href=\"http:\/\/www.cidasc.sc.gov.br\/defesasanitariaanimal\/monitoramento-microbiologico-cidasc-epagri-sar\/1344-0-2022-1-web-ponta-de-baixo-beira-mar-2-mex-s\/\" rel=\"attachment wp-att-23501\">1344.0.2022.1.WEB &#8211; PONTA DE BAIXO &#8211; beira mar 2 &#8211; MEX &#8211; S<\/a><\/p>\n<p><a href=\"http:\/\/www.cidasc.sc.gov.br\/defesasanitariaanimal\/monitoramento-microbiologico-cidasc-epagri-sar\/1345-0-2022-1-web-ponta-de-baixo-beira-mar-1-mex-s\/\" rel=\"attachment wp-att-23500\">1345.0.2022.1.WEB &#8211; PONTA DE BAIXO &#8211; beira mar 1 &#8211; MEX &#8211; S<\/a><\/p>\n<p>\u00a0<\/p>\n<p><strong>SERRARIA<\/strong><\/p>\n<p><a href=\"http:\/\/www.cidasc.sc.gov.br\/defesasanitariaanimal\/monitoramento-microbiologico-cidasc-epagri-sar\/1346-0-2022-1-web-serraria-tipitinga-1-mex-lc\/\" rel=\"attachment wp-att-23499\">1346.0.2022.1.WEB &#8211; SERRARIA &#8211; tipitinga 1 &#8211; MEX &#8211; LC<\/a><\/p>\n<p><a href=\"http:\/\/www.cidasc.sc.gov.br\/defesasanitariaanimal\/monitoramento-microbiologico-cidasc-epagri-sar\/1347-0-2022-1-web-serraria-tipitinga-2-mex-lc\/\" rel=\"attachment wp-att-23498\">1347.0.2022.1.WEB &#8211; SERRARIA &#8211; tipitinga 2 &#8211; MEX &#8211; LC<\/a><\/p>\n<p><a href=\"http:\/\/www.cidasc.sc.gov.br\/defesasanitariaanimal\/monitoramento-microbiologico-cidasc-epagri-sar\/1348-0-2022-1-web-serraria-meio-mex-lc\/\" rel=\"attachment wp-att-23497\">1348.0.2022.1.WEB &#8211; SERRARIA &#8211; meio &#8211; MEX &#8211; LC<\/a><\/p>\n<p><a href=\"http:\/\/www.cidasc.sc.gov.br\/defesasanitariaanimal\/monitoramento-microbiologico-cidasc-epagri-sar\/1349-0-2022-1-web-serraria-dentro-2-mex-lc\/\" rel=\"attachment wp-att-23496\">1349.0.2022.1.WEB &#8211; SERRARIA &#8211; dentro 2 &#8211; MEX &#8211; LC<\/a><\/p>\n<p><a href=\"http:\/\/www.cidasc.sc.gov.br\/defesasanitariaanimal\/monitoramento-microbiologico-cidasc-epagri-sar\/1350-0-2022-1-web-serraria-dentro-1-mex-lc\/\" rel=\"attachment wp-att-23495\">1350.0.2022.1.WEB &#8211; SERRARIA &#8211; dentro 1 &#8211; MEX &#8211; LC<\/a><\/p>","protected":false},"excerpt":{"rendered":"<p>CAMPANHA 02 &#8211; 07\/06\/2022 \u00c1reas de Monitoramento &#8211; Campanha 02 BARRA DO ARIRI\u00da 1334.0.2022.1.WEB &#8211; BARRA DO ARIRI\u00da &#8211; sul 1 &#8211; MEX &#8211; S 1335.0.2022.1.WEB &#8211; BARRA DO ARIRI\u00da &#8211; sul 2 &#8211; MEX &#8211; S 1336.0.2022.1.WEB &#8211; BARRA DO ARIRI\u00da &#8211; meio &#8211; MEX &#8211; LC 1338.0.2022.1.WEB &#8211; BARRA DO ARIRI\u00da &#8211; dentro[&#8230;] <a class=\"moretag\" href=\"https:\/\/www.cidasc.sc.gov.br\/defesasanitariaanimal\/monitoramento-microbiologico-de-moluscos-bivalves-em-areas-interditadas-2022-campanha02\/\">Leia mais&#8230;<\/a><\/p>\n","protected":false},"author":12,"featured_media":0,"parent":0,"menu_order":0,"comment_status":"closed","ping_status":"closed","template":"","meta":{"footnotes":""},"class_list":["post-24038","page","type-page","status-publish","hentry"],"_links":{"self":[{"href":"https:\/\/www.cidasc.sc.gov.br\/defesasanitariaanimal\/wp-json\/wp\/v2\/pages\/24038","targetHints":{"allow":["GET"]}}],"collection":[{"href":"https:\/\/www.cidasc.sc.gov.br\/defesasanitariaanimal\/wp-json\/wp\/v2\/pages"}],"about":[{"href":"https:\/\/www.cidasc.sc.gov.br\/defesasanitariaanimal\/wp-json\/wp\/v2\/types\/page"}],"author":[{"embeddable":true,"href":"https:\/\/www.cidasc.sc.gov.br\/defesasanitariaanimal\/wp-json\/wp\/v2\/users\/12"}],"replies":[{"embeddable":true,"href":"https:\/\/www.cidasc.sc.gov.br\/defesasanitariaanimal\/wp-json\/wp\/v2\/comments?post=24038"}],"version-history":[{"count":1,"href":"https:\/\/www.cidasc.sc.gov.br\/defesasanitariaanimal\/wp-json\/wp\/v2\/pages\/24038\/revisions"}],"predecessor-version":[{"id":24042,"href":"https:\/\/www.cidasc.sc.gov.br\/defesasanitariaanimal\/wp-json\/wp\/v2\/pages\/24038\/revisions\/24042"}],"wp:attachment":[{"href":"https:\/\/www.cidasc.sc.gov.br\/defesasanitariaanimal\/wp-json\/wp\/v2\/media?parent=24038"}],"curies":[{"name":"wp","href":"https:\/\/api.w.org\/{rel}","templated":true}]}}