{"id":181,"date":"2012-09-05T15:48:10","date_gmt":"2012-09-05T15:48:10","guid":{"rendered":"http:\/\/NormasT\u00e9cnicasdeVigil\u00e2nciaeControledasEnfermidadesViraisemCamar\u00f5esMarinhosdeCultivo"},"modified":"2025-09-03T17:30:47","modified_gmt":"2025-09-03T17:30:47","slug":"documentos-e-formularios","status":"publish","type":"page","link":"https:\/\/www.cidasc.sc.gov.br\/defesasanitariaanimal\/programas\/sanidade-dos-animais-aquaticos\/documentos-e-formularios\/","title":{"rendered":"Sanidade dos Animais Aqu\u00e1ticos &#8211; Documentos e Formul\u00e1rios"},"content":{"rendered":"<p><a href=\"https:\/\/www.cidasc.sc.gov.br\/defesasanitariaanimal\/files\/2025\/09\/Analise-de-Metas-2025_1-CESAA.docx-2.pdf\">An\u00e1lise de Metas 2025_-\u00a0 CESAA<\/a><\/p>\n<p><a href=\"\/defesasanitariaanimal\/files\/2012\/09\/Normas-tecnicas-de-vigilancia-e-controle-das-enfermidades.pdf\">Normas T\u00e9cnicas de Vigil\u00e2ncia e Controle das Enfermidades Virais em Camar\u00f5es Marinhos de Cultivo<\/a><\/p>\n<p><a href=\"http:\/\/www.cidasc.sc.gov.br\/defesasanitariaanimal\/files\/2020\/08\/NOTA-T%C3%89CNICA-FICOTOXINA_007_21.07.2016.pdf\">NOTA-T\u00c9CNICA-LIBERA\u00c7\u00c3O DE \u00c1REAS DE CULTIVO DE MOLUSCOS BIVALVES_21.07.2016<\/a><\/p>\n","protected":false},"excerpt":{"rendered":"<p>An\u00e1lise de Metas 2025_-\u00a0 CESAA Normas T\u00e9cnicas de Vigil\u00e2ncia e Controle das Enfermidades Virais em Camar\u00f5es Marinhos de Cultivo NOTA-T\u00c9CNICA-LIBERA\u00c7\u00c3O DE \u00c1REAS DE CULTIVO DE MOLUSCOS BIVALVES_21.07.2016<\/p>\n","protected":false},"author":12,"featured_media":0,"parent":63,"menu_order":0,"comment_status":"open","ping_status":"open","template":"","meta":{"footnotes":""},"class_list":["post-181","page","type-page","status-publish","hentry"],"_links":{"self":[{"href":"https:\/\/www.cidasc.sc.gov.br\/defesasanitariaanimal\/wp-json\/wp\/v2\/pages\/181","targetHints":{"allow":["GET"]}}],"collection":[{"href":"https:\/\/www.cidasc.sc.gov.br\/defesasanitariaanimal\/wp-json\/wp\/v2\/pages"}],"about":[{"href":"https:\/\/www.cidasc.sc.gov.br\/defesasanitariaanimal\/wp-json\/wp\/v2\/types\/page"}],"author":[{"embeddable":true,"href":"https:\/\/www.cidasc.sc.gov.br\/defesasanitariaanimal\/wp-json\/wp\/v2\/users\/12"}],"replies":[{"embeddable":true,"href":"https:\/\/www.cidasc.sc.gov.br\/defesasanitariaanimal\/wp-json\/wp\/v2\/comments?post=181"}],"version-history":[{"count":11,"href":"https:\/\/www.cidasc.sc.gov.br\/defesasanitariaanimal\/wp-json\/wp\/v2\/pages\/181\/revisions"}],"predecessor-version":[{"id":33143,"href":"https:\/\/www.cidasc.sc.gov.br\/defesasanitariaanimal\/wp-json\/wp\/v2\/pages\/181\/revisions\/33143"}],"up":[{"embeddable":true,"href":"https:\/\/www.cidasc.sc.gov.br\/defesasanitariaanimal\/wp-json\/wp\/v2\/pages\/63"}],"wp:attachment":[{"href":"https:\/\/www.cidasc.sc.gov.br\/defesasanitariaanimal\/wp-json\/wp\/v2\/media?parent=181"}],"curies":[{"name":"wp","href":"https:\/\/api.w.org\/{rel}","templated":true}]}}