{"id":135,"date":"2012-09-03T20:37:38","date_gmt":"2012-09-03T20:37:38","guid":{"rendered":"http:\/\/tableFederais,Descri\u00e7\u00e3oInstru\u00e7\u00e3oNormativa8de03\/04\/2007,NormasparaoControleeaEr"},"modified":"2025-09-10T12:20:54","modified_gmt":"2025-09-10T12:20:54","slug":"legislacao","status":"publish","type":"page","link":"https:\/\/www.cidasc.sc.gov.br\/defesasanitariaanimal\/programas\/sanidade-suidea\/legislacao\/","title":{"rendered":"Sanidade Su\u00eddea &#8211; Legisla\u00e7\u00e3o"},"content":{"rendered":"<p><b>Legisla\u00e7\u00e3o Federal<\/b><\/p>\n<p>1, <a href=\"https:\/\/www.gov.br\/agricultura\/pt-br\/assuntos\/sanidade-animal-e-vegetal\/saude-animal\/programas-de-saude-animal\/sanidade-suidea\/legislacao-suideos\/2007IN08ControleeErradDA.pdf\/view\">IN 08 de 2007 &#8211; Normas para controle da Doen\u00e7a de Aujeszky<\/a><\/p>\n<p>2, <a href=\"http:\/\/www.cidasc.sc.gov.br\/defesasanitariaanimal\/files\/2012\/09\/IN-n-22-de-22-de-maio-de-2007.pdf\">IN 22 de 2007 &#8211; Altera artigo da IN 08\/2007<\/a><\/p>\n<p>3, <a href=\"https:\/\/www.gov.br\/agricultura\/pt-br\/assuntos\/sanidade-animal-e-vegetal\/saude-animal\/programas-de-saude-animal\/sanidade-suidea\/legislacao-suideos\/2002IN19GRSC.pdf\">IN 19 de 2002 &#8211; Normas para certifica\u00e7\u00e3o GRSC<\/a><\/p>\n<p>4,\u00a0<a href=\"https:\/\/www.gov.br\/agricultura\/pt-br\/assuntos\/sanidade-animal-e-vegetal\/saude-animal\/programas-de-saude-animal\/sanidade-suidea\/legislacao-suideos\/2004IN06PSC.pdf\/view\">IN 06 de 2004 &#8211; Aprova normas para erradica\u00e7\u00e3o da PSC<\/a><\/p>\n<p>5, <a href=\"https:\/\/www.gov.br\/agricultura\/pt-br\/assuntos\/sanidade-animal-e-vegetal\/saude-animal\/programas-de-saude-animal\/sanidade-suidea\/legislacao-suideos\/2004IN27PlanodePSC.pdf\/view\">IN 27 de 2004 &#8211; Aprova o plano de conting\u00eancia para PSC<\/a><\/p>\n<p>6, <a href=\"https:\/\/www.gov.br\/agricultura\/pt-br\/assuntos\/sanidade-animal-e-vegetal\/saude-animal\/programas-de-saude-animal\/arquivos-programas-sanitarios\/2004IN47PNSS.pdf\/view\">IN 47 de 2004 &#8211; Aprova o regulamento t\u00e9cnico do PNSS<\/a><\/p>\n<p>7, <a href=\"https:\/\/www.gov.br\/agricultura\/pt-br\/assuntos\/sanidade-animal-e-vegetal\/saude-animal\/programas-de-saude-animal\/sanidade-suidea\/granja-de-reprodutores-suideos-certificada-grsc\">Portaria SDA\/MAPA 1358 de 2025 &#8211; Aprova os procedimentos e requisitos para certifica\u00e7\u00e3o de Granjas de Reprodutores Su\u00ednos, para autoriza\u00e7\u00e3o de funcionamento de estabelecimento de alojamento tempor\u00e1rio e disciplina o tr\u00e2nsito de reprodutores su\u00ednos<\/a><\/p>\n<p>8, <a href=\"https:\/\/drive.google.com\/file\/d\/1WYkT6cs-97RfMag3WkisEkdktGwWxQ2h\/view\">Instru\u00e7\u00e3o Normativa n\u00ba 63 de 27 de dezembro de 2013, Requistos Zoosanit\u00e1rios dos Estados Partes para importa\u00e7\u00e3o de su\u00ednos para reprodu\u00e7\u00e3o<\/a><\/p>\n<p>9, <a href=\"http:\/\/www.cidasc.sc.gov.br\/defesasanitariaanimal\/files\/2012\/09\/PortariaIBAMA-1998-n102.pdf\">Portaria 102 de 15\/07\/1998 \u2013 IBAMA &#8211; Normalizar o funcionamento de criadouros da fauna silvestre ex\u00f3tica<\/a>,<\/p>\n<p>10, <a href=\"http:\/\/www.cidasc.sc.gov.br\/defesasanitariaanimal\/files\/2012\/09\/2013_ibama_in_003-2013_manejo_javali2.pdf\">Instru\u00e7\u00e3o Normativa n\u00b0 03 de 2013 IBAMA &#8211; Institui o manejo populacional de javalis no Brasil<\/a><\/p>\n<p>11, <a href=\"http:\/\/www.cidasc.sc.gov.br\/defesasanitariaanimal\/files\/2012\/09\/Instru%C3%A7%C3%A3o-Normativa-n-25-de-19-07-2016.pdf\">Instru\u00e7\u00e3o Normativa n 25 de 19 07 2016 &#8211; estabelece a \u00e1rea livre de PSC no Brasil e define procedimentos de ingresso<\/a><\/p>\n<p>12, <a href=\"http:\/\/www.cidasc.sc.gov.br\/defesasanitariaanimal\/files\/2025\/03\/OF-CIRC-CONJ-01.2023.DSA_.DIPOA_.SDA_.MAPA_.pdf\">Of\u00edcio conjunto 01\/2023\/DIPOA\/DSA\/MAPA &#8211; Sa\u00edda de frigor\u00edfico e diferen\u00e7a na quantidade de animais<\/a><\/p>\n<p><b>Legisla\u00e7\u00e3o Estadual<\/b><\/p>\n<p><a href=\"https:\/\/www.cidasc.sc.gov.br\/defesasanitariaanimal\/files\/2023\/04\/Portaria-SAR-no-22022-6.pdf\"><span style=\"color: #333333\">1<\/span>,\u00a0Portaria SAR n\u00ba 2\/2022 &#8211; Pro\u00edbe a cria\u00e7\u00e3o de bovinos, bubalinos, su\u00eddeos, caprinos e ovinos com restos de alimentos ou res\u00edduos de origem animal de qualquer proced\u00eancia, bem como pro\u00edbe a cria\u00e7\u00e3o e a perman\u00eancia de animais em lix\u00f5es e revoga a Portaria n\u00ba 15\/00\/SDA, de 2000,<\/a><\/p>\n<p>2, <a href=\"http:\/\/www.cidasc.sc.gov.br\/defesasanitariaanimal\/files\/2012\/09\/Portaria_20_de_09_de_novembro_de_2010.pdf\">Portaria SAR 20 de 09\/11\/2010 &#8211; Autoriza por tempo indeterminado o abate de javalis em SC<\/a>,<\/p>\n<p>3, <a href=\"http:\/\/www.cidasc.sc.gov.br\/defesasanitariaanimal\/files\/2023\/10\/IS-DEDSA-031-Granjas-China-e-Uniao-Euroasiatica.pdf\">IS DEDSA 031 &#8211; Granjas China e Uni\u00e3o Euroasi\u00e1tica<\/a>\u00a0<\/p>\n<p>4, <a href=\"http:\/\/www.cidasc.sc.gov.br\/defesasanitariaanimal\/files\/2019\/10\/IS-007-Alojamento-Tempor%C3%A1rio.pdf\">IS 007 &#8211; Procedimentos para propriedades de Alojamento tempor\u00e1rio<\/a><\/p>\n<p>5, <a href=\"http:\/\/www.cidasc.sc.gov.br\/defesasanitariaanimal\/files\/2012\/09\/Instruo-de-servio-010.2012-Participao-de-sunos-em-eventos.pdf\">Instru\u00e7\u00e3o de Servi\u00e7o n\u00b0 010\/2012 &#8211; Participa\u00e7\u00e3o de su\u00ednos em eventos<\/a><\/p>\n<p>6, <a href=\"http:\/\/www.cidasc.sc.gov.br\/defesasanitariaanimal\/files\/2025\/03\/IS-09-Responsaveis-de-suinos-versao-9.0.pdf\">IS 09 &#8211; Respons\u00e1veis de su\u00ednos &#8211; vers\u00e3o 9.0 &#8211; 2025<\/a><\/p>\n<p>7,\u00a0<a href=\"http:\/\/www.cidasc.sc.gov.br\/defesasanitariaanimal\/files\/2020\/05\/portaria-001_2017-PMA-4.pdf\">Portaria 001_2017 PMA &#8211; Portaria de controle populacional do Javali por meio de captura e abate<\/a><\/p>\n<p>8, <a href=\"http:\/\/www.cidasc.sc.gov.br\/defesasanitariaanimal\/files\/2012\/09\/Instru%C3%A7%C3%A3o-de-servi%C3%A7o-008.2013-Nascidos-e-criados-em-Santa-Catarina.pdf\">Instru\u00e7\u00e3o de servi\u00e7o 008.2013 &#8211; Protocolo nascimento e cria\u00e7\u00e3o em SC<\/a><\/p>\n<p>9,<a href=\"https:\/\/drive.google.com\/file\/d\/1Cve5XwyOkENx0cIpQqykrNTjidYyPf8a\/view?usp=sharing\"> PORTARIA 062\/2019\/SAR &#8211; Procedimentos de vigil\u00e2ncia de PSC<\/a><\/p>\n<p>10, <a href=\"http:\/\/www.cidasc.sc.gov.br\/defesasanitariaanimal\/files\/2025\/03\/Portaria-SAR-SFA-No-1-2009-1.pdf\">Portaria SAR-SFA N\u00ba 1-2009 de 16 de dezembro de 2009, Cria o Comit\u00ea Estadual de Sanidade Su\u00eddea<\/a><\/p>\n<p>11,\u00a0 <a href=\"http:\/\/www.cidasc.sc.gov.br\/defesasanitariaanimal\/files\/2021\/05\/Portaria-SAR-37-2021-1-1.pdf\">Portaria SAR 37-2021, Autoriza\u00e7\u00e3o do transporte de carca\u00e7a de javalis<\/a><\/p>\n<p>12, <a href=\"http:\/\/www.cidasc.sc.gov.br\/defesasanitariaanimal\/files\/2022\/06\/IN-DEDSA-CIDASC-001_2022-Procedimentos-de-transporte-de-carca\u00e7a-de-javali-e-colheita-de-amostras-para-monitoria-sanit\u00e1ria-1.pdf\">IN DEDSA CIDASC &#8211; 001_2022 &#8211; Procedimentos de transporte de carca\u00e7a de javali e colheita de amostras para monitoria sanit\u00e1ria <\/a><\/p>\n<p>13, <a href=\"http:\/\/www.cidasc.sc.gov.br\/defesasanitariaanimal\/files\/2025\/03\/LEI-No-18.817-DE-26-DE-DEZEMBRO-DE-2023-1.pdf\">LEI N\u00ba 18.817, DE 26 DE DEZEMBRO DE 2023 &#8211; Autoriza o controle populacional e o manejo sustent\u00e1vel do javali<\/a><\/p>\n<p>14, <a href=\"http:\/\/www.cidasc.sc.gov.br\/defesasanitariaanimal\/files\/2025\/03\/Decreto-501-2024-de-Santa-Catarina-SC.pdf\">Decreto 501 de 08 de mar\u00e7o de 2024 &#8211; Regulamenta a lei 18.817, que autoriza o controle populacional e o manejo sustent\u00e1vel do javali<\/a><\/p>\n<p>15, <a href=\"https:\/\/www.cidasc.sc.gov.br\/defesasanitariaanimal\/files\/2025\/09\/Portaria-SAPE-50-2025-assinada.pdf\">Portaria SAPE 50 2025 &#8211; Estabelece medidas m\u00ednimas de biosseguridade para granjas tecnificadas que produzem ou distribuem su\u00ednos com fins comerciais cujo destino final ser\u00e1 o abate<\/a><\/p>\n\n\n<div class=\"wp-block-file\"><a href=\"http:\/\/www.cidasc.sc.gov.br\/85596c57-6577-4f32-b42f-16c8a27e052d\" class=\"wp-block-file__button\" download>Baixar<\/a><\/div>\n\n\n\n<p><\/p>\n","protected":false},"excerpt":{"rendered":"<p>Legisla\u00e7\u00e3o Federal 1, IN 08 de 2007 &#8211; Normas para controle da Doen\u00e7a de Aujeszky 2, IN 22 de 2007 &#8211; Altera artigo da IN 08\/2007 3, IN 19 de 2002 &#8211; Normas para certifica\u00e7\u00e3o GRSC 4,\u00a0IN 06 de 2004 &#8211; Aprova normas para erradica\u00e7\u00e3o da PSC 5, IN 27 de 2004 &#8211; Aprova o[&#8230;] <a class=\"moretag\" href=\"https:\/\/www.cidasc.sc.gov.br\/defesasanitariaanimal\/programas\/sanidade-suidea\/legislacao\/\">Leia mais&#8230;<\/a><\/p>\n","protected":false},"author":12,"featured_media":0,"parent":57,"menu_order":0,"comment_status":"open","ping_status":"open","template":"","meta":{"footnotes":""},"class_list":["post-135","page","type-page","status-publish","hentry"],"_links":{"self":[{"href":"https:\/\/www.cidasc.sc.gov.br\/defesasanitariaanimal\/wp-json\/wp\/v2\/pages\/135","targetHints":{"allow":["GET"]}}],"collection":[{"href":"https:\/\/www.cidasc.sc.gov.br\/defesasanitariaanimal\/wp-json\/wp\/v2\/pages"}],"about":[{"href":"https:\/\/www.cidasc.sc.gov.br\/defesasanitariaanimal\/wp-json\/wp\/v2\/types\/page"}],"author":[{"embeddable":true,"href":"https:\/\/www.cidasc.sc.gov.br\/defesasanitariaanimal\/wp-json\/wp\/v2\/users\/12"}],"replies":[{"embeddable":true,"href":"https:\/\/www.cidasc.sc.gov.br\/defesasanitariaanimal\/wp-json\/wp\/v2\/comments?post=135"}],"version-history":[{"count":179,"href":"https:\/\/www.cidasc.sc.gov.br\/defesasanitariaanimal\/wp-json\/wp\/v2\/pages\/135\/revisions"}],"predecessor-version":[{"id":33175,"href":"https:\/\/www.cidasc.sc.gov.br\/defesasanitariaanimal\/wp-json\/wp\/v2\/pages\/135\/revisions\/33175"}],"up":[{"embeddable":true,"href":"https:\/\/www.cidasc.sc.gov.br\/defesasanitariaanimal\/wp-json\/wp\/v2\/pages\/57"}],"wp:attachment":[{"href":"https:\/\/www.cidasc.sc.gov.br\/defesasanitariaanimal\/wp-json\/wp\/v2\/media?parent=135"}],"curies":[{"name":"wp","href":"https:\/\/api.w.org\/{rel}","templated":true}]}}