{"id":131,"date":"2012-09-03T20:36:17","date_gmt":"2012-09-03T20:36:17","guid":{"rendered":"O Programa de Combate \u00e0 Peste Su\u00edna foi institu\u00eddo em todo o territ\u00f3rio nacional em 1980. Seu objetivo era a erradica\u00e7\u00e3o da Peste Su\u00edna Africana (PSA) por meio da identifica\u00e7\u00e3o e sacrif\u00edcio de todos os su\u00ednos com diagn\u00f3stico cl\u00ednico e\/ou sorologicamente p"},"modified":"2012-09-11T18:41:07","modified_gmt":"2012-09-11T18:41:07","slug":"historico","status":"publish","type":"page","link":"https:\/\/www.cidasc.sc.gov.br\/defesasanitariaanimal\/programas\/sanidade-suidea\/historico\/","title":{"rendered":"Sanidade Su\u00eddea &#8211; Hist\u00f3rico"},"content":{"rendered":"<p>O Programa de Combate \u00e0 Peste Su\u00edna foi institu\u00eddo em todo o territ\u00f3rio nacional em 1980. Seu objetivo era a erradica\u00e7\u00e3o da Peste Su\u00edna Africana (PSA) por meio da identifica\u00e7\u00e3o e sacrif\u00edcio de todos os su\u00ednos com diagn\u00f3stico cl\u00ednico e\/ou sorologicamente positivos. A PSA foi controlada pela vacina\u00e7\u00e3o de su\u00ednos e saneamento dos focos identificados.<\/p>\n<p>Em setembro de 1983, os estados da Regi\u00e3o Sul do Brasil \u2013 Rio Grande do Sul, Santa Catarina e Paran\u00e1 \u2013 foram declarados livres da PSA. Em 05 de Dezembro de 1984 o Brasil conseguiu erradicar a doen\u00e7a, e foi declarado livre da PSA. O programa de combate \u00e0 Peste Su\u00edna passou ent\u00e3o a ter como objetivo a erradica\u00e7\u00e3o gradativa da Peste Su\u00edna Cl\u00e1ssica (PSC).<\/p>\n<p>Em 1992, foi implantado no Brasil o Programa de Controle e Erradica\u00e7\u00e3o da PSC. A estrat\u00e9gia inicial do programa foi a delimita\u00e7\u00e3o de tr\u00eas \u00e1reas distintas, em conformidade com a situa\u00e7\u00e3o zoosanit\u00e1ria de cada regi\u00e3o, adotando-se crit\u00e9rios diferenciados de atua\u00e7\u00e3o da defesa sanit\u00e1ria para cada \u00e1rea:<\/p>\n<ul>\n<li>\u00c1rea I \u2013 Sem vacina\u00e7\u00e3o contra a PSC<\/li>\n<li>\u00c1rea II \u2013 Com vacina\u00e7\u00e3o obrigat\u00f3ria contra a PSC<\/li>\n<li>\u00c1rea III \u2013 Com vacina\u00e7\u00e3o volunt\u00e1ria contra a PSC<\/li>\n<\/ul>\n<p>Os estados do Rio Grande do Sul, Santa Catarina e Paran\u00e1, ap\u00f3s a realiza\u00e7\u00e3o de inqu\u00e9rito soroepidemiol\u00f3gico para comprova\u00e7\u00e3o de aus\u00eancia de atividade viral nas regi\u00f5es em que n\u00e3o se praticava a vacina\u00e7\u00e3o, foram declarados livres de PSC pela Portaria n\u00ba. 189\/94.<\/p>\n<p>A vacina\u00e7\u00e3o contra a PSC foi proibida em todo o Brasil pela Portaria n\u00ba. 201\/98, que aprovou as \u201cNormas para o Controle e Erradica\u00e7\u00e3o da Peste Su\u00edna Cl\u00e1ssica no Territ\u00f3rio Nacional\u201d.<\/p>\n<p>No ano de 2000, foi realizado um estudo de atividade viral que envolveu o Distrito Federal e mais 13 Estados, cujo objetivo foi demonstrar a aus\u00eancia de atividade do v\u00edrus da PSC nos rebanhos su\u00eddeos da regi\u00e3o envolvida, para validar a vigil\u00e2ncia epidemiol\u00f3gica e implantar uma Zona Livre de PSC no pa\u00eds. Ao todo, foram colhidas cerca de 29.000 amostras de soro de su\u00ednos, javalis, catetos e queixadas, em mais de 2.100 propriedades. O resultado deste trabalho foi a Declara\u00e7\u00e3o dos estados do Rio Grande do Sul, Santa Catarina, Paran\u00e1, S\u00e3o Paulo, Minas Gerais, Mato Grosso, Mato Grosso do Sul, Goi\u00e1s, Tocantins, Rio de Janeiro, Esp\u00edrito Santo, Bahia, Sergipe e o Distrito Federal como zona livre de PSC, pela IN n\u00ba. 1\/01.<\/p>\n<p>No ano de 2003 foi realizado novo inqu\u00e9rito epidemiol\u00f3gico, que envolveu os estados da \u00e1rea livre da PSC, totalizando 27.541 amostras sorol\u00f3gicas de su\u00eddeos, num total de 3.023 propriedades envolvidas.<\/p>\n<p>As regi\u00f5es norte e nordeste do pa\u00eds s\u00e3o consideradas \u00e1reas infectadas, com exce\u00e7\u00e3o de Bahia e Sergipe, que integram a zona livre de PSC. Atualmente a Instru\u00e7\u00e3o Normativa vigente que declara a \u00e1rea livre de PSC \u00e9 IN n\u00b0 06, de 22 de outubro de 2010.<\/p>\n<p>As granjas de reprodutores su\u00eddeos tamb\u00e9m s\u00e3o alvo de a\u00e7\u00e3o do PNSS, com a\u00e7\u00f5es diretas relativas a todas as granjas que comercializam animais e material de multiplica\u00e7\u00e3o animal com a finalidade de reprodu\u00e7\u00e3o. Este tipo de granja e as a\u00e7\u00f5es realizadas est\u00e3o regulamentadas pela IN 19\/02.<\/p>\n<p>&nbsp;<\/p>\n<p>Em 2004, foi aprovado o \u201cRegulamento T\u00e9cnico do Programa Nacional de Sanidade Su\u00eddea \u2013 PNSS\u201d, atrav\u00e9s da IN n\u00b0. 47\/04, que serve de para todas as a\u00e7\u00f5es do programa.<\/p>\n","protected":false},"excerpt":{"rendered":"<p>O Programa de Combate \u00e0 Peste Su\u00edna foi institu\u00eddo em todo o territ\u00f3rio nacional em 1980. Seu objetivo era a erradica\u00e7\u00e3o da Peste Su\u00edna Africana (PSA) por meio da identifica\u00e7\u00e3o e sacrif\u00edcio de todos os su\u00ednos com diagn\u00f3stico cl\u00ednico e\/ou sorologicamente positivos. A PSA foi controlada pela vacina\u00e7\u00e3o de su\u00ednos e saneamento dos focos identificados.[&#8230;] <a class=\"moretag\" href=\"https:\/\/www.cidasc.sc.gov.br\/defesasanitariaanimal\/programas\/sanidade-suidea\/historico\/\">Leia mais&#8230;<\/a><\/p>\n","protected":false},"author":1,"featured_media":0,"parent":57,"menu_order":0,"comment_status":"open","ping_status":"open","template":"","meta":{"footnotes":""},"class_list":["post-131","page","type-page","status-publish","hentry"],"_links":{"self":[{"href":"https:\/\/www.cidasc.sc.gov.br\/defesasanitariaanimal\/wp-json\/wp\/v2\/pages\/131","targetHints":{"allow":["GET"]}}],"collection":[{"href":"https:\/\/www.cidasc.sc.gov.br\/defesasanitariaanimal\/wp-json\/wp\/v2\/pages"}],"about":[{"href":"https:\/\/www.cidasc.sc.gov.br\/defesasanitariaanimal\/wp-json\/wp\/v2\/types\/page"}],"author":[{"embeddable":true,"href":"https:\/\/www.cidasc.sc.gov.br\/defesasanitariaanimal\/wp-json\/wp\/v2\/users\/1"}],"replies":[{"embeddable":true,"href":"https:\/\/www.cidasc.sc.gov.br\/defesasanitariaanimal\/wp-json\/wp\/v2\/comments?post=131"}],"version-history":[{"count":3,"href":"https:\/\/www.cidasc.sc.gov.br\/defesasanitariaanimal\/wp-json\/wp\/v2\/pages\/131\/revisions"}],"predecessor-version":[{"id":4576,"href":"https:\/\/www.cidasc.sc.gov.br\/defesasanitariaanimal\/wp-json\/wp\/v2\/pages\/131\/revisions\/4576"}],"up":[{"embeddable":true,"href":"https:\/\/www.cidasc.sc.gov.br\/defesasanitariaanimal\/wp-json\/wp\/v2\/pages\/57"}],"wp:attachment":[{"href":"https:\/\/www.cidasc.sc.gov.br\/defesasanitariaanimal\/wp-json\/wp\/v2\/media?parent=131"}],"curies":[{"name":"wp","href":"https:\/\/api.w.org\/{rel}","templated":true}]}}