{"id":13,"date":"2022-02-17T00:00:00","date_gmt":"2022-02-17T00:00:00","guid":{"rendered":"http:\/\/Sa\u00fadeAnimalOcorr\u00eancia,ciclicidadeeevolu\u00e7\u00e3odefocosderaivadosherb\u00edvorosnaregi\u00e3odagrandeflorian\u00f3poliseosmorcegoshemat\u00f3fagosdesmodusrotundus(Ch"},"modified":"2022-02-18T16:25:55","modified_gmt":"2022-02-18T16:25:55","slug":"artigos","status":"publish","type":"page","link":"https:\/\/www.cidasc.sc.gov.br\/defesasanitariaanimal\/artigos\/","title":{"rendered":"Artigos"},"content":{"rendered":"<p>&nbsp;<\/p>\n<p><strong>Sa\u00fade Animal<\/strong><\/p>\n<p>&nbsp;<\/p>\n<p><a href=\"http:\/\/www.cidasc.sc.gov.br\/defesasanitariaanimal\/files\/2017\/01\/Prevalence-and-risk-factors-for-bovine-brucellosis-in-the-State-of-Santa-Catarina-Brazil.pdf\"><em>Prevalence and risk factors for bovine brucellosis in the State of Santa Catarina, Brazil<\/em>\u00a0(Preval\u00eancia e fatores de risco para brucelose bovina no estado de Santa Catarina, Brasil)<\/a><br \/>\nM\u00e9d. Vet.: Karina Diniz Baumgarten<\/p>\n<p><a href=\"http:\/\/www.cidasc.sc.gov.br\/defesasanitariaanimal\/files\/2017\/01\/Prevalence-and-herd-level-risk-factors-of-bovine-tuberculosis-in-the-State-of-Santa-Catarina.pdf\"><em>Prevalence and herd-level risk factors of bovine tuberculosis in the State of Santa Catarina<\/em>\u00a0(Preval\u00eancia e Fatores de Risco da Tuberculose Bovina no Estado de Santa Catarina)<\/a><br \/>\nM\u00e9d. Vet.: Fl\u00e1vio Pereira Veloso<\/p>\n<p><a href=\"http:\/\/www.cidasc.sc.gov.br\/defesasanitariaanimal\/files\/2012\/08\/RAIVA_Regis.pdf\">Ocorr\u00eancia, ciclicidade e evolu\u00e7\u00e3o de focos de raiva dos herb\u00edvoros na regi\u00e3o da grande florian\u00f3polis e os morcegos hemat\u00f3fagos desmodus rotundus (<em>Chiroptera, Phyllostomidae<\/em>)<\/a><br \/>\nM\u00e9d. Vet.: R\u00e9gis Roberto Holthausen Maciel<\/p>\n<p><a href=\"http:\/\/www.cidasc.sc.gov.br\/defesasanitariaanimal\/files\/2012\/08\/desequilibrio_luiz-paulo-silva.pdf\">Desequil\u00edbrio Ecol\u00f3gico e a Raiva dos Herb\u00edvoros no Munic\u00edpio de Luiz Alves<\/a><br \/>\nM\u00e9d. Vet.: Luiz Paulo da Silva<\/p>\n<p><a href=\"http:\/\/www.cidasc.sc.gov.br\/defesasanitariaanimal\/files\/2012\/08\/ESTUDO-LEUCOSE_ArcoAntonioLurdes1.pdf\">Preval\u00eancia de Anticorpos contra o v\u00edrus da Leucose Enzo\u00f3tica bovina em f\u00eameas com mais de dois anos no rebanho de bovinos leiteiros no munic\u00edpio de Mafra-SC<\/a><br \/>\nM\u00e9d. Vet.: Marcos Antonio Luders<\/p>\n<p><a href=\"http:\/\/www.cidasc.sc.gov.br\/defesasanitariaanimal\/files\/2012\/08\/Mestrado-Natasha-Rovena-da-Silva.pdf\">Aspectos do perfil e do conhecimento de apicultores sobre manejo e sanidade da abelha africanizada em regi\u00f5es de apicultura de Santa Catarina<\/a><br \/>\nM\u00e9d. Vet.: Natasha Rovena da Silva<\/p>\n<p><a href=\"http:\/\/www.cidasc.sc.gov.br\/defesasanitariaanimal\/files\/2012\/08\/ESTUDO-EDUCATIVO-EPIDEMIOL\u00d3GICO-DA-DOEN\u00c7A-DE-AUJESZKY-EM.pdf\">Estudo Educativo Epidemiol\u00f3gico da Doen\u00e7a de AUJESZKY<\/a><br \/>\nM\u00e9d. Vet.: Alfeu Sandrin<\/p>\n<p><a href=\"http:\/\/www.cidasc.sc.gov.br\/defesasanitariaanimal\/files\/2012\/08\/ESTUDO-DE-CHOQUE-ANAFIL\u00c1TICO-...VERAN_.pdf\">Estudo de Choque Anafil\u00e1tico provocado pela aplica\u00e7\u00e3o de vacina contra a Febre Aftosa na Esp\u00e9cie Bovina<\/a><br \/>\nM\u00e9d. Vet.: Edson Henrique Veran<\/p>\n<p><a href=\"http:\/\/www.cidasc.sc.gov.br\/defesasanitariaanimal\/files\/2012\/08\/TUBERCULOSE-...BUBNIAK.pdf\">Diagn\u00f3stico Epidemiol\u00f3gico da Tuberculose na Esp\u00e9cie Bovina no Estado de Santa Catarina<\/a><br \/>\nM\u00e9d. Vet.: Florisval Bubniak<\/p>\n<p><a href=\"http:\/\/www.cidasc.sc.gov.br\/defesasanitariaanimal\/files\/2012\/08\/ARTRITE-ENCEFALITE-CAPRINA..BERTOLDO.pdf\">Preval\u00eancia de Anticorpos para o v\u00edrus da Artrite-Encefalite Caprina em soros de caprinos no estado de Santa Catarina.<\/a><br \/>\nM\u00e9d. Vet.: Bertoldo E. Sell<\/p>\n<p><a href=\"http:\/\/www.cidasc.sc.gov.br\/defesasanitariaanimal\/files\/2012\/08\/CISTICERCOSE...Taisa_.pdf\">Preval\u00eancia da Cisticercose em Bovinos e Su\u00ednos no munic\u00edpio de Cambori\u00fa<\/a><br \/>\nM\u00e9d. Vet.: Ta\u00edsa Aparecida Goulart Alves<\/p>\n<p><a href=\"http:\/\/www.cidasc.sc.gov.br\/defesasanitariaanimal\/files\/2012\/08\/BRUCELOSE....Jose-Wilson.pdf\">Diagn\u00f3stico e Preven\u00e7\u00e3o da Brucelose Bovina no Munic\u00edpio de Imbuia &#8211; SC<\/a><br \/>\nM\u00e9d. Vet.: Jos\u00e9 Wilson Cabral<\/p>\n<p><a href=\"http:\/\/www.cidasc.sc.gov.br\/defesasanitariaanimal\/files\/2012\/08\/CISTICERCOSE-...-Luiz-Alfredo.pdf\">Reval\u00eancia da Cisticercose Su\u00edna constatada em abatedouros da regi\u00e3o do Alto Vale do Itaja\u00ed &#8211; SC<\/a><br \/>\nM\u00e9d. Vet.: Luiz Alfredo Alves<\/p>\n<p><a href=\"http:\/\/www.cidasc.sc.gov.br\/defesasanitariaanimal\/files\/2012\/08\/Artigo_Regis1.pdf\">Ocorr\u00eancia, Ciclicidade e Evolu\u00e7\u00e3o de Focos de Raiva dos Herb\u00edvoros na Regi\u00e3o da Grande Florian\u00f3polis e os Morcegos Hemat\u00f3fagos Desmodus Rotundus (<em>Chiroptera Phyllostomidae<\/em>)<\/a><br \/>\nM\u00e9d. Vet.: R\u00e9gis Roberto Holthausen Maciel<\/p>\n<p><a href=\"http:\/\/www.cidasc.sc.gov.br\/defesasanitariaanimal\/files\/2012\/08\/BRUCELOSE....-VICENTE.pdf\">Controle e Erradica\u00e7\u00e3o da Brucelose Bovina<\/a><br \/>\nM\u00e9d. Vet.: Vicente da Fonseca Ribeiro<\/p>\n<p><a href=\"http:\/\/www.cidasc.sc.gov.br\/defesasanitariaanimal\/files\/2012\/08\/raiva_joao4.pdf\">Epidemiologia e Import\u00e2ncia S\u00f3cio-Econ\u00f4mica da Raiva dos Herb\u00edvoros no Litoral Norte Catarinense<\/a><br \/>\nM\u00e9d. Vet.: Jo\u00e3o Baseti Marques<\/p>\n<p>&nbsp;<\/p>\n<p><strong>Educa\u00e7\u00e3o Sanit\u00e1ria<\/strong><\/p>\n<p>&nbsp;<\/p>\n<p><a href=\"http:\/\/www.cidasc.sc.gov.br\/defesasanitariaanimal\/files\/2012\/08\/tcc_Cinthia_Ramos.pdf\">A percep\u00e7\u00e3o dos produtores do munic\u00edpio de Bom Retiro sobre o Projeto de Identifica\u00e7\u00e3o de Bovinos e Bubalinos em Santa Catarina (PIB-SC)<\/a><br \/>\nEng.\u00aa Agr\u00f4noma Cinthia Ramos<\/p>\n<p><a href=\"http:\/\/www.cidasc.sc.gov.br\/defesasanitariaanimal\/files\/2012\/08\/RAIVA_Joao1.pdf\">Raiva &#8211; A Doen\u00e7a &#8211; Revis\u00e3o de Literatura<\/a><\/p>\n<p><a href=\"http:\/\/www.cidasc.sc.gov.br\/defesasanitariaanimal\/files\/2012\/08\/EFEITO-DA-EDUCA\u00c7\u00c3O-SANIT\u00c1RIA-NO-CONTROLE-DA-MASTITE-CL\u00cdNIC\u2026.pdf\">Efeito da Educa\u00e7\u00e3o Sanit\u00e1ria no Controle da Mastite Cl\u00ednica Bovina no Munic\u00edpio de Benedito Novo &#8211; Santa Catarina.<\/a><br \/>\nMed. Vet.: Renato Luiz Zimermann<\/p>\n<p><a href=\"http:\/\/www.cidasc.sc.gov.br\/defesasanitariaanimal\/files\/2012\/08\/Dissertacao_-_Clovis_Thadeu_Rabello_Improta.pdf\">Normas de Bem-estar animal: Da Academia aos Agentes Sanitaristas.<\/a><br \/>\nMed. Vet. : Clovis Thadeu Rabello Improta<\/p>\n<p>&nbsp;<\/p>\n<p><strong>Piscicultura<\/strong><\/p>\n<p>&nbsp;<\/p>\n<p><a href=\"http:\/\/www.cidasc.sc.gov.br\/defesasanitariaanimal\/files\/2012\/08\/LERNAE_CONTROLE-PREVENCAO_-irae.pdf\"><em>Lernaea cyprinacea<\/em> Controle e Preven\u00e7\u00e3o em Pisciculturas de \u00c1guas Interiores<\/a><br \/>\nMed. Vet.: Ira\u00ea Ant\u00f4nio Pizzolatti<\/p>\n<p>&nbsp;<\/p>\n<p><strong>Economia<\/strong><\/p>\n<p>&nbsp;<\/p>\n<p><a href=\"http:\/\/www.cidasc.sc.gov.br\/defesasanitariaanimal\/files\/2012\/08\/mercosul_Veran.pdf\">Santa Catarina no Mercosul e no Mercado Internacional: Aplica\u00e7\u00e3o das Medidas Sanit\u00e1rias da OMC<\/a><br \/>\nMed. Vet.: Edson Henrique Veran<\/p>\n<p><a href=\"http:\/\/www.cidasc.sc.gov.br\/defesasanitariaanimal\/files\/2012\/08\/A-Satisfacao-da-Sociedade_orientino.pdf\">A Satisfa\u00e7\u00e3o da Sociedade em Rela\u00e7ao ao Servi\u00e7o de Inspe\u00e7\u00e3o de Produtos de Origem Animal Prestado pela Prefeitura Municipal de Maravilha.<\/a><br \/>\nM\u00e9d. Vet.: Orientino Jos\u00e9 Tecchio<\/p>\n<p>&nbsp;<\/p>\n<p><strong>Qualidade dos Alimentos<\/strong><\/p>\n<p>&nbsp;<\/p>\n<p><a href=\"http:\/\/www.cidasc.sc.gov.br\/defesasanitariaanimal\/files\/2012\/08\/SALMONELOSE_ILONA1.pdf\">Salmoneloses e Toxiinfec\u00e7\u00f5es Alimentares: Uma Revis\u00e3o<\/a><br \/>\nMed. Vet.: Ilona Joerdens Marques<\/p>\n<p><a href=\"http:\/\/www.cidasc.sc.gov.br\/defesasanitariaanimal\/files\/2012\/08\/RASTREABILIDADE_fabricio.pdf\">Rastreabilidade e Seguran\u00e7a Alimentar<\/a><br \/>\nM\u00e9d. Vet.: Fabr\u00edcio Luciano Conchon<\/p>\n","protected":false},"excerpt":{"rendered":"<p>&nbsp; Sa\u00fade Animal &nbsp; Prevalence and risk factors for bovine brucellosis in the State of Santa Catarina, Brazil\u00a0(Preval\u00eancia e fatores de risco para brucelose bovina no estado de Santa Catarina, Brasil) M\u00e9d. Vet.: Karina Diniz Baumgarten Prevalence and herd-level risk factors of bovine tuberculosis in the State of Santa Catarina\u00a0(Preval\u00eancia e Fatores de Risco da[&#8230;] <a class=\"moretag\" href=\"https:\/\/www.cidasc.sc.gov.br\/defesasanitariaanimal\/artigos\/\">Leia mais&#8230;<\/a><\/p>\n","protected":false},"author":12,"featured_media":0,"parent":0,"menu_order":0,"comment_status":"closed","ping_status":"closed","template":"","meta":{"footnotes":""},"class_list":["post-13","page","type-page","status-publish","hentry"],"_links":{"self":[{"href":"https:\/\/www.cidasc.sc.gov.br\/defesasanitariaanimal\/wp-json\/wp\/v2\/pages\/13","targetHints":{"allow":["GET"]}}],"collection":[{"href":"https:\/\/www.cidasc.sc.gov.br\/defesasanitariaanimal\/wp-json\/wp\/v2\/pages"}],"about":[{"href":"https:\/\/www.cidasc.sc.gov.br\/defesasanitariaanimal\/wp-json\/wp\/v2\/types\/page"}],"author":[{"embeddable":true,"href":"https:\/\/www.cidasc.sc.gov.br\/defesasanitariaanimal\/wp-json\/wp\/v2\/users\/12"}],"replies":[{"embeddable":true,"href":"https:\/\/www.cidasc.sc.gov.br\/defesasanitariaanimal\/wp-json\/wp\/v2\/comments?post=13"}],"version-history":[{"count":45,"href":"https:\/\/www.cidasc.sc.gov.br\/defesasanitariaanimal\/wp-json\/wp\/v2\/pages\/13\/revisions"}],"predecessor-version":[{"id":22518,"href":"https:\/\/www.cidasc.sc.gov.br\/defesasanitariaanimal\/wp-json\/wp\/v2\/pages\/13\/revisions\/22518"}],"wp:attachment":[{"href":"https:\/\/www.cidasc.sc.gov.br\/defesasanitariaanimal\/wp-json\/wp\/v2\/media?parent=13"}],"curies":[{"name":"wp","href":"https:\/\/api.w.org\/{rel}","templated":true}]}}