{"id":9,"date":"2012-08-14T03:19:03","date_gmt":"2012-08-14T03:19:03","guid":{"rendered":""},"modified":"2019-08-07T19:04:08","modified_gmt":"2019-08-07T19:04:08","slug":"documentos","status":"publish","type":"page","link":"https:\/\/www.cidasc.sc.gov.br\/classificacao\/documentos\/","title":{"rendered":"Documentos"},"content":{"rendered":"<p>FORMUL\u00c1RIO DE SOLICITA\u00c7\u00c3O DE ANALISES DE AFLATOXINAS &#8211; LABCAL<a href=\"http:\/\/www.cidasc.sc.gov.br\/classificacao\/files\/2019\/03\/Solicita\u00e7\u00e3o-de-an\u00e1lise-Aflatoxinas-LAB-CAL-2019.doc\" target=\"_blank\" rel=\"noopener\">Minuta Solicita\u00e7\u00e3o An\u00e1lise Aflatoxinas -LABCAL<\/a><\/p>\n<p>&nbsp;<\/p>\n<p>Instru\u00e7\u00e3o de Servi\u00e7o 01 Dicla 2019\u00a0<a href=\"http:\/\/www.cidasc.sc.gov.br\/classificacao\/files\/2019\/07\/Instru\u00e7\u00e3o-de-servi\u00e7os-DICLA-01-2019.pdf\" target=\"_blank\" rel=\"noopener\">http:\/\/www.cidasc.sc.gov.br\/classificacao\/files\/2019\/07\/Instru\u00e7\u00e3o-de-servi\u00e7os-DICLA-01-2019.pdf<\/a><\/p>\n<p>&nbsp;<\/p>\n<p>Minuta Formul\u00e1rio Solicita\u00e7\u00e3o de An\u00e1lises\u00a0 &#8211; Emater\/RS<a href=\"http:\/\/www.cidasc.sc.gov.br\/classificacao\/files\/2019\/03\/FOR-02_REG-01-Encaminhamento-de-Amostras-para-o-NLB-LAB-1-Mercado-Interno.doc\" target=\"_blank\" rel=\"noopener\">Encaminhamento de Amostras Interno Emater\/RS<\/a><\/p>\n<p>&nbsp;<\/p>\n<p>Minuta Formul\u00e1rio Solicita\u00e7\u00e3o de An\u00e1lises Trigo &#8211; CEPA\/\u00a0<a href=\"http:\/\/www.cidasc.sc.gov.br\/classificacao\/files\/2019\/07\/FORM_41_SOLICITA\u00c7\u00c3O-DE-AN\u00c1LISE-DE-TRIGO-EM-GR\u00c3OS-SEM-CLASSE-.doc\" target=\"_blank\" rel=\"noopener\">http:\/\/www.cidasc.sc.gov.br\/classificacao\/files\/2019\/07\/FORM_41_SOLICITA\u00c7\u00c3O-DE-AN\u00c1LISE-DE-TRIGO-EM-GR\u00c3OS-CLASSE-.doc<\/a><\/p>\n<p>&nbsp;<\/p>\n","protected":false},"excerpt":{"rendered":"<p>FORMUL\u00c1RIO DE SOLICITA\u00c7\u00c3O DE ANALISES DE AFLATOXINAS &#8211; LABCALMinuta Solicita\u00e7\u00e3o An\u00e1lise Aflatoxinas -LABCAL &nbsp; Instru\u00e7\u00e3o de Servi\u00e7o 01 Dicla 2019\u00a0http:\/\/www.cidasc.sc.gov.br\/classificacao\/files\/2019\/07\/Instru\u00e7\u00e3o-de-servi\u00e7os-DICLA-01-2019.pdf &nbsp; Minuta Formul\u00e1rio Solicita\u00e7\u00e3o de An\u00e1lises\u00a0 &#8211; Emater\/RSEncaminhamento de Amostras Interno Emater\/RS &nbsp; Minuta Formul\u00e1rio Solicita\u00e7\u00e3o de An\u00e1lises Trigo &#8211; CEPA\/\u00a0http:\/\/www.cidasc.sc.gov.br\/classificacao\/files\/2019\/07\/FORM_41_SOLICITA\u00c7\u00c3O-DE-AN\u00c1LISE-DE-TRIGO-EM-GR\u00c3OS-CLASSE-.doc &nbsp;<\/p>\n","protected":false},"author":1,"featured_media":0,"parent":0,"menu_order":0,"comment_status":"open","ping_status":"open","template":"","meta":{"footnotes":""},"class_list":["post-9","page","type-page","status-publish","hentry"],"_links":{"self":[{"href":"https:\/\/www.cidasc.sc.gov.br\/classificacao\/wp-json\/wp\/v2\/pages\/9","targetHints":{"allow":["GET"]}}],"collection":[{"href":"https:\/\/www.cidasc.sc.gov.br\/classificacao\/wp-json\/wp\/v2\/pages"}],"about":[{"href":"https:\/\/www.cidasc.sc.gov.br\/classificacao\/wp-json\/wp\/v2\/types\/page"}],"author":[{"embeddable":true,"href":"https:\/\/www.cidasc.sc.gov.br\/classificacao\/wp-json\/wp\/v2\/users\/1"}],"replies":[{"embeddable":true,"href":"https:\/\/www.cidasc.sc.gov.br\/classificacao\/wp-json\/wp\/v2\/comments?post=9"}],"version-history":[{"count":7,"href":"https:\/\/www.cidasc.sc.gov.br\/classificacao\/wp-json\/wp\/v2\/pages\/9\/revisions"}],"predecessor-version":[{"id":587,"href":"https:\/\/www.cidasc.sc.gov.br\/classificacao\/wp-json\/wp\/v2\/pages\/9\/revisions\/587"}],"wp:attachment":[{"href":"https:\/\/www.cidasc.sc.gov.br\/classificacao\/wp-json\/wp\/v2\/media?parent=9"}],"curies":[{"name":"wp","href":"https:\/\/api.w.org\/{rel}","templated":true}]}}