{"id":8,"date":"2012-08-14T03:18:42","date_gmt":"2012-08-14T03:18:42","guid":{"rendered":"http:\/\/CLASSIFICA\u00c7\u00c3ODEPRODUTOSDEORIGEMVEGETALExecutaservi\u00e7osdeclassifica\u00e7\u00e3odeprodutosvegetaiseseussubprodutoseres\u00edduosdevalorecon\u00f4mico,comafinalidadedeatenderalegisla\u00e7\u00e3oeconseq\u00fcentemente"},"modified":"2022-03-02T19:47:59","modified_gmt":"2022-03-02T19:47:59","slug":"principal","status":"publish","type":"page","link":"https:\/\/www.cidasc.sc.gov.br\/classificacao\/","title":{"rendered":"Classifica\u00e7\u00e3o Vegetal"},"content":{"rendered":"<p><strong>CLASSIFICA\u00c7\u00c3O DE PRODUTOS DE ORIGEM VEGETAL<\/strong><\/p>\n<p style=\"text-align: left\">Executa servi\u00e7os de classifica\u00e7\u00e3o de produtos vegetais e seus subprodutos e res\u00edduos de valor econ\u00f4mico, com a finalidade de atender a legisla\u00e7\u00e3o e consequentemente o mercado consumidor, facilitando a comercializa\u00e7\u00e3o, possibilitando a importa\u00e7\u00e3o e exporta\u00e7\u00e3o dos produtos dentro dos padr\u00f5es oficiais de classifica\u00e7\u00e3o;<\/p>\n<p style=\"text-align: left\">Capacita produtores rurais e usu\u00e1rios em classifica\u00e7\u00e3o vegetal;<\/p>\n<p style=\"text-align: left\">Desenvolve trabalhos ligados a extens\u00e3o agroindustrial, auxiliando tecnicamente as ind\u00fastrias e produtores rurais.<\/p>\n<p><strong>A ATIVIDADE DE CLASSIFICA\u00c7\u00c3O POSSIBILITA:<br \/>\n<\/strong><br \/>\n\u2022 A sele\u00e7\u00e3o de produtos para diferentes usos em fun\u00e7\u00e3o da sua qualidade<br \/>\n\u2022 Diferencia\u00e7\u00e3o de pre\u00e7os em fun\u00e7\u00e3o da qualidade<br \/>\n\u2022 Redu\u00e7\u00e3o de despesas de embalagens, armazenamento, seguro e transporte Fixa\u00e7\u00e3o de pre\u00e7os m\u00ednimos que contribuem para a estabilidade geral dos pre\u00e7os<br \/>\n\u2022 Impedir a comercializa\u00e7\u00e3o de produtos inadequados ao consumo humano e animal<br \/>\n\u2022 Preservar a economia catarinense e nacional dos riscos de importa\u00e7\u00e3o de produtos impr\u00f3prios ao consumo, ou com padr\u00f5es de qualidade inferior aos praticados no mercado interno<br \/>\n\u2022 Auxiliar as autoridades fazend\u00e1rias, tornando segura e adequada a tributa\u00e7\u00e3o dos produtos agr\u00edcolas<br \/>\n\u2022 Detectar e cercear fraudes e contamina\u00e7\u00f5es nos produtos, salvaguardando o interesse dos consumidores.<\/p>\n<p>________________________________________________________________<\/p>\n<p><strong>Pequisa de interesse para habilita\u00e7\u00e3o e capacita\u00e7\u00e3o em classifica\u00e7\u00e3o de produtos de origem vegetal &#8211; IN MAPA 46\/2009<\/strong><\/p>\n<ul>\n<li>Preencha <a href=\"https:\/\/docs.google.com\/forms\/u\/3\/d\/e\/1FAIpQLSejjOkUM-6T5eveJNA1XfSHJIZe0R7v1TD5DDc_z_9_1K3xdA\/formResponse\">este formul\u00e1rio<\/a> de interesse que lhe avisaremos quando houver curso programado.<\/li>\n<\/ul>\n<p>________________________________________________________________<\/p>\n<p><span style=\"color: #008000\"><strong><a title=\"Postos de Classifica\u00e7\u00e3o\" href=\"http:\/\/www.cidasc.sc.gov.br\/classificacao\/postos-de-classificacao\/\"><span style=\"color: #008000\">&#8211;&gt; Postos de Classifica\u00e7\u00e3o<\/span><\/a><\/strong><\/span><\/p>\n\n\t\t<style type=\"text\/css\">\n\t\t\t#gallery-1 {\n\t\t\t\tmargin: auto;\n\t\t\t}\n\t\t\t#gallery-1 .gallery-item {\n\t\t\t\tfloat: left;\n\t\t\t\tmargin-top: 10px;\n\t\t\t\ttext-align: center;\n\t\t\t\twidth: 25%;\n\t\t\t}\n\t\t\t#gallery-1 img {\n\t\t\t\tborder: 2px solid #cfcfcf;\n\t\t\t}\n\t\t\t#gallery-1 .gallery-caption {\n\t\t\t\tmargin-left: 0;\n\t\t\t}\n\t\t\t\/* see gallery_shortcode() in wp-includes\/media.php *\/\n\t\t<\/style>\n\t\t<div id='gallery-1' class='gallery galleryid-8 gallery-columns-4 gallery-size-thumbnail'><dl class='gallery-item'>\n\t\t\t<dt class='gallery-icon landscape'>\n\t\t\t\t<a href='https:\/\/www.cidasc.sc.gov.br\/classificacao\/files\/2012\/08\/DSC04701.jpg'><img loading=\"lazy\" decoding=\"async\" width=\"150\" height=\"150\" src=\"https:\/\/www.cidasc.sc.gov.br\/classificacao\/files\/2012\/08\/DSC04701-150x150.jpg\" class=\"attachment-thumbnail size-thumbnail\" alt=\"\" \/><\/a>\n\t\t\t<\/dt><\/dl><dl class='gallery-item'>\n\t\t\t<dt class='gallery-icon landscape'>\n\t\t\t\t<a href='https:\/\/www.cidasc.sc.gov.br\/classificacao\/files\/2012\/08\/fumo01.jpg'><img loading=\"lazy\" decoding=\"async\" width=\"150\" height=\"150\" src=\"https:\/\/www.cidasc.sc.gov.br\/classificacao\/files\/2012\/08\/fumo01-150x150.jpg\" class=\"attachment-thumbnail size-thumbnail\" alt=\"\" \/><\/a>\n\t\t\t<\/dt><\/dl><dl class='gallery-item'>\n\t\t\t<dt class='gallery-icon landscape'>\n\t\t\t\t<a href='https:\/\/www.cidasc.sc.gov.br\/classificacao\/files\/2012\/08\/DSC05044.jpg'><img loading=\"lazy\" decoding=\"async\" width=\"150\" height=\"150\" src=\"https:\/\/www.cidasc.sc.gov.br\/classificacao\/files\/2012\/08\/DSC05044-150x150.jpg\" class=\"attachment-thumbnail size-thumbnail\" alt=\"\" \/><\/a>\n\t\t\t<\/dt><\/dl><dl class='gallery-item'>\n\t\t\t<dt class='gallery-icon landscape'>\n\t\t\t\t<a href='https:\/\/www.cidasc.sc.gov.br\/classificacao\/files\/2012\/08\/DSC00581.jpg'><img loading=\"lazy\" decoding=\"async\" width=\"150\" height=\"150\" src=\"https:\/\/www.cidasc.sc.gov.br\/classificacao\/files\/2012\/08\/DSC00581-150x150.jpg\" class=\"attachment-thumbnail size-thumbnail\" alt=\"\" \/><\/a>\n\t\t\t<\/dt><\/dl><br style=\"clear: both\" \/>\n\t\t<\/div>\n\n","protected":false},"excerpt":{"rendered":"<p>CLASSIFICA\u00c7\u00c3O DE PRODUTOS DE ORIGEM VEGETAL Executa servi\u00e7os de classifica\u00e7\u00e3o de produtos vegetais e seus subprodutos e res\u00edduos de valor econ\u00f4mico, com a finalidade de atender a legisla\u00e7\u00e3o e consequentemente o mercado consumidor, facilitando a comercializa\u00e7\u00e3o, possibilitando a importa\u00e7\u00e3o e exporta\u00e7\u00e3o dos produtos dentro dos padr\u00f5es oficiais de classifica\u00e7\u00e3o; Capacita produtores rurais e usu\u00e1rios em[&#8230;] <a class=\"moretag\" href=\"https:\/\/www.cidasc.sc.gov.br\/classificacao\/\">Leia mais&#8230;<\/a><\/p>\n","protected":false},"author":1,"featured_media":0,"parent":0,"menu_order":0,"comment_status":"open","ping_status":"open","template":"","meta":{"footnotes":""},"class_list":["post-8","page","type-page","status-publish","hentry"],"_links":{"self":[{"href":"https:\/\/www.cidasc.sc.gov.br\/classificacao\/wp-json\/wp\/v2\/pages\/8","targetHints":{"allow":["GET"]}}],"collection":[{"href":"https:\/\/www.cidasc.sc.gov.br\/classificacao\/wp-json\/wp\/v2\/pages"}],"about":[{"href":"https:\/\/www.cidasc.sc.gov.br\/classificacao\/wp-json\/wp\/v2\/types\/page"}],"author":[{"embeddable":true,"href":"https:\/\/www.cidasc.sc.gov.br\/classificacao\/wp-json\/wp\/v2\/users\/1"}],"replies":[{"embeddable":true,"href":"https:\/\/www.cidasc.sc.gov.br\/classificacao\/wp-json\/wp\/v2\/comments?post=8"}],"version-history":[{"count":36,"href":"https:\/\/www.cidasc.sc.gov.br\/classificacao\/wp-json\/wp\/v2\/pages\/8\/revisions"}],"predecessor-version":[{"id":670,"href":"https:\/\/www.cidasc.sc.gov.br\/classificacao\/wp-json\/wp\/v2\/pages\/8\/revisions\/670"}],"wp:attachment":[{"href":"https:\/\/www.cidasc.sc.gov.br\/classificacao\/wp-json\/wp\/v2\/media?parent=8"}],"curies":[{"name":"wp","href":"https:\/\/api.w.org\/{rel}","templated":true}]}}